51.39.234.179 - - [02/Aug/2026:01:31:49 +0300] "GET /robots.txt HTTP/2.0" 301 162 "https://bosmartrans.com/" "Mozilla/5.0 (Macintosh; Intel Mac OS X 10_15_7) AppleWebKit/605.1.15 (KHTML, like Gecko) Version/16.0 Safari/605.1.15"
57.141.0.22 - - [02/Aug/2026:01:31:49 +0300] "GET /ultimata-casinos-online-2025-topplista-innan-svenska-spelare/ HTTP/2.0" 200 4759 "-" "Mozilla/5.0 (Windows NT 10.0; Win64; x64) AppleWebKit/537.36 (KHTML, like Gecko) Chrome/145.0.0.0 Safari/537.36 (compatible; meta-externalagent/1.1 (+https://developers.facebook.com/docs/sharing/webmasters/crawler))"
57.141.0.66 - - [02/Aug/2026:01:31:51 +0300] "GET /better-casinos-on-the-internet-australian-continent-2025-best-real-money-gambling-establishment-websites-for-aussie-players-paying-information/ HTTP/2.0" 200 4759 "-" "Mozilla/5.0 (Windows NT 10.0; Win64; x64) AppleWebKit/537.36 (KHTML, like Gecko) Chrome/145.0.0.0 Safari/537.36 (compatible; meta-externalagent/1.1 (+https://developers.facebook.com/docs/sharing/webmasters/crawler))"
51.39.234.179 - - [02/Aug/2026:01:31:51 +0300] "GET /robots.txt HTTP/2.0" 200 85 "https://bosmartrans.com/" "Mozilla/5.0 (Macintosh; Intel Mac OS X 10_15_7) AppleWebKit/605.1.15 (KHTML, like Gecko) Version/16.0 Safari/605.1.15"
114.119.146.229 - - [02/Aug/2026:01:31:53 +0300] "GET /orientxpress-casino-review-samba-brazil-pokie-private-no-deposit-31-100-percent-free-revolves/ HTTP/1.1" 200 4772 "https://www.egekobi.com/orientxpress-casino-review-samba-brazil-pokie-private-no-deposit-31-100-percent-free-revolves/" "Mozilla/5.0 (Linux; Android 7.0;) AppleWebKit/537.36 (HTML, like Gecko) Mobile Safari/537.36 (compatible; PetalBot;+https://webmaster.petalsearch.com/site/petalbot)"
57.141.0.61 - - [02/Aug/2026:01:31:56 +0300] "GET /book-of-ranura-sea-of-tranquility-dead-slot-sobre-playn-go-guia-asi-como-sus-particulares-en-castellano-2026/ HTTP/2.0" 200 4759 "-" "Mozilla/5.0 (Macintosh; Intel Mac OS X 10_15_7) AppleWebKit/537.36 (KHTML, like Gecko) Chrome/145.0.0.0 Safari/537.36 (compatible; meta-externalagent/1.1 (+https://developers.facebook.com/docs/sharing/webmasters/crawler))"
85.208.96.196 - - [02/Aug/2026:01:32:09 +0300] "GET /products/amy1002096?id=435 HTTP/1.1" 404 10974 "-" "Mozilla/5.0 (compatible; SemrushBot/7~bl; +http://www.semrush.com/bot.html)"
5.39.1.240 - - [02/Aug/2026:01:32:09 +0300] "GET /robots.txt HTTP/2.0" 200 67 "-" "Mozilla/5.0 (compatible; AhrefsBot/7.0; +http://ahrefs.com/robot/)"
185.191.171.11 - - [02/Aug/2026:01:32:11 +0300] "GET /products/intratropical862392?id=725 HTTP/1.1" 404 10980 "-" "Mozilla/5.0 (compatible; SemrushBot/7~bl; +http://www.semrush.com/bot.html)"
51.75.236.159 - - [02/Aug/2026:01:32:11 +0300] "GET /alt_yapi_cozumleri HTTP/2.0" 200 8688 "-" "Mozilla/5.0 (compatible; AhrefsBot/7.0; +http://ahrefs.com/robot/)"
185.191.171.5 - - [02/Aug/2026:01:32:17 +0300] "GET /products/apoplectic594609?id=489 HTTP/1.1" 404 10978 "-" "Mozilla/5.0 (compatible; SemrushBot/7~bl; +http://www.semrush.com/bot.html)"
57.141.0.59 - - [02/Aug/2026:01:32:18 +0300] "GET /for-each-and-every-ten-gambled-to-your-slots-and-you-can-parlour-games-you-are-going-to-earn-5-tier-tokens/ HTTP/2.0" 200 4759 "-" "Mozilla/5.0 (Windows NT 10.0; Win64; x64) AppleWebKit/537.36 (KHTML, like Gecko) Chrome/145.0.0.0 Safari/537.36 (compatible; meta-externalagent/1.1 (+https://developers.facebook.com/docs/sharing/webmasters/crawler))"
57.141.0.43 - - [02/Aug/2026:01:32:21 +0300] "GET /the-rise-of-mobile-gaming-in-the-casino-industry-60/ HTTP/2.0" 200 4759 "-" "Mozilla/5.0 (Macintosh; Intel Mac OS X 10_15_7) AppleWebKit/537.36 (KHTML, like Gecko) Chrome/145.0.0.0 Safari/537.36 (compatible; meta-externalagent/1.1 (+https://developers.facebook.com/docs/sharing/webmasters/crawler))"
85.208.96.205 - - [02/Aug/2026:01:32:22 +0300] "GET /products/bubonidae1445655?id=35 HTTP/1.1" 404 10979 "-" "Mozilla/5.0 (compatible; SemrushBot/7~bl; +http://www.semrush.com/bot.html)"
57.141.0.17 - - [02/Aug/2026:01:32:30 +0300] "GET /nachfolgende-herr-wette-bei-70-kostenlose-spins-besten-angeschlossen-casinos-unter-einsatz-von-echtgeld-inside-der-schweizerische-eidgenossenschaft-2026/ HTTP/2.0" 200 4759 "-" "Mozilla/5.0 (Macintosh; Intel Mac OS X 10_15_7) AppleWebKit/537.36 (KHTML, like Gecko) Chrome/145.0.0.0 Safari/537.36 (compatible; meta-externalagent/1.1 (+https://developers.facebook.com/docs/sharing/webmasters/crawler))"
185.191.171.16 - - [02/Aug/2026:01:32:32 +0300] "GET /download-free-casino-50-free-spins-no-deposit-pokies-video-game-to-possess-desktop/ HTTP/1.1" 200 4772 "-" "Mozilla/5.0 (compatible; SemrushBot/7~bl; +http://www.semrush.com/bot.html)"
57.141.0.66 - - [02/Aug/2026:01:32:36 +0300] "GET /listado-de-casinos-en-internet-que-usan-bonos-de-500-giros-sin-cargo-en-portugal-junio-2023/ HTTP/2.0" 200 4759 "-" "Mozilla/5.0 (Windows NT 10.0; Win64; x64) AppleWebKit/537.36 (KHTML, like Gecko) Chrome/145.0.0.0 Safari/537.36 (compatible; meta-externalagent/1.1 (+https://developers.facebook.com/docs/sharing/webmasters/crawler))"
185.191.171.13 - - [02/Aug/2026:01:32:37 +0300] "GET /maklercourtage-rtp-check-2026-4/ HTTP/1.1" 200 4772 "-" "Mozilla/5.0 (compatible; SemrushBot/7~bl; +http://www.semrush.com/bot.html)"
85.208.96.193 - - [02/Aug/2026:01:32:53 +0300] "GET /products/buckstone553355?id=445 HTTP/1.1" 404 10977 "-" "Mozilla/5.0 (compatible; SemrushBot/7~bl; +http://www.semrush.com/bot.html)"
85.208.96.210 - - [02/Aug/2026:01:32:57 +0300] "GET /spelejiet-labakos-spelu-automatus-un-bonusus-tiessaiste/ HTTP/1.1" 200 4772 "-" "Mozilla/5.0 (compatible; SemrushBot/7~bl; +http://www.semrush.com/bot.html)"
85.208.96.201 - - [02/Aug/2026:01:32:59 +0300] "GET /offlin-gokkasten-optreden-noppes-ofwe-over-in-bankbiljet/ HTTP/1.1" 200 4772 "-" "Mozilla/5.0 (compatible; SemrushBot/7~bl; +http://www.semrush.com/bot.html)"
185.191.171.9 - - [02/Aug/2026:01:33:02 +0300] "GET /blog/page/3503/ HTTP/1.1" 200 4772 "-" "Mozilla/5.0 (compatible; SemrushBot/7~bl; +http://www.semrush.com/bot.html)"
85.208.96.196 - - [02/Aug/2026:01:33:03 +0300] "GET /products/doorpost7295?id=717 HTTP/1.1" 404 10975 "-" "Mozilla/5.0 (compatible; SemrushBot/7~bl; +http://www.semrush.com/bot.html)"
45.227.253.15 - - [02/Aug/2026:01:33:03 +0300] "GET /index.php/jk HTTP/1.1" 404 118 "-" "Mozilla/5.0 (Windows NT 6.1; WOW64; rv:71.0) Gecko/20100101 Firefox/71.0"
57.141.0.47 - - [02/Aug/2026:01:33:06 +0300] "GET /eye-of-horus-den-top-slot-bei-keramiken-isoftbet-spiele-online-gratis-zum-besten-geben/ HTTP/2.0" 200 4759 "-" "Mozilla/5.0 (Windows NT 10.0; Win64; x64) AppleWebKit/537.36 (KHTML, like Gecko) Chrome/145.0.0.0 Safari/537.36 (compatible; meta-externalagent/1.1 (+https://developers.facebook.com/docs/sharing/webmasters/crawler))"
185.191.171.1 - - [02/Aug/2026:01:33:09 +0300] "GET /products/exsanguinity59136?id=446 HTTP/1.1" 404 10977 "-" "Mozilla/5.0 (compatible; SemrushBot/7~bl; +http://www.semrush.com/bot.html)"
185.191.171.9 - - [02/Aug/2026:01:33:11 +0300] "GET /products/immatriculate446419?id=642 HTTP/1.1" 404 10979 "-" "Mozilla/5.0 (compatible; SemrushBot/7~bl; +http://www.semrush.com/bot.html)"
135.119.63.61 - - [02/Aug/2026:01:33:15 +0300] "GET /--wp-lgj.php HTTP/1.1" 404 3299 "-" "Mozilla/5.0 (Windows NT 10.0; Win64; x64) AppleWebKit/537.36 (KHTML, like Gecko) Chrome/120.0.0.0 Safari/537.36"
135.119.63.61 - - [02/Aug/2026:01:33:15 +0300] "GET /.tmb/admin.php HTTP/1.1" 404 3299 "-" "Mozilla/5.0 (Windows NT 10.0; Win64; x64) AppleWebKit/537.36 (KHTML, like Gecko) Chrome/120.0.0.0 Safari/537.36"
135.119.63.61 - - [02/Aug/2026:01:33:15 +0300] "GET /.tmb/la.php HTTP/1.1" 404 3299 "-" "Mozilla/5.0 (Windows NT 10.0; Win64; x64) AppleWebKit/537.36 (KHTML, like Gecko) Chrome/120.0.0.0 Safari/537.36"
135.119.63.61 - - [02/Aug/2026:01:33:16 +0300] "GET /.tmb/wp-login.php HTTP/1.1" 404 3299 "-" "Mozilla/5.0 (Windows NT 10.0; Win64; x64) AppleWebKit/537.36 (KHTML, like Gecko) Chrome/120.0.0.0 Safari/537.36"
135.119.63.61 - - [02/Aug/2026:01:33:16 +0300] "GET /.well-known/.well-known/ HTTP/1.1" 404 3299 "-" "Mozilla/5.0 (Windows NT 10.0; Win64; x64) AppleWebKit/537.36 (KHTML, like Gecko) Chrome/120.0.0.0 Safari/537.36"
135.119.63.61 - - [02/Aug/2026:01:33:16 +0300] "GET /.well-known//.well-known/owlmailer.php HTTP/1.1" 404 3299 "-" "Mozilla/5.0 (Windows NT 10.0; Win64; x64) AppleWebKit/537.36 (KHTML, like Gecko) Chrome/120.0.0.0 Safari/537.36"
135.119.63.61 - - [02/Aug/2026:01:33:16 +0300] "GET /.well-known/991176.php HTTP/1.1" 404 3299 "-" "Mozilla/5.0 (Windows NT 10.0; Win64; x64) AppleWebKit/537.36 (KHTML, like Gecko) Chrome/120.0.0.0 Safari/537.36"
135.119.63.61 - - [02/Aug/2026:01:33:16 +0300] "GET /.well-known/about.php HTTP/1.1" 404 3299 "-" "Mozilla/5.0 (Windows NT 10.0; Win64; x64) AppleWebKit/537.36 (KHTML, like Gecko) Chrome/120.0.0.0 Safari/537.36"
135.119.63.61 - - [02/Aug/2026:01:33:16 +0300] "GET /.well-known/acme-challenge/content.php HTTP/1.1" 404 3299 "-" "Mozilla/5.0 (Windows NT 10.0; Win64; x64) AppleWebKit/537.36 (KHTML, like Gecko) Chrome/120.0.0.0 Safari/537.36"
135.119.63.61 - - [02/Aug/2026:01:33:16 +0300] "GET /.well-known/acme-challenge/file HTTP/1.1" 404 3299 "-" "Mozilla/5.0 (Windows NT 10.0; Win64; x64) AppleWebKit/537.36 (KHTML, like Gecko) Chrome/120.0.0.0 Safari/537.36"
135.119.63.61 - - [02/Aug/2026:01:33:17 +0300] "GET /.well-known/caches.php HTTP/1.1" 404 3299 "-" "Mozilla/5.0 (Windows NT 10.0; Win64; x64) AppleWebKit/537.36 (KHTML, like Gecko) Chrome/120.0.0.0 Safari/537.36"
114.119.152.12 - - [02/Aug/2026:01:33:17 +0300] "GET /orientxpress-casino-erfahrungen-2026-casino-ist-auf-der-schwarzen-liste/ HTTP/1.1" 200 4772 "https://www.egekobi.com/orientxpress-casino-erfahrungen-2026-casino-ist-auf-der-schwarzen-liste/" "Mozilla/5.0 (Linux; Android 7.0;) AppleWebKit/537.36 (HTML, like Gecko) Mobile Safari/537.36 (compatible; PetalBot;+https://webmaster.petalsearch.com/site/petalbot)"
135.119.63.61 - - [02/Aug/2026:01:33:17 +0300] "GET /.well-known/elp.php HTTP/1.1" 404 3299 "-" "Mozilla/5.0 (Windows NT 10.0; Win64; x64) AppleWebKit/537.36 (KHTML, like Gecko) Chrome/120.0.0.0 Safari/537.36"
135.119.63.61 - - [02/Aug/2026:01:33:17 +0300] "GET /.well-known/min.php HTTP/1.1" 404 3299 "-" "Mozilla/5.0 (Windows NT 10.0; Win64; x64) AppleWebKit/537.36 (KHTML, like Gecko) Chrome/120.0.0.0 Safari/537.36"
135.119.63.61 - - [02/Aug/2026:01:33:17 +0300] "GET /.well-known/pki-validation/classwithtostring.php HTTP/1.1" 404 3299 "-" "Mozilla/5.0 (Windows NT 10.0; Win64; x64) AppleWebKit/537.36 (KHTML, like Gecko) Chrome/120.0.0.0 Safari/537.36"
135.119.63.61 - - [02/Aug/2026:01:33:17 +0300] "GET /.well-known/pki-validation/mariju.php HTTP/1.1" 404 3299 "-" "Mozilla/5.0 (Windows NT 10.0; Win64; x64) AppleWebKit/537.36 (KHTML, like Gecko) Chrome/120.0.0.0 Safari/537.36"
135.119.63.61 - - [02/Aug/2026:01:33:17 +0300] "GET /.well-known/pki-validation/min.php HTTP/1.1" 404 3299 "-" "Mozilla/5.0 (Windows NT 10.0; Win64; x64) AppleWebKit/537.36 (KHTML, like Gecko) Chrome/120.0.0.0 Safari/537.36"
135.119.63.61 - - [02/Aug/2026:01:33:17 +0300] "GET /2014/02/mt_srand.php HTTP/1.1" 404 3299 "-" "Mozilla/5.0 (Windows NT 10.0; Win64; x64) AppleWebKit/537.36 (KHTML, like Gecko) Chrome/120.0.0.0 Safari/537.36"
135.119.63.61 - - [02/Aug/2026:01:33:18 +0300] "GET /_podt.php HTTP/1.1" 404 3299 "-" "Mozilla/5.0 (Windows NT 10.0; Win64; x64) AppleWebKit/537.36 (KHTML, like Gecko) Chrome/120.0.0.0 Safari/537.36"
135.119.63.61 - - [02/Aug/2026:01:33:18 +0300] "GET /aaa.php HTTP/1.1" 404 3299 "-" "Mozilla/5.0 (Windows NT 10.0; Win64; x64) AppleWebKit/537.36 (KHTML, like Gecko) Chrome/120.0.0.0 Safari/537.36"
135.119.63.61 - - [02/Aug/2026:01:33:18 +0300] "GET /aahana/json.php HTTP/1.1" 404 3299 "-" "Mozilla/5.0 (Windows NT 10.0; Win64; x64) AppleWebKit/537.36 (KHTML, like Gecko) Chrome/120.0.0.0 Safari/537.36"
135.119.63.61 - - [02/Aug/2026:01:33:18 +0300] "GET /abcd.php HTTP/1.1" 404 3299 "-" "Mozilla/5.0 (Windows NT 10.0; Win64; x64) AppleWebKit/537.36 (KHTML, like Gecko) Chrome/120.0.0.0 Safari/537.36"
135.119.63.61 - - [02/Aug/2026:01:33:18 +0300] "GET /about.php HTTP/1.1" 404 3299 "-" "Mozilla/5.0 (Windows NT 10.0; Win64; x64) AppleWebKit/537.36 (KHTML, like Gecko) Chrome/120.0.0.0 Safari/537.36"
135.119.63.61 - - [02/Aug/2026:01:33:18 +0300] "GET /admin.php HTTP/1.1" 404 3299 "-" "Mozilla/5.0 (Windows NT 10.0; Win64; x64) AppleWebKit/537.36 (KHTML, like Gecko) Chrome/120.0.0.0 Safari/537.36"
135.119.63.61 - - [02/Aug/2026:01:33:18 +0300] "GET /admin/fckeditor/editor/filemanager/ HTTP/1.1" 404 3299 "-" "Mozilla/5.0 (Windows NT 10.0; Win64; x64) AppleWebKit/537.36 (KHTML, like Gecko) Chrome/120.0.0.0 Safari/537.36"
162.19.240.222 - - [02/Aug/2026:01:33:19 +0300] "GET /wp-content/plugins/wp_scraper/main.php HTTP/2.0" 404 548 "-" "Mozilla/5.0 (Macintosh; Intel Mac OS X 10_15_7) AppleWebKit/537.36 (KHTML, like Gecko) Chrome/120.0.0.0 Safari/537.36"
135.119.63.61 - - [02/Aug/2026:01:33:19 +0300] "GET /admin/uploads/images/ HTTP/1.1" 404 3299 "-" "Mozilla/5.0 (Windows NT 10.0; Win64; x64) AppleWebKit/537.36 (KHTML, like Gecko) Chrome/120.0.0.0 Safari/537.36"
162.19.240.222 - - [02/Aug/2026:01:33:19 +0300] "GET /plugins/editors/jce/jce.xml HTTP/2.0" 301 273 "-" "Mozilla/5.0 (Windows NT 10.0; Win64; x64) AppleWebKit/537.36 (KHTML, like Gecko) Chrome/119.0.0.0 Safari/537.36 Edg/119.0.0.0"
162.19.240.222 - - [02/Aug/2026:01:33:19 +0300] "GET /wp-content/plugins/loginpress-pro/readme.txt HTTP/2.0" 301 273 "-" "Mozilla/5.0 (X11; Linux x86_64) AppleWebKit/537.36 (KHTML, like Gecko) Chrome/120.0.0.0 Safari/537.36"
162.19.240.222 - - [02/Aug/2026:01:33:19 +0300] "GET /wp-content/plugins/sms-alert/readme.txt HTTP/2.0" 301 273 "-" "Mozilla/5.0 (Macintosh; Intel Mac OS X 10_15_7) AppleWebKit/537.36 (KHTML, like Gecko) Chrome/120.0.0.0 Safari/537.36"
162.19.240.222 - - [02/Aug/2026:01:33:19 +0300] "GET /index.php?option=com_sppagebuilder&task=asset.loadCustomIcons HTTP/2.0" 301 273 "-" "Mozilla/5.0 (Macintosh; Intel Mac OS X 10_15_7) AppleWebKit/537.36 (KHTML, like Gecko) Chrome/120.0.0.0 Safari/537.36"
135.119.63.61 - - [02/Aug/2026:01:33:19 +0300] "GET /ahax.php HTTP/1.1" 404 3299 "-" "Mozilla/5.0 (Windows NT 10.0; Win64; x64) AppleWebKit/537.36 (KHTML, like Gecko) Chrome/120.0.0.0 Safari/537.36"
162.19.240.222 - - [02/Aug/2026:01:33:19 +0300] "POST /wp-admin/admin-ajax.php HTTP/2.0" 500 455 "-" "Mozilla/5.0 (X11; Linux x86_64) AppleWebKit/537.36 (KHTML, like Gecko) Chrome/120.0.0.0 Safari/537.36"
162.19.240.222 - - [02/Aug/2026:01:33:19 +0300] "GET /wp-json/ HTTP/2.0" 200 13018 "-" "Mozilla/5.0 (Macintosh; Intel Mac OS X 10_15_7) AppleWebKit/537.36 (KHTML, like Gecko) Chrome/120.0.0.0 Safari/537.36"
135.119.63.61 - - [02/Aug/2026:01:33:19 +0300] "GET /alera/alpha.php HTTP/1.1" 404 3299 "-" "Mozilla/5.0 (Windows NT 10.0; Win64; x64) AppleWebKit/537.36 (KHTML, like Gecko) Chrome/120.0.0.0 Safari/537.36"
135.119.63.61 - - [02/Aug/2026:01:33:19 +0300] "GET /alfa-rex.php HTTP/1.1" 404 3299 "-" "Mozilla/5.0 (Windows NT 10.0; Win64; x64) AppleWebKit/537.36 (KHTML, like Gecko) Chrome/120.0.0.0 Safari/537.36"
162.19.240.222 - - [02/Aug/2026:01:33:19 +0300] "GET /plugins/editors/jce/jce.xml HTTP/2.0" 404 10962 "https://www.csarite.com/plugins/editors/jce/jce.xml" "Mozilla/5.0 (Windows NT 10.0; Win64; x64) AppleWebKit/537.36 (KHTML, like Gecko) Chrome/119.0.0.0 Safari/537.36 Edg/119.0.0.0"
162.19.240.222 - - [02/Aug/2026:01:33:19 +0300] "GET /wp-content/plugins/sms-alert/readme.txt HTTP/2.0" 404 10966 "https://www.csarite.com/wp-content/plugins/sms-alert/readme.txt" "Mozilla/5.0 (Macintosh; Intel Mac OS X 10_15_7) AppleWebKit/537.36 (KHTML, like Gecko) Chrome/120.0.0.0 Safari/537.36"
162.19.240.222 - - [02/Aug/2026:01:33:19 +0300] "GET /?rest_route=/ HTTP/2.0" 200 13018 "-" "Mozilla/5.0 (X11; Linux x86_64) AppleWebKit/537.36 (KHTML, like Gecko) Chrome/120.0.0.0 Safari/537.36"
162.19.240.222 - - [02/Aug/2026:01:33:19 +0300] "GET /?option=com_sppagebuilder&task=asset.loadCustomIcons HTTP/2.0" 200 15019 "https://www.csarite.com/index.php?option=com_sppagebuilder&task=asset.loadCustomIcons" "Mozilla/5.0 (Macintosh; Intel Mac OS X 10_15_7) AppleWebKit/537.36 (KHTML, like Gecko) Chrome/120.0.0.0 Safari/537.36"
162.19.240.222 - - [02/Aug/2026:01:33:19 +0300] "GET /wp-content/plugins/loginpress-pro/readme.txt HTTP/2.0" 404 10969 "https://www.csarite.com/wp-content/plugins/loginpress-pro/readme.txt" "Mozilla/5.0 (X11; Linux x86_64) AppleWebKit/537.36 (KHTML, like Gecko) Chrome/120.0.0.0 Safari/537.36"
135.119.63.61 - - [02/Aug/2026:01:33:19 +0300] "GET /app.php HTTP/1.1" 404 3299 "-" "Mozilla/5.0 (Windows NT 10.0; Win64; x64) AppleWebKit/537.36 (KHTML, like Gecko) Chrome/120.0.0.0 Safari/537.36"
162.19.240.222 - - [02/Aug/2026:01:33:19 +0300] "GET /feed/ HTTP/2.0" 301 273 "-" "Mozilla/5.0 (Windows NT 10.0; Win64; x64; rv:121.0) Gecko/20100101 Firefox/121.0"
135.119.63.61 - - [02/Aug/2026:01:33:19 +0300] "GET /appwp.php HTTP/1.1" 404 3299 "-" "Mozilla/5.0 (Windows NT 10.0; Win64; x64) AppleWebKit/537.36 (KHTML, like Gecko) Chrome/120.0.0.0 Safari/537.36"
162.19.240.222 - - [02/Aug/2026:01:33:19 +0300] "GET /feed/ HTTP/2.0" 200 1313 "https://www.csarite.com/feed/" "Mozilla/5.0 (Windows NT 10.0; Win64; x64; rv:121.0) Gecko/20100101 Firefox/121.0"
135.119.63.61 - - [02/Aug/2026:01:33:19 +0300] "GET /astra/inc/fm.php HTTP/1.1" 404 3299 "-" "Mozilla/5.0 (Windows NT 10.0; Win64; x64) AppleWebKit/537.36 (KHTML, like Gecko) Chrome/120.0.0.0 Safari/537.36"
135.119.63.61 - - [02/Aug/2026:01:33:19 +0300] "GET /autoload_classmap.php HTTP/1.1" 404 3299 "-" "Mozilla/5.0 (Windows NT 10.0; Win64; x64) AppleWebKit/537.36 (KHTML, like Gecko) Chrome/120.0.0.0 Safari/537.36"
135.119.63.61 - - [02/Aug/2026:01:33:20 +0300] "GET /bless.php HTTP/1.1" 404 3299 "-" "Mozilla/5.0 (Windows NT 10.0; Win64; x64) AppleWebKit/537.36 (KHTML, like Gecko) Chrome/120.0.0.0 Safari/537.36"
135.119.63.61 - - [02/Aug/2026:01:33:20 +0300] "GET /cgi-bin/about.php HTTP/1.1" 404 3299 "-" "Mozilla/5.0 (Windows NT 10.0; Win64; x64) AppleWebKit/537.36 (KHTML, like Gecko) Chrome/120.0.0.0 Safari/537.36"
85.208.96.206 - - [02/Aug/2026:01:33:20 +0300] "GET /mr-slot-dolphins-pearl-deluxe-online-green-spielsaal-erfahrungen-2026-100-100-fs/ HTTP/1.1" 200 4772 "-" "Mozilla/5.0 (compatible; SemrushBot/7~bl; +http://www.semrush.com/bot.html)"
135.119.63.61 - - [02/Aug/2026:01:33:20 +0300] "GET /cgi-binwp.php HTTP/1.1" 404 3299 "-" "Mozilla/5.0 (Windows NT 10.0; Win64; x64) AppleWebKit/537.36 (KHTML, like Gecko) Chrome/120.0.0.0 Safari/537.36"
135.119.63.61 - - [02/Aug/2026:01:33:20 +0300] "GET /class-wp-application-passwords.php HTTP/1.1" 404 3299 "-" "Mozilla/5.0 (Windows NT 10.0; Win64; x64) AppleWebKit/537.36 (KHTML, like Gecko) Chrome/120.0.0.0 Safari/537.36"
135.119.63.61 - - [02/Aug/2026:01:33:20 +0300] "GET /classwithtostring.php HTTP/1.1" 404 3299 "-" "Mozilla/5.0 (Windows NT 10.0; Win64; x64) AppleWebKit/537.36 (KHTML, like Gecko) Chrome/120.0.0.0 Safari/537.36"
135.119.63.61 - - [02/Aug/2026:01:33:20 +0300] "GET /cloud.php HTTP/1.1" 404 3299 "-" "Mozilla/5.0 (Windows NT 10.0; Win64; x64) AppleWebKit/537.36 (KHTML, like Gecko) Chrome/120.0.0.0 Safari/537.36"
135.119.63.61 - - [02/Aug/2026:01:33:21 +0300] "GET /co.php HTTP/1.1" 404 3299 "-" "Mozilla/5.0 (Windows NT 10.0; Win64; x64) AppleWebKit/537.36 (KHTML, like Gecko) Chrome/120.0.0.0 Safari/537.36"
135.119.63.61 - - [02/Aug/2026:01:33:21 +0300] "GET /codemirror/about.php HTTP/1.1" 404 3299 "-" "Mozilla/5.0 (Windows NT 10.0; Win64; x64) AppleWebKit/537.36 (KHTML, like Gecko) Chrome/120.0.0.0 Safari/537.36"
57.141.0.9 - - [02/Aug/2026:01:33:21 +0300] "GET /bitstarz-no-deposit-extra-monopoly-free-online-2026-allege-40-free-spins-today/ HTTP/2.0" 200 4759 "-" "Mozilla/5.0 (Windows NT 10.0; Win64; x64) AppleWebKit/537.36 (KHTML, like Gecko) Chrome/145.0.0.0 Safari/537.36 (compatible; meta-externalagent/1.1 (+https://developers.facebook.com/docs/sharing/webmasters/crawler))"
135.119.63.61 - - [02/Aug/2026:01:33:21 +0300] "GET /colors/blue/info.php HTTP/1.1" 404 3299 "-" "Mozilla/5.0 (Windows NT 10.0; Win64; x64) AppleWebKit/537.36 (KHTML, like Gecko) Chrome/120.0.0.0 Safari/537.36"
135.119.63.61 - - [02/Aug/2026:01:33:21 +0300] "GET /colors/coffee/shells.php HTTP/1.1" 404 3299 "-" "Mozilla/5.0 (Windows NT 10.0; Win64; x64) AppleWebKit/537.36 (KHTML, like Gecko) Chrome/120.0.0.0 Safari/537.36"
185.191.171.11 - - [02/Aug/2026:01:33:21 +0300] "GET /products/dromiceiidae793197?id=481 HTTP/1.1" 404 10979 "-" "Mozilla/5.0 (compatible; SemrushBot/7~bl; +http://www.semrush.com/bot.html)"
135.119.63.61 - - [02/Aug/2026:01:33:21 +0300] "GET /colors/midnight/priv.php HTTP/1.1" 404 3299 "-" "Mozilla/5.0 (Windows NT 10.0; Win64; x64) AppleWebKit/537.36 (KHTML, like Gecko) Chrome/120.0.0.0 Safari/537.36"
135.119.63.61 - - [02/Aug/2026:01:33:21 +0300] "GET /content.php HTTP/1.1" 404 3299 "-" "Mozilla/5.0 (Windows NT 10.0; Win64; x64) AppleWebKit/537.36 (KHTML, like Gecko) Chrome/120.0.0.0 Safari/537.36"
135.119.63.61 - - [02/Aug/2026:01:33:21 +0300] "GET /css/wp-login.php HTTP/1.1" 404 3299 "-" "Mozilla/5.0 (Windows NT 10.0; Win64; x64) AppleWebKit/537.36 (KHTML, like Gecko) Chrome/120.0.0.0 Safari/537.36"
135.119.63.61 - - [02/Aug/2026:01:33:21 +0300] "GET /dex.php HTTP/1.1" 404 3299 "-" "Mozilla/5.0 (Windows NT 10.0; Win64; x64) AppleWebKit/537.36 (KHTML, like Gecko) Chrome/120.0.0.0 Safari/537.36"
135.119.63.61 - - [02/Aug/2026:01:33:22 +0300] "GET /docsbypass.php HTTP/1.1" 404 3299 "-" "Mozilla/5.0 (Windows NT 10.0; Win64; x64) AppleWebKit/537.36 (KHTML, like Gecko) Chrome/120.0.0.0 Safari/537.36"
135.119.63.61 - - [02/Aug/2026:01:33:22 +0300] "GET /dropdown.php HTTP/1.1" 404 3299 "-" "Mozilla/5.0 (Windows NT 10.0; Win64; x64) AppleWebKit/537.36 (KHTML, like Gecko) Chrome/120.0.0.0 Safari/537.36"
135.119.63.61 - - [02/Aug/2026:01:33:22 +0300] "GET /env.php HTTP/1.1" 404 3299 "-" "Mozilla/5.0 (Windows NT 10.0; Win64; x64) AppleWebKit/537.36 (KHTML, like Gecko) Chrome/120.0.0.0 Safari/537.36"
85.208.96.203 - - [02/Aug/2026:01:33:22 +0300] "GET /a-category-magic-portals-1-deposit-info/ HTTP/1.1" 200 4772 "-" "Mozilla/5.0 (compatible; SemrushBot/7~bl; +http://www.semrush.com/bot.html)"
135.119.63.61 - - [02/Aug/2026:01:33:22 +0300] "GET /eror.php HTTP/1.1" 404 3299 "-" "Mozilla/5.0 (Windows NT 10.0; Win64; x64) AppleWebKit/537.36 (KHTML, like Gecko) Chrome/120.0.0.0 Safari/537.36"
135.119.63.61 - - [02/Aug/2026:01:33:22 +0300] "GET /file4.php HTTP/1.1" 404 3299 "-" "Mozilla/5.0 (Windows NT 10.0; Win64; x64) AppleWebKit/537.36 (KHTML, like Gecko) Chrome/120.0.0.0 Safari/537.36"
135.119.63.61 - - [02/Aug/2026:01:33:22 +0300] "GET /fm.php HTTP/1.1" 404 3299 "-" "Mozilla/5.0 (Windows NT 10.0; Win64; x64) AppleWebKit/537.36 (KHTML, like Gecko) Chrome/120.0.0.0 Safari/537.36"
135.119.63.61 - - [02/Aug/2026:01:33:22 +0300] "GET /form.php HTTP/1.1" 404 3299 "-" "Mozilla/5.0 (Windows NT 10.0; Win64; x64) AppleWebKit/537.36 (KHTML, like Gecko) Chrome/120.0.0.0 Safari/537.36"
85.208.96.199 - - [02/Aug/2026:01:33:23 +0300] "GET /products/germproof204015?id=748 HTTP/1.1" 404 10977 "-" "Mozilla/5.0 (compatible; SemrushBot/7~bl; +http://www.semrush.com/bot.html)"
185.191.171.3 - - [02/Aug/2026:01:33:26 +0300] "GET /products/eulamellibranchia1085071?id=604 HTTP/1.1" 404 10984 "-" "Mozilla/5.0 (compatible; SemrushBot/7~bl; +http://www.semrush.com/bot.html)"
57.141.0.29 - - [02/Aug/2026:01:33:36 +0300] "GET /n1-local-casino-features-a-a-hundred-to-a-thousand-as-free-no-deposit-bonus-uk-casino-well-as-150-100-percent-free-revolves-subscribe-added-bonus/ HTTP/2.0" 200 4759 "-" "Mozilla/5.0 (Macintosh; Intel Mac OS X 10_15_7) AppleWebKit/537.36 (KHTML, like Gecko) Chrome/145.0.0.0 Safari/537.36 (compatible; meta-externalagent/1.1 (+https://developers.facebook.com/docs/sharing/webmasters/crawler))"
185.191.171.12 - - [02/Aug/2026:01:33:39 +0300] "GET /products/fat230033?id=75 HTTP/1.1" 404 10973 "-" "Mozilla/5.0 (compatible; SemrushBot/7~bl; +http://www.semrush.com/bot.html)"
20.100.169.152 - - [02/Aug/2026:01:33:43 +0300] "GET /wp-content/plugins/hellopress/wp_filemanager.php HTTP/1.1" 301 162 "-" "-"
185.191.171.9 - - [02/Aug/2026:01:33:56 +0300] "GET /products/bitterishness1092172?id=502 HTTP/1.1" 404 10981 "-" "Mozilla/5.0 (compatible; SemrushBot/7~bl; +http://www.semrush.com/bot.html)"
185.191.171.9 - - [02/Aug/2026:01:34:07 +0300] "GET /products/hurlbarrow1246346?id=319 HTTP/1.1" 404 10977 "-" "Mozilla/5.0 (compatible; SemrushBot/7~bl; +http://www.semrush.com/bot.html)"
57.141.0.51 - - [02/Aug/2026:01:34:11 +0300] "GET /bing-software-online-casino-21-dukes-no-deposit-gamble/ HTTP/2.0" 200 4759 "-" "Mozilla/5.0 (Windows NT 10.0; Win64; x64) AppleWebKit/537.36 (KHTML, like Gecko) Chrome/145.0.0.0 Safari/537.36 (compatible; meta-externalagent/1.1 (+https://developers.facebook.com/docs/sharing/webmasters/crawler))"
85.208.96.207 - - [02/Aug/2026:01:34:15 +0300] "GET /lapero-sauront-eux-memes-empocher-pour-largent-marilyn-monroe-casino-en-abusant-aux-differents-distractions/ HTTP/1.1" 200 4772 "-" "Mozilla/5.0 (compatible; SemrushBot/7~bl; +http://www.semrush.com/bot.html)"
185.191.171.11 - - [02/Aug/2026:01:34:28 +0300] "GET /products/animater684254?id=193 HTTP/1.1" 404 10974 "-" "Mozilla/5.0 (compatible; SemrushBot/7~bl; +http://www.semrush.com/bot.html)"
185.191.171.12 - - [02/Aug/2026:01:34:43 +0300] "GET /products/arthrozoic303995?id=349 HTTP/1.1" 404 10979 "-" "Mozilla/5.0 (compatible; SemrushBot/7~bl; +http://www.semrush.com/bot.html)"
185.93.89.147 - - [02/Aug/2026:01:34:44 +0300] "GET / HTTP/1.1" 301 162 "-" "Mozilla/5.0 (compatible; jscrawler/0.1; +https://github.com/)"
57.141.0.17 - - [02/Aug/2026:01:34:45 +0300] "GET /uitgelezene-paysafecard-casinos-2025-offlin-lender-internet-sites-inside-paysafecard-i-lay-you-in-the-command/ HTTP/2.0" 200 4759 "-" "Mozilla/5.0 (Windows NT 10.0; Win64; x64) AppleWebKit/537.36 (KHTML, like Gecko) Chrome/145.0.0.0 Safari/537.36 (compatible; meta-externalagent/1.1 (+https://developers.facebook.com/docs/sharing/webmasters/crawler))"
57.141.0.24 - - [02/Aug/2026:01:34:50 +0300] "GET /titanic-slot-opinion-2026-play-100-percent-pharaohs-fortune-free-spins-150-free-demonstration/ HTTP/2.0" 200 4759 "-" "Mozilla/5.0 (Macintosh; Intel Mac OS X 10_15_7) AppleWebKit/537.36 (KHTML, like Gecko) Chrome/145.0.0.0 Safari/537.36 (compatible; meta-externalagent/1.1 (+https://developers.facebook.com/docs/sharing/webmasters/crawler))"
47.86.33.52 - - [02/Aug/2026:01:34:56 +0300] "GET /wp-login.php HTTP/2.0" 200 2643 "-" "Mozilla/5.0 (Windows NT 10.0; Win64; x64) AppleWebKit/537.36 (KHTML, like Gecko) Chrome/150.0.0.0 Safari/537.36"
191.99.59.204 - - [02/Aug/2026:01:34:56 +0300] "GET / HTTP/1.1" 301 162 "-" "Mozilla/5.0 (Windows NT 10.0; Win64; x64) AppleWebKit/537.36 (KHTML, like Gecko) Chrome/120.0.0.0 Safari/537.36"
47.86.33.52 - - [02/Aug/2026:01:34:57 +0300] "POST /wp-login.php HTTP/2.0" 200 2728 "https://softech.com.tr/wp-login.php" "Mozilla/5.0 (Windows NT 10.0; Win64; x64) AppleWebKit/537.36 (KHTML, like Gecko) Chrome/150.0.0.0 Safari/537.36"
57.141.0.43 - - [02/Aug/2026:01:35:04 +0300] "GET /migliori-casino-online-classifiche-vivere-book-of-ra-roulette-online-in-india-a-ordine/ HTTP/2.0" 200 4759 "-" "Mozilla/5.0 (Windows NT 10.0; Win64; x64) AppleWebKit/537.36 (KHTML, like Gecko) Chrome/145.0.0.0 Safari/537.36 (compatible; meta-externalagent/1.1 (+https://developers.facebook.com/docs/sharing/webmasters/crawler))"
190.161.119.19 - - [02/Aug/2026:01:35:06 +0300] "GET / HTTP/1.1" 301 162 "-" "Mozilla/5.0 (Windows NT 10.0; Win64; x64) AppleWebKit/537.36 (KHTML, like Gecko) Chrome/120.0.0.0 Safari/537.36"
46.36.123.55 - - [02/Aug/2026:01:35:08 +0300] "GET / HTTP/1.1" 200 30156 "-" "Mozilla/5.0 (Windows NT 10.0; Win64; x64) AppleWebKit/537.36 (KHTML, like Gecko) Chrome/120.0.0.0 Safari/537.36"
57.141.0.20 - - [02/Aug/2026:01:35:10 +0300] "GET /darmowe-gry-hazardowe-automaty-hot-spot-rozrywki-hot-spot-77777-darmowo/ HTTP/2.0" 200 4759 "-" "Mozilla/5.0 (Windows NT 10.0; Win64; x64) AppleWebKit/537.36 (KHTML, like Gecko) Chrome/145.0.0.0 Safari/537.36 (compatible; meta-externalagent/1.1 (+https://developers.facebook.com/docs/sharing/webmasters/crawler))"
185.191.171.11 - - [02/Aug/2026:01:35:14 +0300] "GET /category/faaliyetlerimiz/page/5749/ HTTP/1.1" 200 4772 "-" "Mozilla/5.0 (compatible; SemrushBot/7~bl; +http://www.semrush.com/bot.html)"
85.208.96.205 - - [02/Aug/2026:01:35:18 +0300] "GET /products/keratitis747744?id=213 HTTP/1.1" 404 10977 "-" "Mozilla/5.0 (compatible; SemrushBot/7~bl; +http://www.semrush.com/bot.html)"
185.191.171.1 - - [02/Aug/2026:01:35:29 +0300] "GET /%D0%BE%D1%84%D0%B8%D1%86%D0%B8%D0%B0%D0%BB%D1%8C%D0%BD%D0%BE%D0%B5-%D0%BC%D0%BE%D0%B1%D0%B8%D0%BB%D1%8C%D0%BD%D0%BE%D0%B5-%D0%BF%D1%80%D0%B8%D0%BB%D0%BE%D0%B6%D0%B5%D0%BD%D0%B8%D0%B5-melbet-kz-%D0%B4/ HTTP/1.1" 200 4772 "-" "Mozilla/5.0 (compatible; SemrushBot/7~bl; +http://www.semrush.com/bot.html)"
85.208.96.204 - - [02/Aug/2026:01:35:31 +0300] "GET /products/gamma806419?id=864 HTTP/1.1" 404 10974 "-" "Mozilla/5.0 (compatible; SemrushBot/7~bl; +http://www.semrush.com/bot.html)"
85.208.96.211 - - [02/Aug/2026:01:35:32 +0300] "GET /pro-e-sopra-dei-bonus-privato-di-fitto-anche-difformita-col-gratifica-commiato-privato-di-base/ HTTP/1.1" 200 4772 "-" "Mozilla/5.0 (compatible; SemrushBot/7~bl; +http://www.semrush.com/bot.html)"
185.191.171.13 - - [02/Aug/2026:01:35:34 +0300] "GET /products/crowner1428155?id=28 HTTP/1.1" 404 10976 "-" "Mozilla/5.0 (compatible; SemrushBot/7~bl; +http://www.semrush.com/bot.html)"
185.191.171.13 - - [02/Aug/2026:01:35:35 +0300] "GET /betmgm-missouri-extra-code-shnews1600-how-to-optimize-which-1600-mo-wagering-discount/ HTTP/1.1" 200 4772 "-" "Mozilla/5.0 (compatible; SemrushBot/7~bl; +http://www.semrush.com/bot.html)"
85.208.96.196 - - [02/Aug/2026:01:35:36 +0300] "GET /products/lithontriptor1364135?id=256 HTTP/1.1" 404 10980 "-" "Mozilla/5.0 (compatible; SemrushBot/7~bl; +http://www.semrush.com/bot.html)"
185.191.171.13 - - [02/Aug/2026:01:35:45 +0300] "GET /aprovecha-al-maximum-hacen-de-sesiones-de-juego-online-utilizando-bono-de-malina-casino/ HTTP/1.1" 200 4772 "-" "Mozilla/5.0 (compatible; SemrushBot/7~bl; +http://www.semrush.com/bot.html)"
57.141.0.9 - - [02/Aug/2026:01:35:45 +0300] "GET /chcialbys-nauczyc-sie-slot-rozszerzen-te-oferte-podobne-wlasciwosci/ HTTP/2.0" 200 4759 "-" "Mozilla/5.0 (Macintosh; Intel Mac OS X 10_15_7) AppleWebKit/537.36 (KHTML, like Gecko) Chrome/145.0.0.0 Safari/537.36 (compatible; meta-externalagent/1.1 (+https://developers.facebook.com/docs/sharing/webmasters/crawler))"
57.141.0.63 - - [02/Aug/2026:01:35:59 +0300] "GET /eye-of-horus-kostenlos-auffuhren-kundgebung-nutzliche-quelle-slot-erreichbar-2026-2/ HTTP/2.0" 200 4759 "-" "Mozilla/5.0 (Windows NT 10.0; Win64; x64) AppleWebKit/537.36 (KHTML, like Gecko) Chrome/145.0.0.0 Safari/537.36 (compatible; meta-externalagent/1.1 (+https://developers.facebook.com/docs/sharing/webmasters/crawler))"
57.141.0.15 - - [02/Aug/2026:01:36:00 +0300] "GET /betmgm-gambling-establishment-added-bonus-password-unleashes-an-excellent-100-deposit-match-25-on-the-house/ HTTP/2.0" 200 4759 "-" "Mozilla/5.0 (Windows NT 10.0; Win64; x64) AppleWebKit/537.36 (KHTML, like Gecko) Chrome/145.0.0.0 Safari/537.36 (compatible; meta-externalagent/1.1 (+https://developers.facebook.com/docs/sharing/webmasters/crawler))"
185.191.171.19 - - [02/Aug/2026:01:36:05 +0300] "GET /products/hibernacle1278237?id=803 HTTP/1.1" 404 10979 "-" "Mozilla/5.0 (compatible; SemrushBot/7~bl; +http://www.semrush.com/bot.html)"
57.141.0.46 - - [02/Aug/2026:01:36:11 +0300] "GET /l888-casino-premio-di-20-euro-viene-adatto-indi-la-catalogazione-sul-messo-ufficile/ HTTP/2.0" 200 4759 "-" "Mozilla/5.0 (Windows NT 10.0; Win64; x64) AppleWebKit/537.36 (KHTML, like Gecko) Chrome/145.0.0.0 Safari/537.36 (compatible; meta-externalagent/1.1 (+https://developers.facebook.com/docs/sharing/webmasters/crawler))"
57.141.0.64 - - [02/Aug/2026:01:36:13 +0300] "GET /the-heart-of-ones-casino-goblins-cave-websites/ HTTP/2.0" 200 4759 "-" "Mozilla/5.0 (Macintosh; Intel Mac OS X 10_15_7) AppleWebKit/537.36 (KHTML, like Gecko) Chrome/145.0.0.0 Safari/537.36 (compatible; meta-externalagent/1.1 (+https://developers.facebook.com/docs/sharing/webmasters/crawler))"
57.141.0.13 - - [02/Aug/2026:01:36:14 +0300] "GET /a-kak-poverit-svidetelstvo-1xbet-i-ayushki-sie-daet-igroku/ HTTP/2.0" 200 4759 "-" "Mozilla/5.0 (Windows NT 10.0; Win64; x64) AppleWebKit/537.36 (KHTML, like Gecko) Chrome/145.0.0.0 Safari/537.36 (compatible; meta-externalagent/1.1 (+https://developers.facebook.com/docs/sharing/webmasters/crawler))"
185.191.171.14 - - [02/Aug/2026:01:36:20 +0300] "GET /products/bushment1302088?id=409 HTTP/1.1" 404 10977 "-" "Mozilla/5.0 (compatible; SemrushBot/7~bl; +http://www.semrush.com/bot.html)"
85.208.96.193 - - [02/Aug/2026:01:36:22 +0300] "GET /products/harehearted225813?id=713 HTTP/1.1" 404 10979 "-" "Mozilla/5.0 (compatible; SemrushBot/7~bl; +http://www.semrush.com/bot.html)"
57.141.0.21 - - [02/Aug/2026:01:36:23 +0300] "GET /online-casinos-best-play-treasures-of-egypt-genuine-money-gambling-establishment-web-sites-inside-the-february-2026/ HTTP/2.0" 200 4759 "-" "Mozilla/5.0 (Windows NT 10.0; Win64; x64) AppleWebKit/537.36 (KHTML, like Gecko) Chrome/145.0.0.0 Safari/537.36 (compatible; meta-externalagent/1.1 (+https://developers.facebook.com/docs/sharing/webmasters/crawler))"
85.208.96.209 - - [02/Aug/2026:01:36:29 +0300] "GET /0u8yk/panorama-app-android.html HTTP/1.1" 404 10984 "-" "Mozilla/5.0 (compatible; SemrushBot/7~bl; +http://www.semrush.com/bot.html)"
114.119.155.185 - - [02/Aug/2026:01:36:29 +0300] "GET /opting-for-where-you-should-deposit-requires-a-balanced-consider-what-these-types-of-networks-render-2/ HTTP/1.1" 200 4772 "https://www.egekobi.com/opting-for-where-you-should-deposit-requires-a-balanced-consider-what-these-types-of-networks-render-2/" "Mozilla/5.0 (Linux; Android 7.0;) AppleWebKit/537.36 (HTML, like Gecko) Mobile Safari/537.36 (compatible; PetalBot;+https://webmaster.petalsearch.com/site/petalbot)"
20.104.16.169 - - [02/Aug/2026:01:36:29 +0300] "GET /wp-content/plugins/admin.php HTTP/1.1" 301 162 "-" "Mozilla/5.0 (Windows NT 10.0; Win64; x64) AppleWebKit/537.36 (KHTML, like Gecko) Chrome/120.0.0.0 Safari/537.36"
20.104.16.169 - - [02/Aug/2026:01:36:29 +0300] "GET /adminfuns.php HTTP/1.1" 301 162 "-" "Mozilla/5.0 (Windows NT 10.0; Win64; x64) AppleWebKit/537.36 (KHTML, like Gecko) Chrome/120.0.0.0 Safari/537.36"
20.104.16.169 - - [02/Aug/2026:01:36:29 +0300] "GET /admin.php HTTP/1.1" 301 162 "-" "Mozilla/5.0 (Windows NT 10.0; Win64; x64) AppleWebKit/537.36 (KHTML, like Gecko) Chrome/120.0.0.0 Safari/537.36"
20.104.16.169 - - [02/Aug/2026:01:36:29 +0300] "GET /php8.php HTTP/1.1" 301 162 "-" "Mozilla/5.0 (Windows NT 10.0; Win64; x64) AppleWebKit/537.36 (KHTML, like Gecko) Chrome/120.0.0.0 Safari/537.36"
20.104.16.169 - - [02/Aug/2026:01:36:29 +0300] "GET /wp-includes/interactivity-api/index.php HTTP/1.1" 301 162 "-" "Mozilla/5.0 (Windows NT 10.0; Win64; x64) AppleWebKit/537.36 (KHTML, like Gecko) Chrome/120.0.0.0 Safari/537.36"
20.104.16.169 - - [02/Aug/2026:01:36:30 +0300] "GET /wp-content/uploads HTTP/1.1" 301 162 "-" "Mozilla/5.0 (Windows NT 10.0; Win64; x64) AppleWebKit/537.36 (KHTML, like Gecko) Chrome/120.0.0.0 Safari/537.36"
20.104.16.169 - - [02/Aug/2026:01:36:30 +0300] "GET /wp-mail.php HTTP/1.1" 301 162 "-" "Mozilla/5.0 (Windows NT 10.0; Win64; x64) AppleWebKit/537.36 (KHTML, like Gecko) Chrome/120.0.0.0 Safari/537.36"
20.104.16.169 - - [02/Aug/2026:01:36:30 +0300] "GET /a7.php HTTP/1.1" 301 162 "-" "Mozilla/5.0 (Windows NT 10.0; Win64; x64) AppleWebKit/537.36 (KHTML, like Gecko) Chrome/120.0.0.0 Safari/537.36"
20.104.16.169 - - [02/Aug/2026:01:36:30 +0300] "GET /php.php HTTP/1.1" 301 162 "-" "Mozilla/5.0 (Windows NT 10.0; Win64; x64) AppleWebKit/537.36 (KHTML, like Gecko) Chrome/120.0.0.0 Safari/537.36"
20.104.16.169 - - [02/Aug/2026:01:36:30 +0300] "GET /8.php HTTP/1.1" 301 162 "-" "Mozilla/5.0 (Windows NT 10.0; Win64; x64) AppleWebKit/537.36 (KHTML, like Gecko) Chrome/120.0.0.0 Safari/537.36"
20.104.16.169 - - [02/Aug/2026:01:36:30 +0300] "GET /wp-includes/rest-api/ HTTP/1.1" 301 162 "-" "Mozilla/5.0 (Windows NT 10.0; Win64; x64) AppleWebKit/537.36 (KHTML, like Gecko) Chrome/120.0.0.0 Safari/537.36"
20.104.16.169 - - [02/Aug/2026:01:36:30 +0300] "GET /num.php HTTP/1.1" 301 162 "-" "Mozilla/5.0 (Windows NT 10.0; Win64; x64) AppleWebKit/537.36 (KHTML, like Gecko) Chrome/120.0.0.0 Safari/537.36"
20.104.16.169 - - [02/Aug/2026:01:36:30 +0300] "GET /mini.php HTTP/1.1" 301 162 "-" "Mozilla/5.0 (Windows NT 10.0; Win64; x64) AppleWebKit/537.36 (KHTML, like Gecko) Chrome/120.0.0.0 Safari/537.36"
20.104.16.169 - - [02/Aug/2026:01:36:30 +0300] "GET /goods.php HTTP/1.1" 301 162 "-" "Mozilla/5.0 (Windows NT 10.0; Win64; x64) AppleWebKit/537.36 (KHTML, like Gecko) Chrome/120.0.0.0 Safari/537.36"
20.104.16.169 - - [02/Aug/2026:01:36:31 +0300] "GET /222.php HTTP/1.1" 301 162 "-" "Mozilla/5.0 (Windows NT 10.0; Win64; x64) AppleWebKit/537.36 (KHTML, like Gecko) Chrome/120.0.0.0 Safari/537.36"
20.104.16.169 - - [02/Aug/2026:01:36:31 +0300] "GET /.dj/index.php HTTP/1.1" 301 162 "-" "Mozilla/5.0 (Windows NT 10.0; Win64; x64) AppleWebKit/537.36 (KHTML, like Gecko) Chrome/120.0.0.0 Safari/537.36"
20.104.16.169 - - [02/Aug/2026:01:36:31 +0300] "GET /bthil.php HTTP/1.1" 301 162 "-" "Mozilla/5.0 (Windows NT 10.0; Win64; x64) AppleWebKit/537.36 (KHTML, like Gecko) Chrome/120.0.0.0 Safari/537.36"
20.104.16.169 - - [02/Aug/2026:01:36:31 +0300] "GET /zup.php73 HTTP/1.1" 301 162 "-" "Mozilla/5.0 (Windows NT 10.0; Win64; x64) AppleWebKit/537.36 (KHTML, like Gecko) Chrome/120.0.0.0 Safari/537.36"
20.104.16.169 - - [02/Aug/2026:01:36:31 +0300] "GET /a1.php HTTP/1.1" 301 162 "-" "Mozilla/5.0 (Windows NT 10.0; Win64; x64) AppleWebKit/537.36 (KHTML, like Gecko) Chrome/120.0.0.0 Safari/537.36"
20.104.16.169 - - [02/Aug/2026:01:36:31 +0300] "GET /wp-signin.php HTTP/1.1" 301 162 "-" "Mozilla/5.0 (Windows NT 10.0; Win64; x64) AppleWebKit/537.36 (KHTML, like Gecko) Chrome/120.0.0.0 Safari/537.36"
20.104.16.169 - - [02/Aug/2026:01:36:31 +0300] "GET /archive.php HTTP/1.1" 301 162 "-" "Mozilla/5.0 (Windows NT 10.0; Win64; x64) AppleWebKit/537.36 (KHTML, like Gecko) Chrome/120.0.0.0 Safari/537.36"
20.104.16.169 - - [02/Aug/2026:01:36:31 +0300] "GET /storage/index.php HTTP/1.1" 301 162 "-" "Mozilla/5.0 (Windows NT 10.0; Win64; x64) AppleWebKit/537.36 (KHTML, like Gecko) Chrome/120.0.0.0 Safari/537.36"
20.104.16.169 - - [02/Aug/2026:01:36:31 +0300] "GET /lu4.php HTTP/1.1" 301 162 "-" "Mozilla/5.0 (Windows NT 10.0; Win64; x64) AppleWebKit/537.36 (KHTML, like Gecko) Chrome/120.0.0.0 Safari/537.36"
85.208.96.196 - - [02/Aug/2026:01:36:31 +0300] "GET /kasyna-wyjawszy-depozytu-w-naszym-kraju-2025-elementy-ich-strona-internetowa-promocji-jak-i-rowniez-rady/ HTTP/1.1" 200 4772 "-" "Mozilla/5.0 (compatible; SemrushBot/7~bl; +http://www.semrush.com/bot.html)"
20.104.16.169 - - [02/Aug/2026:01:36:31 +0300] "GET /wp-includes/ HTTP/1.1" 301 162 "-" "Mozilla/5.0 (Windows NT 10.0; Win64; x64) AppleWebKit/537.36 (KHTML, like Gecko) Chrome/120.0.0.0 Safari/537.36"
20.104.16.169 - - [02/Aug/2026:01:36:32 +0300] "GET /wp-content/packed.php HTTP/1.1" 301 162 "-" "Mozilla/5.0 (Windows NT 10.0; Win64; x64) AppleWebKit/537.36 (KHTML, like Gecko) Chrome/120.0.0.0 Safari/537.36"
20.104.16.169 - - [02/Aug/2026:01:36:32 +0300] "GET /edit.php HTTP/1.1" 301 162 "-" "Mozilla/5.0 (Windows NT 10.0; Win64; x64) AppleWebKit/537.36 (KHTML, like Gecko) Chrome/120.0.0.0 Safari/537.36"
20.104.16.169 - - [02/Aug/2026:01:36:32 +0300] "GET /default.php HTTP/1.1" 301 162 "-" "Mozilla/5.0 (Windows NT 10.0; Win64; x64) AppleWebKit/537.36 (KHTML, like Gecko) Chrome/120.0.0.0 Safari/537.36"
20.104.16.169 - - [02/Aug/2026:01:36:32 +0300] "GET /bless.php HTTP/1.1" 301 162 "-" "Mozilla/5.0 (Windows NT 10.0; Win64; x64) AppleWebKit/537.36 (KHTML, like Gecko) Chrome/120.0.0.0 Safari/537.36"
20.104.16.169 - - [02/Aug/2026:01:36:32 +0300] "GET /wp-includes/assets/index.php HTTP/1.1" 301 162 "-" "Mozilla/5.0 (Windows NT 10.0; Win64; x64) AppleWebKit/537.36 (KHTML, like Gecko) Chrome/120.0.0.0 Safari/537.36"
20.104.16.169 - - [02/Aug/2026:01:36:32 +0300] "GET /wp-config-sample.php HTTP/1.1" 301 162 "-" "Mozilla/5.0 (Windows NT 10.0; Win64; x64) AppleWebKit/537.36 (KHTML, like Gecko) Chrome/120.0.0.0 Safari/537.36"
20.104.16.169 - - [02/Aug/2026:01:36:32 +0300] "GET /gecko-new.php HTTP/1.1" 301 162 "-" "Mozilla/5.0 (Windows NT 10.0; Win64; x64) AppleWebKit/537.36 (KHTML, like Gecko) Chrome/120.0.0.0 Safari/537.36"
20.104.16.169 - - [02/Aug/2026:01:36:32 +0300] "GET /num.php HTTP/1.1" 301 162 "-" "Mozilla/5.0 (Windows NT 10.0; Win64; x64) AppleWebKit/537.36 (KHTML, like Gecko) Chrome/120.0.0.0 Safari/537.36"
20.104.16.169 - - [02/Aug/2026:01:36:32 +0300] "GET /wp-content/plugins/admin.php HTTP/1.1" 301 162 "-" "Mozilla/5.0 (Windows NT 10.0; Win64; x64) AppleWebKit/537.36 (KHTML, like Gecko) Chrome/120.0.0.0 Safari/537.36"
20.104.16.169 - - [02/Aug/2026:01:36:32 +0300] "GET /wp-admin/css/ HTTP/1.1" 301 162 "-" "Mozilla/5.0 (Windows NT 10.0; Win64; x64) AppleWebKit/537.36 (KHTML, like Gecko) Chrome/120.0.0.0 Safari/537.36"
20.104.16.169 - - [02/Aug/2026:01:36:33 +0300] "GET /cache.php HTTP/1.1" 301 162 "-" "Mozilla/5.0 (Windows NT 10.0; Win64; x64) AppleWebKit/537.36 (KHTML, like Gecko) Chrome/120.0.0.0 Safari/537.36"
20.104.16.169 - - [02/Aug/2026:01:36:33 +0300] "GET /wp-includes/bk/ HTTP/1.1" 301 162 "-" "Mozilla/5.0 (Windows NT 10.0; Win64; x64) AppleWebKit/537.36 (KHTML, like Gecko) Chrome/120.0.0.0 Safari/537.36"
20.104.16.169 - - [02/Aug/2026:01:36:33 +0300] "GET /ws81.php HTTP/1.1" 301 162 "-" "Mozilla/5.0 (Windows NT 10.0; Win64; x64) AppleWebKit/537.36 (KHTML, like Gecko) Chrome/120.0.0.0 Safari/537.36"
20.104.16.169 - - [02/Aug/2026:01:36:33 +0300] "GET /xx.php HTTP/1.1" 301 162 "-" "Mozilla/5.0 (Windows NT 10.0; Win64; x64) AppleWebKit/537.36 (KHTML, like Gecko) Chrome/120.0.0.0 Safari/537.36"
20.104.16.169 - - [02/Aug/2026:01:36:33 +0300] "GET /function/function.php HTTP/1.1" 301 162 "-" "Mozilla/5.0 (Windows NT 10.0; Win64; x64) AppleWebKit/537.36 (KHTML, like Gecko) Chrome/120.0.0.0 Safari/537.36"
20.104.16.169 - - [02/Aug/2026:01:36:33 +0300] "GET /aa.php HTTP/1.1" 301 162 "-" "Mozilla/5.0 (Windows NT 10.0; Win64; x64) AppleWebKit/537.36 (KHTML, like Gecko) Chrome/120.0.0.0 Safari/537.36"
20.104.16.169 - - [02/Aug/2026:01:36:33 +0300] "GET /abcd.php HTTP/1.1" 301 162 "-" "Mozilla/5.0 (Windows NT 10.0; Win64; x64) AppleWebKit/537.36 (KHTML, like Gecko) Chrome/120.0.0.0 Safari/537.36"
20.104.16.169 - - [02/Aug/2026:01:36:33 +0300] "GET /edit-tags.php HTTP/1.1" 301 162 "-" "Mozilla/5.0 (Windows NT 10.0; Win64; x64) AppleWebKit/537.36 (KHTML, like Gecko) Chrome/120.0.0.0 Safari/537.36"
20.104.16.169 - - [02/Aug/2026:01:36:33 +0300] "GET /wp-includes/fonts/index.php HTTP/1.1" 301 162 "-" "Mozilla/5.0 (Windows NT 10.0; Win64; x64) AppleWebKit/537.36 (KHTML, like Gecko) Chrome/120.0.0.0 Safari/537.36"
20.104.16.169 - - [02/Aug/2026:01:36:34 +0300] "GET /w.php HTTP/1.1" 301 162 "-" "Mozilla/5.0 (Windows NT 10.0; Win64; x64) AppleWebKit/537.36 (KHTML, like Gecko) Chrome/120.0.0.0 Safari/537.36"
20.104.16.169 - - [02/Aug/2026:01:36:34 +0300] "GET /vc.php HTTP/1.1" 301 162 "-" "Mozilla/5.0 (Windows NT 10.0; Win64; x64) AppleWebKit/537.36 (KHTML, like Gecko) Chrome/120.0.0.0 Safari/537.36"
20.104.16.169 - - [02/Aug/2026:01:36:34 +0300] "GET /php8.php HTTP/1.1" 301 162 "-" "Mozilla/5.0 (Windows NT 10.0; Win64; x64) AppleWebKit/537.36 (KHTML, like Gecko) Chrome/120.0.0.0 Safari/537.36"
20.104.16.169 - - [02/Aug/2026:01:36:34 +0300] "GET /zoom1.php HTTP/1.1" 301 162 "-" "Mozilla/5.0 (Windows NT 10.0; Win64; x64) AppleWebKit/537.36 (KHTML, like Gecko) Chrome/120.0.0.0 Safari/537.36"
20.104.16.169 - - [02/Aug/2026:01:36:34 +0300] "GET /admin/function.php HTTP/1.1" 301 162 "-" "Mozilla/5.0 (Windows NT 10.0; Win64; x64) AppleWebKit/537.36 (KHTML, like Gecko) Chrome/120.0.0.0 Safari/537.36"
216.73.216.191 - - [02/Aug/2026:01:36:36 +0300] "GET /robots.txt HTTP/2.0" 200 100 "-" "Mozilla/5.0 AppleWebKit/537.36 (KHTML, like Gecko; compatible; ClaudeBot/1.0; +claudebot@anthropic.com)"
216.73.216.191 - - [02/Aug/2026:01:36:36 +0300] "GET /index.php/sitemap.xml HTTP/2.0" 301 162 "-" "Mozilla/5.0 AppleWebKit/537.36 (KHTML, like Gecko; compatible; ClaudeBot/1.0; +claudebot@anthropic.com)"
157.90.122.163 - - [02/Aug/2026:01:36:37 +0300] "POST /wp-cron.php?doing_wp_cron=1785623797.8984580039978027343750 HTTP/1.1" 499 0 "-" "WordPress/6.9.5; https://site.ofisbulutta.com"
216.73.216.191 - - [02/Aug/2026:01:36:37 +0300] "GET /site.xml HTTP/2.0" 404 24129 "https://site.ofisbulutta.com/index.php/sitemap.xml" "Mozilla/5.0 AppleWebKit/537.36 (KHTML, like Gecko; compatible; ClaudeBot/1.0; +claudebot@anthropic.com)"
57.141.0.69 - - [02/Aug/2026:01:36:39 +0300] "GET /melbet-uz-vozmite-ios-a-kak-zakachat-a-takzhe-zavesti-allegro/ HTTP/2.0" 200 4759 "-" "Mozilla/5.0 (Windows NT 10.0; Win64; x64) AppleWebKit/537.36 (KHTML, like Gecko) Chrome/145.0.0.0 Safari/537.36 (compatible; meta-externalagent/1.1 (+https://developers.facebook.com/docs/sharing/webmasters/crawler))"
185.191.171.4 - - [02/Aug/2026:01:36:40 +0300] "GET /wasteland-benefits-harbors-remark-around-50-100-madison-peacock-slot-percent-free-spins-huge-gains/ HTTP/1.1" 200 4772 "-" "Mozilla/5.0 (compatible; SemrushBot/7~bl; +http://www.semrush.com/bot.html)"
57.141.0.58 - - [02/Aug/2026:01:36:41 +0300] "GET /make-an-effort-to-double-your-own-gains-and-you-may-twice-their-luck-with-some-of-our-the-fresh-new-game/ HTTP/2.0" 200 4759 "-" "Mozilla/5.0 (Windows NT 10.0; Win64; x64) AppleWebKit/537.36 (KHTML, like Gecko) Chrome/145.0.0.0 Safari/537.36 (compatible; meta-externalagent/1.1 (+https://developers.facebook.com/docs/sharing/webmasters/crawler))"
57.141.0.63 - - [02/Aug/2026:01:36:48 +0300] "GET /freespins-uten-almisse-norges-storste-guide-pa-bred-fletning/ HTTP/2.0" 200 4759 "-" "Mozilla/5.0 (Macintosh; Intel Mac OS X 10_15_7) AppleWebKit/537.36 (KHTML, like Gecko) Chrome/145.0.0.0 Safari/537.36 (compatible; meta-externalagent/1.1 (+https://developers.facebook.com/docs/sharing/webmasters/crawler))"
57.141.0.49 - - [02/Aug/2026:01:36:48 +0300] "GET /genius-from-oz-path-to-amber-area-slots-enjoy-online-to-own-free-2/ HTTP/2.0" 200 4759 "-" "Mozilla/5.0 (Windows NT 10.0; Win64; x64) AppleWebKit/537.36 (KHTML, like Gecko) Chrome/145.0.0.0 Safari/537.36 (compatible; meta-externalagent/1.1 (+https://developers.facebook.com/docs/sharing/webmasters/crawler))"
57.141.0.18 - - [02/Aug/2026:01:36:50 +0300] "GET /ihr-beste-verbunden-casino-bonus-herr-bet-100-bonus-spins-abzuglich-einzahlung-2026/ HTTP/2.0" 200 4759 "-" "Mozilla/5.0 (Windows NT 10.0; Win64; x64) AppleWebKit/537.36 (KHTML, like Gecko) Chrome/145.0.0.0 Safari/537.36 (compatible; meta-externalagent/1.1 (+https://developers.facebook.com/docs/sharing/webmasters/crawler))"
185.191.171.1 - - [02/Aug/2026:01:36:55 +0300] "GET /products/cataractal396229?id=526 HTTP/1.1" 404 10978 "-" "Mozilla/5.0 (compatible; SemrushBot/7~bl; +http://www.semrush.com/bot.html)"
20.100.187.246 - - [02/Aug/2026:01:36:58 +0300] "GET /--wp-lgj.php HTTP/1.1" 404 548 "-" "Mozilla/5.0 (Windows NT 10.0; Win64; x64) AppleWebKit/537.36 (KHTML, like Gecko) Chrome/120.0.0.0 Safari/537.36"
20.100.187.246 - - [02/Aug/2026:01:36:58 +0300] "GET /.tmb/admin.php HTTP/1.1" 404 548 "-" "Mozilla/5.0 (Windows NT 10.0; Win64; x64) AppleWebKit/537.36 (KHTML, like Gecko) Chrome/120.0.0.0 Safari/537.36"
20.100.187.246 - - [02/Aug/2026:01:36:58 +0300] "GET /.tmb/la.php HTTP/1.1" 404 548 "-" "Mozilla/5.0 (Windows NT 10.0; Win64; x64) AppleWebKit/537.36 (KHTML, like Gecko) Chrome/120.0.0.0 Safari/537.36"
20.100.187.246 - - [02/Aug/2026:01:36:58 +0300] "GET /.tmb/wp-login.php HTTP/1.1" 404 548 "-" "Mozilla/5.0 (Windows NT 10.0; Win64; x64) AppleWebKit/537.36 (KHTML, like Gecko) Chrome/120.0.0.0 Safari/537.36"
20.100.187.246 - - [02/Aug/2026:01:36:58 +0300] "GET /.well-known/.well-known/ HTTP/1.1" 500 2569 "-" "Mozilla/5.0 (Windows NT 10.0; Win64; x64) AppleWebKit/537.36 (KHTML, like Gecko) Chrome/120.0.0.0 Safari/537.36"
20.100.187.246 - - [02/Aug/2026:01:36:59 +0300] "GET /.well-known//.well-known/owlmailer.php HTTP/1.1" 404 548 "-" "Mozilla/5.0 (Windows NT 10.0; Win64; x64) AppleWebKit/537.36 (KHTML, like Gecko) Chrome/120.0.0.0 Safari/537.36"
20.100.187.246 - - [02/Aug/2026:01:36:59 +0300] "GET /.well-known/991176.php HTTP/1.1" 404 548 "-" "Mozilla/5.0 (Windows NT 10.0; Win64; x64) AppleWebKit/537.36 (KHTML, like Gecko) Chrome/120.0.0.0 Safari/537.36"
20.100.187.246 - - [02/Aug/2026:01:36:59 +0300] "GET /.well-known/about.php HTTP/1.1" 404 548 "-" "Mozilla/5.0 (Windows NT 10.0; Win64; x64) AppleWebKit/537.36 (KHTML, like Gecko) Chrome/120.0.0.0 Safari/537.36"
20.100.187.246 - - [02/Aug/2026:01:36:59 +0300] "GET /.well-known/acme-challenge/content.php HTTP/1.1" 404 548 "-" "Mozilla/5.0 (Windows NT 10.0; Win64; x64) AppleWebKit/537.36 (KHTML, like Gecko) Chrome/120.0.0.0 Safari/537.36"
20.100.187.246 - - [02/Aug/2026:01:36:59 +0300] "GET /.well-known/acme-challenge/file HTTP/1.1" 500 2569 "-" "Mozilla/5.0 (Windows NT 10.0; Win64; x64) AppleWebKit/537.36 (KHTML, like Gecko) Chrome/120.0.0.0 Safari/537.36"
20.100.187.246 - - [02/Aug/2026:01:36:59 +0300] "GET /.well-known/caches.php HTTP/1.1" 404 548 "-" "Mozilla/5.0 (Windows NT 10.0; Win64; x64) AppleWebKit/537.36 (KHTML, like Gecko) Chrome/120.0.0.0 Safari/537.36"
20.100.187.246 - - [02/Aug/2026:01:36:59 +0300] "GET /.well-known/elp.php HTTP/1.1" 404 548 "-" "Mozilla/5.0 (Windows NT 10.0; Win64; x64) AppleWebKit/537.36 (KHTML, like Gecko) Chrome/120.0.0.0 Safari/537.36"
20.100.187.246 - - [02/Aug/2026:01:36:59 +0300] "GET /.well-known/min.php HTTP/1.1" 404 548 "-" "Mozilla/5.0 (Windows NT 10.0; Win64; x64) AppleWebKit/537.36 (KHTML, like Gecko) Chrome/120.0.0.0 Safari/537.36"
