51.89.129.145 - - [02/Aug/2026:01:05:20 +0300] "GET /sitemap.xml HTTP/2.0" 200 1429 "-" "Mozilla/5.0 (compatible; AhrefsBot/7.0; +http://ahrefs.com/robot/)"
66.249.66.39 - - [02/Aug/2026:01:05:24 +0300] "GET /pages/ HTTP/1.1" 404 3309 "-" "Mozilla/5.0 (Linux; Android 6.0.1; Nexus 5X Build/MMB29P) AppleWebKit/537.36 (KHTML, like Gecko) Chrome/150.0.7871.186 Mobile Safari/537.36 (compatible; Googlebot/2.1; +http://www.google.com/bot.html)"
57.141.0.51 - - [02/Aug/2026:01:05:24 +0300] "GET /the-brand-new-mom-25th-anniversary-re-discharge-2024-lobster-mania-slot-machines-showtimes/ HTTP/2.0" 200 4759 "-" "Mozilla/5.0 (Windows NT 10.0; Win64; x64) AppleWebKit/537.36 (KHTML, like Gecko) Chrome/145.0.0.0 Safari/537.36 (compatible; meta-externalagent/1.1 (+https://developers.facebook.com/docs/sharing/webmasters/crawler))"
114.119.153.237 - - [02/Aug/2026:01:05:25 +0300] "GET /paradise8-ten-borrowing/ HTTP/1.1" 200 4772 "https://www.egekobi.com/paradise8-ten-borrowing/" "Mozilla/5.0 (Linux; Android 7.0;) AppleWebKit/537.36 (HTML, like Gecko) Mobile Safari/537.36 (compatible; PetalBot;+https://webmaster.petalsearch.com/site/petalbot)"
57.141.0.17 - - [02/Aug/2026:01:05:28 +0300] "GET /on-line-casino-no-deposit-bonus-get-up-so-you-can-40-inside-the-casino-credits/ HTTP/2.0" 200 4759 "-" "Mozilla/5.0 (Macintosh; Intel Mac OS X 10_15_7) AppleWebKit/537.36 (KHTML, like Gecko) Chrome/145.0.0.0 Safari/537.36 (compatible; meta-externalagent/1.1 (+https://developers.facebook.com/docs/sharing/webmasters/crawler))"
185.191.171.16 - - [02/Aug/2026:01:05:34 +0300] "GET /products/bradshaw1267049?id=656 HTTP/1.1" 404 10977 "-" "Mozilla/5.0 (compatible; SemrushBot/7~bl; +http://www.semrush.com/bot.html)"
57.141.0.47 - - [02/Aug/2026:01:05:34 +0300] "GET /vinnig-recht-austin-powers-150-gratis-spins-apprecieren-30-kosteloos-casino-spelletjes/ HTTP/2.0" 200 4759 "-" "Mozilla/5.0 (Windows NT 10.0; Win64; x64) AppleWebKit/537.36 (KHTML, like Gecko) Chrome/145.0.0.0 Safari/537.36 (compatible; meta-externalagent/1.1 (+https://developers.facebook.com/docs/sharing/webmasters/crawler))"
57.141.0.15 - - [02/Aug/2026:01:05:34 +0300] "GET /sky-crown2-casino-online-your-own-leading-destination-for/ HTTP/2.0" 200 4759 "-" "Mozilla/5.0 (Windows NT 10.0; Win64; x64) AppleWebKit/537.36 (KHTML, like Gecko) Chrome/145.0.0.0 Safari/537.36 (compatible; meta-externalagent/1.1 (+https://developers.facebook.com/docs/sharing/webmasters/crawler))"
85.208.96.210 - - [02/Aug/2026:01:05:39 +0300] "GET /products/manuel776802?id=943 HTTP/1.1" 404 10974 "-" "Mozilla/5.0 (compatible; SemrushBot/7~bl; +http://www.semrush.com/bot.html)"
185.191.171.12 - - [02/Aug/2026:01:05:54 +0300] "GET /category/faaliyetlerimiz/page/7254/ HTTP/1.1" 200 4772 "-" "Mozilla/5.0 (compatible; SemrushBot/7~bl; +http://www.semrush.com/bot.html)"
185.191.171.12 - - [02/Aug/2026:01:05:54 +0300] "GET /products/keratectomy1069333?id=768 HTTP/1.1" 404 10980 "-" "Mozilla/5.0 (compatible; SemrushBot/7~bl; +http://www.semrush.com/bot.html)"
57.141.0.13 - - [02/Aug/2026:01:05:54 +0300] "GET /big-hundreds-of-thousands-position-review-incentive-rtp-89-37percent-and-you-will-100-play-wicked-winnings-slot-machine-percent-free-demonstration/ HTTP/2.0" 200 4759 "-" "Mozilla/5.0 (Windows NT 10.0; Win64; x64) AppleWebKit/537.36 (KHTML, like Gecko) Chrome/145.0.0.0 Safari/537.36 (compatible; meta-externalagent/1.1 (+https://developers.facebook.com/docs/sharing/webmasters/crawler))"
190.24.56.29 - - [02/Aug/2026:01:05:54 +0300] "GET / HTTP/1.1" 404 548 "-" "Mozilla/5.0 (Windows NT 10.0; Win64; x64) AppleWebKit/537.36 (KHTML, like Gecko) Chrome/120.0.0.0 Safari/537.36"
43.159.140.236 - - [02/Aug/2026:01:05:59 +0300] "GET /wp-content/uploads/2023/07/c33-300x69.webp HTTP/1.1" 200 5330 "-" "Mozilla/5.0 (iPhone; CPU iPhone OS 13_2_3 like Mac OS X) AppleWebKit/605.1.15 (KHTML, like Gecko) Version/13.0.3 Mobile/15E148 Safari/604.1"
85.208.96.208 - - [02/Aug/2026:01:06:07 +0300] "GET /0u8yk/clo3d-free-alternative.html HTTP/1.1" 404 10984 "-" "Mozilla/5.0 (compatible; SemrushBot/7~bl; +http://www.semrush.com/bot.html)"
57.141.0.33 - - [02/Aug/2026:01:06:09 +0300] "GET /thunderstruck-samba-carnival-slot-position-games/ HTTP/2.0" 200 4759 "-" "Mozilla/5.0 (Windows NT 10.0; Win64; x64) AppleWebKit/537.36 (KHTML, like Gecko) Chrome/145.0.0.0 Safari/537.36 (compatible; meta-externalagent/1.1 (+https://developers.facebook.com/docs/sharing/webmasters/crawler))"
43.135.139.165 - - [02/Aug/2026:01:06:11 +0300] "GET / HTTP/1.1" 301 162 "-" "Mozilla/5.0 (iPhone; CPU iPhone OS 13_2_3 like Mac OS X) AppleWebKit/605.1.15 (KHTML, like Gecko) Version/13.0.3 Mobile/15E148 Safari/604.1"
85.208.96.200 - - [02/Aug/2026:01:06:12 +0300] "GET /products/ballasting628169?id=215 HTTP/1.1" 404 10978 "-" "Mozilla/5.0 (compatible; SemrushBot/7~bl; +http://www.semrush.com/bot.html)"
43.135.139.165 - - [02/Aug/2026:01:06:12 +0300] "GET / HTTP/1.1" 301 162 "http://bosmar.com" "Mozilla/5.0 (iPhone; CPU iPhone OS 13_2_3 like Mac OS X) AppleWebKit/605.1.15 (KHTML, like Gecko) Version/13.0.3 Mobile/15E148 Safari/604.1"
43.135.139.165 - - [02/Aug/2026:01:06:14 +0300] "GET / HTTP/1.1" 200 6417 "https://bosmartrans.com/" "Mozilla/5.0 (iPhone; CPU iPhone OS 13_2_3 like Mac OS X) AppleWebKit/605.1.15 (KHTML, like Gecko) Version/13.0.3 Mobile/15E148 Safari/604.1"
185.191.171.8 - - [02/Aug/2026:01:06:15 +0300] "GET /category/faaliyetlerimiz/page/6614/ HTTP/1.1" 200 4772 "-" "Mozilla/5.0 (compatible; SemrushBot/7~bl; +http://www.semrush.com/bot.html)"
85.208.96.195 - - [02/Aug/2026:01:06:43 +0300] "GET /category/faaliyetlerimiz/page/5192/ HTTP/1.1" 200 4772 "-" "Mozilla/5.0 (compatible; SemrushBot/7~bl; +http://www.semrush.com/bot.html)"
185.191.171.12 - - [02/Aug/2026:01:06:44 +0300] "GET /products/brochant1317204?id=433 HTTP/1.1" 404 10978 "-" "Mozilla/5.0 (compatible; SemrushBot/7~bl; +http://www.semrush.com/bot.html)"
198.38.94.66 - - [02/Aug/2026:01:06:47 +0300] "GET /wp-login.php HTTP/2.0" 200 2643 "-" "Mozilla/5.0 (Windows NT 10.0; Win64; x64) AppleWebKit/537.36 (KHTML, like Gecko) Chrome/150.0.0.0 Safari/537.36"
198.38.94.66 - - [02/Aug/2026:01:06:47 +0300] "POST /wp-login.php HTTP/2.0" 200 2728 "https://softech.com.tr/wp-login.php" "Mozilla/5.0 (Windows NT 10.0; Win64; x64) AppleWebKit/537.36 (KHTML, like Gecko) Chrome/150.0.0.0 Safari/537.36"
114.119.153.237 - - [02/Aug/2026:01:06:49 +0300] "GET /para-yatirmadan-ek-goldbet-giris-bonusu-bonus-icin-mevcut-oyuncular-icin-sartlar/ HTTP/1.1" 200 4772 "https://www.egekobi.com/para-yatirmadan-ek-goldbet-giris-bonusu-bonus-icin-mevcut-oyuncular-icin-sartlar/" "Mozilla/5.0 (Linux; Android 7.0;) AppleWebKit/537.36 (HTML, like Gecko) Mobile Safari/537.36 (compatible; PetalBot;+https://webmaster.petalsearch.com/site/petalbot)"
185.191.171.2 - - [02/Aug/2026:01:07:00 +0300] "GET /goldilocks-as-well-as-the-insane-bears-online-video-slot-opinion-quickspin/ HTTP/1.1" 200 4772 "-" "Mozilla/5.0 (compatible; SemrushBot/7~bl; +http://www.semrush.com/bot.html)"
85.208.96.205 - - [02/Aug/2026:01:07:04 +0300] "GET /0u8yk/paulina-kluska-instagram.html HTTP/1.1" 404 10984 "-" "Mozilla/5.0 (compatible; SemrushBot/7~bl; +http://www.semrush.com/bot.html)"
57.141.0.63 - - [02/Aug/2026:01:07:12 +0300] "GET /rake-difeso-dalla-poker-room-nei-tornei-regolari-anche-nel-cash-gioco/ HTTP/2.0" 200 4759 "-" "Mozilla/5.0 (Windows NT 10.0; Win64; x64) AppleWebKit/537.36 (KHTML, like Gecko) Chrome/145.0.0.0 Safari/537.36 (compatible; meta-externalagent/1.1 (+https://developers.facebook.com/docs/sharing/webmasters/crawler))"
66.249.66.193 - - [02/Aug/2026:01:07:18 +0300] "GET /files/iso-45001.pdf HTTP/1.1" 200 389064 "-" "Mozilla/5.0 (Linux; Android 6.0.1; Nexus 5X Build/MMB29P) AppleWebKit/537.36 (KHTML, like Gecko) Chrome/150.0.7871.186 Mobile Safari/537.36 (compatible; Googlebot/2.1; +http://www.google.com/bot.html)"
85.208.96.210 - - [02/Aug/2026:01:07:20 +0300] "GET /f0zqpk0h/price-vav-controller-manual.html HTTP/1.1" 404 10991 "-" "Mozilla/5.0 (compatible; SemrushBot/7~bl; +http://www.semrush.com/bot.html)"
185.191.171.16 - - [02/Aug/2026:01:07:25 +0300] "GET /on-line-pokies-examined-play-the-better-australian-on-line-pokies/ HTTP/1.1" 200 4772 "-" "Mozilla/5.0 (compatible; SemrushBot/7~bl; +http://www.semrush.com/bot.html)"
57.141.0.39 - - [02/Aug/2026:01:07:31 +0300] "GET /1xbet-%d0%be%d0%b1%d0%b7%d0%be%d1%80-%d0%b1%d1%83%d0%ba%d0%bc%d0%b5%d0%ba%d0%b5%d1%80%d0%b0/ HTTP/2.0" 200 4759 "-" "Mozilla/5.0 (Windows NT 10.0; Win64; x64) AppleWebKit/537.36 (KHTML, like Gecko) Chrome/145.0.0.0 Safari/537.36 (compatible; meta-externalagent/1.1 (+https://developers.facebook.com/docs/sharing/webmasters/crawler))"
185.191.171.16 - - [02/Aug/2026:01:07:36 +0300] "GET /thus-giving-the-possible-opportunity-to-winnings-a-percentage-out-of-a-good-massive-prize-pond/ HTTP/1.1" 200 4772 "-" "Mozilla/5.0 (compatible; SemrushBot/7~bl; +http://www.semrush.com/bot.html)"
185.191.171.13 - - [02/Aug/2026:01:07:39 +0300] "GET /play-mayan-princess-videos-sparta-casino-slots-free/ HTTP/1.1" 200 4772 "-" "Mozilla/5.0 (compatible; SemrushBot/7~bl; +http://www.semrush.com/bot.html)"
185.191.171.6 - - [02/Aug/2026:01:07:42 +0300] "GET /tragaperras-gratuito-reactoonz-giros-sin-ranura-maquinas-tragamonedas-gratuito-online/ HTTP/1.1" 200 4772 "-" "Mozilla/5.0 (compatible; SemrushBot/7~bl; +http://www.semrush.com/bot.html)"
185.191.171.11 - - [02/Aug/2026:01:07:48 +0300] "GET /narodnost-usloviya-dolzhnostnoy-sayt-kazino-fiksatsiya-vdobavok-skidki/ HTTP/1.1" 200 4772 "-" "Mozilla/5.0 (compatible; SemrushBot/7~bl; +http://www.semrush.com/bot.html)"
185.191.171.4 - - [02/Aug/2026:01:07:57 +0300] "GET /blog/page/86/ HTTP/1.1" 200 4772 "-" "Mozilla/5.0 (compatible; SemrushBot/7~bl; +http://www.semrush.com/bot.html)"
85.208.96.193 - - [02/Aug/2026:01:08:00 +0300] "GET /products/irreverently550129?id=435 HTTP/1.1" 404 10978 "-" "Mozilla/5.0 (compatible; SemrushBot/7~bl; +http://www.semrush.com/bot.html)"
57.141.0.49 - - [02/Aug/2026:01:08:02 +0300] "GET /the-best-no-deposit-free-spins-without-betting-casino-on-mobile-to-own-2026/ HTTP/2.0" 200 4759 "-" "Mozilla/5.0 (Windows NT 10.0; Win64; x64) AppleWebKit/537.36 (KHTML, like Gecko) Chrome/145.0.0.0 Safari/537.36 (compatible; meta-externalagent/1.1 (+https://developers.facebook.com/docs/sharing/webmasters/crawler))"
57.141.0.54 - - [02/Aug/2026:01:08:04 +0300] "GET /narcos-slot-review-96-23-rtp-netent-2026/ HTTP/2.0" 200 4759 "-" "Mozilla/5.0 (Windows NT 10.0; Win64; x64) AppleWebKit/537.36 (KHTML, like Gecko) Chrome/145.0.0.0 Safari/537.36 (compatible; meta-externalagent/1.1 (+https://developers.facebook.com/docs/sharing/webmasters/crawler))"
185.191.171.2 - - [02/Aug/2026:01:08:10 +0300] "GET /products/anthropogeographical344816?id=122 HTTP/1.1" 404 10985 "-" "Mozilla/5.0 (compatible; SemrushBot/7~bl; +http://www.semrush.com/bot.html)"
85.208.96.203 - - [02/Aug/2026:01:08:11 +0300] "GET /products/playeress959577?id=98 HTTP/1.1" 404 10974 "-" "Mozilla/5.0 (compatible; SemrushBot/7~bl; +http://www.semrush.com/bot.html)"
114.119.151.103 - - [02/Aug/2026:01:08:12 +0300] "GET /papel-do-busca-niqueis-spirit-of-adventure-40-mega-flames-jogo-de-slot-por-dinheiro-rtp-96-60percent-acabamento-acessivel/ HTTP/1.1" 200 4772 "https://www.egekobi.com/we-now-have-all-of-the-major-pokie-business-safeguarded-for-the-all-of-our-webpages-very-hang-in-the-and-top-enhance-games-knowledge-and-you-will-experience-right-here-during-the-beto-pokies-in-addi/" "Mozilla/5.0 (Linux; Android 7.0;) AppleWebKit/537.36 (HTML, like Gecko) Mobile Safari/537.36 (compatible; PetalBot;+https://webmaster.petalsearch.com/site/petalbot)"
185.191.171.4 - - [02/Aug/2026:01:08:18 +0300] "GET /products/legator1221755?id=982 HTTP/1.1" 404 10976 "-" "Mozilla/5.0 (compatible; SemrushBot/7~bl; +http://www.semrush.com/bot.html)"
57.141.0.66 - - [02/Aug/2026:01:08:20 +0300] "GET /play-casino-temple-of-luxor-zodiac-charms-slot/ HTTP/2.0" 200 4759 "-" "Mozilla/5.0 (Windows NT 10.0; Win64; x64) AppleWebKit/537.36 (KHTML, like Gecko) Chrome/145.0.0.0 Safari/537.36 (compatible; meta-externalagent/1.1 (+https://developers.facebook.com/docs/sharing/webmasters/crawler))"
185.191.171.2 - - [02/Aug/2026:01:08:20 +0300] "GET /products/itonama1306767?id=74 HTTP/1.1" 404 10977 "-" "Mozilla/5.0 (compatible; SemrushBot/7~bl; +http://www.semrush.com/bot.html)"
85.208.96.209 - - [02/Aug/2026:01:08:22 +0300] "GET /products/keepworthy815761?id=960 HTTP/1.1" 404 10979 "-" "Mozilla/5.0 (compatible; SemrushBot/7~bl; +http://www.semrush.com/bot.html)"
57.141.0.62 - - [02/Aug/2026:01:08:24 +0300] "GET /selbige-einzahlungsmethoden-im-online-casino-eignen-begrenzt-unter-anderem-nichtens-verfugbar/ HTTP/2.0" 200 4759 "-" "Mozilla/5.0 (Windows NT 10.0; Win64; x64) AppleWebKit/537.36 (KHTML, like Gecko) Chrome/145.0.0.0 Safari/537.36 (compatible; meta-externalagent/1.1 (+https://developers.facebook.com/docs/sharing/webmasters/crawler))"
57.141.0.26 - - [02/Aug/2026:01:08:31 +0300] "GET /vorfinden-sie-dies-jeetcity-kasino-land-der-dichter-und-denker-schweiz-osterreich-ein-bestes-gaming-reiseziel/ HTTP/2.0" 200 4759 "-" "Mozilla/5.0 (Windows NT 10.0; Win64; x64) AppleWebKit/537.36 (KHTML, like Gecko) Chrome/145.0.0.0 Safari/537.36 (compatible; meta-externalagent/1.1 (+https://developers.facebook.com/docs/sharing/webmasters/crawler))"
85.208.96.205 - - [02/Aug/2026:01:08:31 +0300] "GET /products/autoaddress396849?id=757 HTTP/1.1" 404 10976 "-" "Mozilla/5.0 (compatible; SemrushBot/7~bl; +http://www.semrush.com/bot.html)"
85.208.96.205 - - [02/Aug/2026:01:08:33 +0300] "GET /products/nonfeatured1074940?id=721 HTTP/1.1" 404 10978 "-" "Mozilla/5.0 (compatible; SemrushBot/7~bl; +http://www.semrush.com/bot.html)"
57.141.0.27 - - [02/Aug/2026:01:08:34 +0300] "GET /dr-choice-wagering-remark-2025-as-much-oink-country-love-slot-games-as-125-put-fits-bonus/ HTTP/2.0" 200 4759 "-" "Mozilla/5.0 (Macintosh; Intel Mac OS X 10_15_7) AppleWebKit/537.36 (KHTML, like Gecko) Chrome/145.0.0.0 Safari/537.36 (compatible; meta-externalagent/1.1 (+https://developers.facebook.com/docs/sharing/webmasters/crawler))"
85.208.96.209 - - [02/Aug/2026:01:08:36 +0300] "GET /category/faaliyetlerimiz/page/44/ HTTP/1.1" 200 4772 "-" "Mozilla/5.0 (compatible; SemrushBot/7~bl; +http://www.semrush.com/bot.html)"
85.208.96.211 - - [02/Aug/2026:01:08:36 +0300] "GET /products/hyperbolically1377578?id=575 HTTP/1.1" 404 10982 "-" "Mozilla/5.0 (compatible; SemrushBot/7~bl; +http://www.semrush.com/bot.html)"
85.208.96.194 - - [02/Aug/2026:01:08:41 +0300] "GET /products/heraldically339671?id=900 HTTP/1.1" 404 10979 "-" "Mozilla/5.0 (compatible; SemrushBot/7~bl; +http://www.semrush.com/bot.html)"
57.141.0.8 - - [02/Aug/2026:01:08:45 +0300] "GET /chaque-client-navigue-pareillement-accepter-a-l%ef%bf%bdegard-de-donner-cette-pleurnicherie-en-prime-des-jeux-en-tenant-contingence/ HTTP/2.0" 200 4759 "-" "Mozilla/5.0 (Macintosh; Intel Mac OS X 10_15_7) AppleWebKit/537.36 (KHTML, like Gecko) Chrome/145.0.0.0 Safari/537.36 (compatible; meta-externalagent/1.1 (+https://developers.facebook.com/docs/sharing/webmasters/crawler))"
85.208.96.195 - - [02/Aug/2026:01:08:46 +0300] "GET /onlayn-oyinlar-sanoatidagi-sheriklik-dasturlari-haqida-veb-sharh-uchun-snookerist-ru-saytiga-qarang/ HTTP/1.1" 200 4772 "-" "Mozilla/5.0 (compatible; SemrushBot/7~bl; +http://www.semrush.com/bot.html)"
185.191.171.10 - - [02/Aug/2026:01:08:50 +0300] "GET /products/fancysick288956?id=714 HTTP/1.1" 404 10976 "-" "Mozilla/5.0 (compatible; SemrushBot/7~bl; +http://www.semrush.com/bot.html)"
57.141.0.2 - - [02/Aug/2026:01:08:51 +0300] "GET /greatest-online-casinos-the-real-deal-cash-in-choy-sun-doa-slot-march-2026/ HTTP/2.0" 200 4759 "-" "Mozilla/5.0 (Macintosh; Intel Mac OS X 10_15_7) AppleWebKit/537.36 (KHTML, like Gecko) Chrome/145.0.0.0 Safari/537.36 (compatible; meta-externalagent/1.1 (+https://developers.facebook.com/docs/sharing/webmasters/crawler))"
40.77.167.6 - - [02/Aug/2026:01:08:53 +0300] "GET /the-fresh-nz-gambling-enterprises-no-deposit-incentive-codes/ HTTP/2.0" 200 4759 "-" "Mozilla/5.0 AppleWebKit/537.36 (KHTML, like Gecko; compatible; bingbot/2.0; +http://www.bing.com/bingbot.htm) Chrome/116.0.1938.76 Safari/537.36"
57.141.0.36 - - [02/Aug/2026:01:08:55 +0300] "GET /kostenlose-spiele-nun-genesis-app-apk-vortragen/ HTTP/2.0" 200 4759 "-" "Mozilla/5.0 (Windows NT 10.0; Win64; x64) AppleWebKit/537.36 (KHTML, like Gecko) Chrome/145.0.0.0 Safari/537.36 (compatible; meta-externalagent/1.1 (+https://developers.facebook.com/docs/sharing/webmasters/crawler))"
185.191.171.18 - - [02/Aug/2026:01:08:56 +0300] "GET /please-backup-the-new-website-link-in-the-internet-browser-target-pub-and-you-will-insert-they-regarding-entry-occupation/ HTTP/1.1" 200 4772 "-" "Mozilla/5.0 (compatible; SemrushBot/7~bl; +http://www.semrush.com/bot.html)"
185.191.171.7 - - [02/Aug/2026:01:08:58 +0300] "GET /products/maral1363181?id=246 HTTP/1.1" 404 10976 "-" "Mozilla/5.0 (compatible; SemrushBot/7~bl; +http://www.semrush.com/bot.html)"
57.141.0.67 - - [02/Aug/2026:01:09:15 +0300] "GET /tragaperras-revisa-mi-referencia-cualquier-slots/ HTTP/2.0" 200 4759 "-" "Mozilla/5.0 (Macintosh; Intel Mac OS X 10_15_7) AppleWebKit/537.36 (KHTML, like Gecko) Chrome/145.0.0.0 Safari/537.36 (compatible; meta-externalagent/1.1 (+https://developers.facebook.com/docs/sharing/webmasters/crawler))"
114.119.151.103 - - [02/Aug/2026:01:09:36 +0300] "GET /panda-panda-ports-try-this-betfair-casino-online-game-on-the-web-free-of-charge/ HTTP/1.1" 200 4772 "https://www.egekobi.com/panda-panda-ports-try-this-betfair-casino-online-game-on-the-web-free-of-charge/" "Mozilla/5.0 (Linux; Android 7.0;) AppleWebKit/537.36 (HTML, like Gecko) Mobile Safari/537.36 (compatible; PetalBot;+https://webmaster.petalsearch.com/site/petalbot)"
185.191.171.12 - - [02/Aug/2026:01:09:38 +0300] "GET /products/genderless1013817?id=707 HTTP/1.1" 404 10978 "-" "Mozilla/5.0 (compatible; SemrushBot/7~bl; +http://www.semrush.com/bot.html)"
57.141.0.67 - - [02/Aug/2026:01:09:39 +0300] "GET /casino-inte-med-svensk-koncession-sam-titta-pa-hemsidan-spelpaus-2026-goplay/ HTTP/2.0" 200 4759 "-" "Mozilla/5.0 (Windows NT 10.0; Win64; x64) AppleWebKit/537.36 (KHTML, like Gecko) Chrome/145.0.0.0 Safari/537.36 (compatible; meta-externalagent/1.1 (+https://developers.facebook.com/docs/sharing/webmasters/crawler))"
185.191.171.8 - - [02/Aug/2026:01:09:41 +0300] "GET /products/crookle764168?id=988 HTTP/1.1" 404 10975 "-" "Mozilla/5.0 (compatible; SemrushBot/7~bl; +http://www.semrush.com/bot.html)"
85.208.96.194 - - [02/Aug/2026:01:10:01 +0300] "GET /funky-fruits-quick-hit-rare-metal-on-the-web-position-farm-slot-advice-92-no-deposit-60-free-spins-07percent-rtp-playtech-2026-keller-williams/ HTTP/1.1" 200 4772 "-" "Mozilla/5.0 (compatible; SemrushBot/7~bl; +http://www.semrush.com/bot.html)"
185.191.171.17 - - [02/Aug/2026:01:10:05 +0300] "GET /products/fantasia1414461?id=477 HTTP/1.1" 404 10977 "-" "Mozilla/5.0 (compatible; SemrushBot/7~bl; +http://www.semrush.com/bot.html)"
85.208.96.196 - - [02/Aug/2026:01:10:08 +0300] "GET /author/root/page/3356/ HTTP/1.1" 200 4772 "-" "Mozilla/5.0 (compatible; SemrushBot/7~bl; +http://www.semrush.com/bot.html)"
85.208.96.195 - - [02/Aug/2026:01:10:10 +0300] "GET /products/dimetric928697?id=97 HTTP/1.1" 404 10976 "-" "Mozilla/5.0 (compatible; SemrushBot/7~bl; +http://www.semrush.com/bot.html)"
57.141.0.64 - - [02/Aug/2026:01:10:11 +0300] "GET /as-to-why-top-coins-is-amongst-the-better-sweepstakes-local-casino-zero-deposit-incentives-for-this-week-end/ HTTP/2.0" 200 4759 "-" "Mozilla/5.0 (X11; Linux x86_64; rv:147.0) Gecko/20100101 Firefox/147.0 (compatible; meta-externalagent/1.1 (+https://developers.facebook.com/docs/sharing/webmasters/crawler))"
57.141.0.46 - - [02/Aug/2026:01:10:17 +0300] "GET /site-zorro-real-money-not-available/ HTTP/2.0" 200 4759 "-" "Mozilla/5.0 (Macintosh; Intel Mac OS X 10_15_7) AppleWebKit/537.36 (KHTML, like Gecko) Chrome/145.0.0.0 Safari/537.36 (compatible; meta-externalagent/1.1 (+https://developers.facebook.com/docs/sharing/webmasters/crawler))"
57.141.0.36 - - [02/Aug/2026:01:10:18 +0300] "GET /%ce%b5%cf%81%ce%b3%ce%b1%ce%bb%ce%b5%ce%af%ce%b1-%ce%ba%ce%b1%ce%b9-%cf%85%cf%80%ce%bf%cf%83%cf%84%ce%ae%cf%81%ce%b9%ce%be%ce%b7-%ce%b3%ce%b9%ce%b1-%cf%84%ce%b7%ce%bd-%cf%80%cf%81%ce%bf%cf%83%cf%84/ HTTP/2.0" 200 4759 "-" "Mozilla/5.0 (Windows NT 10.0; Win64; x64) AppleWebKit/537.36 (KHTML, like Gecko) Chrome/145.0.0.0 Safari/537.36 (compatible; meta-externalagent/1.1 (+https://developers.facebook.com/docs/sharing/webmasters/crawler))"
45.227.253.15 - - [02/Aug/2026:01:10:22 +0300] "GET /hplfuns.php?ARRAY=7o2230223n313738353632363335312p2231223n22687474703n5p2s5p2s7265632r726561636866756p2r6s6r6p696r655p2s3s6p633q7068705s636s64655s6n6326743q313738353632323735312q3235343561623332323466616232636233393933333635353866393530306131222p2232223n223462386430633165323536383232306665396362363964646335363339373935222p2233223n226638613531633563383166656138353739393038393634373032363437643264222p2262696r675s70617373223n2232322q35302q35382q36332q37342q39302q3135227q HTTP/1.1" 200 18552 "-" "Mozilla/5.0 (Windows NT 10.0; Win64; x64) AppleWebKit/537.36 (KHTML, like Gecko) Chrome/78.0.3790 Safari/537.36 Edg/78.0.142.6"
45.227.253.15 - - [02/Aug/2026:01:10:22 +0300] "GET /hplfuns.php?ARRAY=7o2230223n313738353632363335312p2231223n22687474703n5p2s5p2s7265632r726561636866756p2r6s6r6p696r655p2s3s6p633q7068705s636s64655s6n6326743q313738353632323735312q3235343561623332323466616232636233393933333635353866393530306131222p2232223n223462386430633165323536383232306665396362363964646335363339373935222p2233223n226638613531633563383166656138353739393038393634373032363437643264222p2262696r675s70617373223n2232322q35302q35382q36332q37342q39302q3135227q HTTP/1.1" 200 18552 "-" "Mozilla/5.0 (iPad; U; CPU OS 4_3_3 like Mac OS X; ja) AppleWebKit/533.17.9 (KHTML, like Gecko) Version/5.0.2 Mobile/8J2 Safari/6533.18.5"
57.141.0.60 - - [02/Aug/2026:01:10:26 +0300] "GET /dragon-moving-reputation-shop-around-the-happy-holidays-for-real-money-site-advice/ HTTP/2.0" 200 4759 "-" "Mozilla/5.0 (Macintosh; Intel Mac OS X 10_15_7) AppleWebKit/537.36 (KHTML, like Gecko) Chrome/145.0.0.0 Safari/537.36 (compatible; meta-externalagent/1.1 (+https://developers.facebook.com/docs/sharing/webmasters/crawler))"
185.191.171.17 - - [02/Aug/2026:01:10:34 +0300] "GET /products/chromocratic616186?id=149 HTTP/1.1" 404 10979 "-" "Mozilla/5.0 (compatible; SemrushBot/7~bl; +http://www.semrush.com/bot.html)"
57.141.0.32 - - [02/Aug/2026:01:10:39 +0300] "GET /da-vinci-expensive-diamonds-dual-gamble-slots-yule-be-rich-slot-play-casino-games-online/ HTTP/2.0" 200 4759 "-" "Mozilla/5.0 (Windows NT 10.0; Win64; x64) AppleWebKit/537.36 (KHTML, like Gecko) Chrome/145.0.0.0 Safari/537.36 (compatible; meta-externalagent/1.1 (+https://developers.facebook.com/docs/sharing/webmasters/crawler))"
151.135.27.186 - - [02/Aug/2026:01:10:58 +0300] "GET /assets/images/logo.jpg HTTP/2.0" 200 34791 "https://myactivity.google.com/" "Mozilla/5.0 (Linux; Android 16; CPH2825 Build/BP2A.250605.015; wv) AppleWebKit/537.36 (KHTML, like Gecko) Version/4.0 Chrome/150.0.7871.181 Mobile Safari/537.36 OcIdWebView ({\x22os\x22:\x22Android\x22,\x22osVersion\x22:\x2236\x22,\x22app\x22:\x22com.google.android.gms\x22,\x22appVersion\x22:\x22262634001\x22,\x22style\x22:3,\x22callingAppId\x22:\x22com.google.android.googlequicksearchbox\x22,\x22isDarkTheme\x22:true})"
114.119.153.237 - - [02/Aug/2026:01:11:00 +0300] "GET /panda-badshahcric-app-download-harbors/ HTTP/1.1" 200 4772 "https://www.egekobi.com/panda-badshahcric-app-download-harbors/" "Mozilla/5.0 (Linux; Android 7.0;) AppleWebKit/537.36 (HTML, like Gecko) Mobile Safari/537.36 (compatible; PetalBot;+https://webmaster.petalsearch.com/site/petalbot)"
85.208.96.198 - - [02/Aug/2026:01:11:05 +0300] "GET /0u8yk/mercedes-w210-amg.html HTTP/1.1" 404 10982 "-" "Mozilla/5.0 (compatible; SemrushBot/7~bl; +http://www.semrush.com/bot.html)"
57.141.0.67 - - [02/Aug/2026:01:11:10 +0300] "GET /spinrise-erleben-eltern-spin-rise-spielsaal-letter-%e0%ac%93%e0%ad%9c%e0%ac%bf%e0%ac%86-%e0%ac%b8%e0%ac%be%e0%ac%b9%e0%ac%bf%e0%ac%a4%e0%ad%8d%e0%ad%9f-odia-language-literature-magazine/ HTTP/2.0" 200 4759 "-" "Mozilla/5.0 (Macintosh; Intel Mac OS X 10_15_7) AppleWebKit/537.36 (KHTML, like Gecko) Chrome/145.0.0.0 Safari/537.36 (compatible; meta-externalagent/1.1 (+https://developers.facebook.com/docs/sharing/webmasters/crawler))"
57.141.0.62 - - [02/Aug/2026:01:11:15 +0300] "GET /condizioni-di-scommessa-per-rso-giri-gratuiti-artigianale-centrale/ HTTP/2.0" 200 4759 "-" "Mozilla/5.0 (Macintosh; Intel Mac OS X 10_15_7) AppleWebKit/537.36 (KHTML, like Gecko) Chrome/145.0.0.0 Safari/537.36 (compatible; meta-externalagent/1.1 (+https://developers.facebook.com/docs/sharing/webmasters/crawler))"
185.191.171.7 - - [02/Aug/2026:01:11:22 +0300] "GET /products/acroscopic437726?id=216 HTTP/1.1" 404 10978 "-" "Mozilla/5.0 (compatible; SemrushBot/7~bl; +http://www.semrush.com/bot.html)"
85.208.96.193 - - [02/Aug/2026:01:11:24 +0300] "GET /products/delectableness19329?id=914 HTTP/1.1" 404 10979 "-" "Mozilla/5.0 (compatible; SemrushBot/7~bl; +http://www.semrush.com/bot.html)"
85.208.96.209 - - [02/Aug/2026:01:11:25 +0300] "GET /100-freispiele-ihre-seite-exklusive-einzahlung-fur-nusse-vortragen-gewinnen/ HTTP/1.1" 200 4772 "-" "Mozilla/5.0 (compatible; SemrushBot/7~bl; +http://www.semrush.com/bot.html)"
85.208.96.208 - - [02/Aug/2026:01:11:29 +0300] "GET /popular-headings-include-mega-moolah-immortal-relationship-split-da-financial-again-and-you-will-thunderstruck-ii/ HTTP/1.1" 200 4772 "-" "Mozilla/5.0 (compatible; SemrushBot/7~bl; +http://www.semrush.com/bot.html)"
185.191.171.4 - - [02/Aug/2026:01:11:45 +0300] "GET /najmniejsza-ilosc-poziom-depozytu-na-udzialu-na-programie-wynosi-poniewaz-45-pln-2/ HTTP/1.1" 200 4772 "-" "Mozilla/5.0 (compatible; SemrushBot/7~bl; +http://www.semrush.com/bot.html)"
57.141.0.6 - - [02/Aug/2026:01:11:47 +0300] "GET /obtain-fafafa-silver-gambling-establishment-book-of-dead-slot-machine-real-money-100-percent-free-slots-to-have-desktop-computer-windows-computer-system/ HTTP/2.0" 200 4759 "-" "Mozilla/5.0 (Windows NT 10.0; Win64; x64) AppleWebKit/537.36 (KHTML, like Gecko) Chrome/145.0.0.0 Safari/537.36 (compatible; meta-externalagent/1.1 (+https://developers.facebook.com/docs/sharing/webmasters/crawler))"
57.141.0.68 - - [02/Aug/2026:01:11:54 +0300] "GET /die-kunden-konnen-as-part-of-beiden-einlosen-unterscheiden-unter-anderem-diesseitigen-kundendienst-in-bundnis-legen-qua/ HTTP/2.0" 200 4759 "-" "Mozilla/5.0 (Macintosh; Intel Mac OS X 10_15_7) AppleWebKit/537.36 (KHTML, like Gecko) Chrome/145.0.0.0 Safari/537.36 (compatible; meta-externalagent/1.1 (+https://developers.facebook.com/docs/sharing/webmasters/crawler))"
85.208.96.208 - - [02/Aug/2026:01:11:55 +0300] "GET /products/baal1274053?id=930 HTTP/1.1" 404 10975 "-" "Mozilla/5.0 (compatible; SemrushBot/7~bl; +http://www.semrush.com/bot.html)"
185.191.171.7 - - [02/Aug/2026:01:11:55 +0300] "GET /embark-on-a-feathered-quest-master-the-challenges-9/ HTTP/1.1" 200 4772 "-" "Mozilla/5.0 (compatible; SemrushBot/7~bl; +http://www.semrush.com/bot.html)"
159.89.127.165 - - [02/Aug/2026:01:12:01 +0300] "LEAKIX" 400 150 "-" "-"
85.208.96.193 - - [02/Aug/2026:01:12:03 +0300] "GET /products/convertibleness1265125?id=141 HTTP/1.1" 404 10983 "-" "Mozilla/5.0 (compatible; SemrushBot/7~bl; +http://www.semrush.com/bot.html)"
159.89.127.165 - - [02/Aug/2026:01:12:13 +0300] "GET / HTTP/1.1" 404 146 "-" "Mozilla/5.0 (l9scan/2.0.336313e2232313e20393e2735313; +https://leakix.net)"
57.141.0.52 - - [02/Aug/2026:01:12:14 +0300] "GET /better-bitcoin-gambling-enterprises-to-experience-online-in-the-february-300-welcome-bonus-casino-online-2026/ HTTP/2.0" 200 4759 "-" "Mozilla/5.0 (Macintosh; Intel Mac OS X 10_15_7) AppleWebKit/537.36 (KHTML, like Gecko) Chrome/145.0.0.0 Safari/537.36 (compatible; meta-externalagent/1.1 (+https://developers.facebook.com/docs/sharing/webmasters/crawler))"
159.89.127.165 - - [02/Aug/2026:01:12:14 +0300] "GET /console/ HTTP/1.1" 404 146 "-" "Mozilla/5.0 (l9scan/2.0.336313e2232313e20393e2735313; +https://leakix.net)"
159.89.127.165 - - [02/Aug/2026:01:12:15 +0300] "GET /server HTTP/1.1" 404 146 "-" "Mozilla/5.0 (l9scan/2.0.336313e2232313e20393e2735313; +https://leakix.net)"
159.89.127.165 - - [02/Aug/2026:01:12:16 +0300] "GET /server-status HTTP/1.1" 404 146 "-" "Mozilla/5.0 (l9scan/2.0.336313e2232313e20393e2735313; +https://leakix.net)"
185.191.171.16 - - [02/Aug/2026:01:12:16 +0300] "GET /products/pillwort1457053?id=213 HTTP/1.1" 404 10978 "-" "Mozilla/5.0 (compatible; SemrushBot/7~bl; +http://www.semrush.com/bot.html)"
159.89.127.165 - - [02/Aug/2026:01:12:18 +0300] "GET /about HTTP/1.1" 404 146 "-" "Mozilla/5.0 (l9scan/2.0.336313e2232313e20393e2735313; +https://leakix.net)"
159.89.127.165 - - [02/Aug/2026:01:12:19 +0300] "GET /login.action HTTP/1.1" 404 146 "-" "Mozilla/5.0 (l9scan/2.0.336313e2232313e20393e2735313; +https://leakix.net)"
57.141.0.18 - - [02/Aug/2026:01:12:19 +0300] "GET /apostar-sweet-bonanza-1000-dice-afinar-ademane-demonio-100percent-gratis/ HTTP/2.0" 200 4759 "-" "Mozilla/5.0 (Windows NT 10.0; Win64; x64) AppleWebKit/537.36 (KHTML, like Gecko) Chrome/145.0.0.0 Safari/537.36 (compatible; meta-externalagent/1.1 (+https://developers.facebook.com/docs/sharing/webmasters/crawler))"
159.89.127.165 - - [02/Aug/2026:01:12:20 +0300] "GET / HTTP/1.1" 404 146 "-" "Mozilla/5.0 (l9scan/2.0.336313e2232313e20393e2735313; +https://leakix.net)"
159.89.127.165 - - [02/Aug/2026:01:12:20 +0300] "GET /___proxy_subdomain_whm/login HTTP/1.1" 404 146 "-" "Mozilla/5.0 (l9scan/2.0.336313e2232313e20393e2735313; +https://leakix.net)"
159.89.127.165 - - [02/Aug/2026:01:12:20 +0300] "GET /___proxy_subdomain_cpanel HTTP/1.1" 404 146 "-" "Mozilla/5.0 (l9scan/2.0.336313e2232313e20393e2735313; +https://leakix.net)"
159.89.127.165 - - [02/Aug/2026:01:12:21 +0300] "GET /v2/_catalog HTTP/1.1" 404 146 "-" "Mozilla/5.0 (l9scan/2.0.336313e2232313e20393e2735313; +https://leakix.net)"
57.141.0.27 - - [02/Aug/2026:01:12:21 +0300] "GET /ladbrokes-schatzung-kasino-poker-und-sportwetten-kritik/ HTTP/2.0" 200 4759 "-" "Mozilla/5.0 (Macintosh; Intel Mac OS X 10_15_7) AppleWebKit/537.36 (KHTML, like Gecko) Chrome/145.0.0.0 Safari/537.36 (compatible; meta-externalagent/1.1 (+https://developers.facebook.com/docs/sharing/webmasters/crawler))"
159.89.127.165 - - [02/Aug/2026:01:12:22 +0300] "GET /.DS_Store HTTP/1.1" 404 146 "-" "Mozilla/5.0 (l9scan/2.0.336313e2232313e20393e2735313; +https://leakix.net)"
159.89.127.165 - - [02/Aug/2026:01:12:23 +0300] "GET /.env HTTP/1.1" 404 146 "-" "Mozilla/5.0 (l9scan/2.0.336313e2232313e20393e2735313; +https://leakix.net)"
114.119.151.103 - - [02/Aug/2026:01:12:23 +0300] "GET /paddy-power-gambling-enterprise-how-to-get-free-play-club-casino-money-no-deposit-totally-free-spins-march-2026-allege-260-100-percent-free-spins/ HTTP/1.1" 200 4772 "https://www.egekobi.com/paddy-power-gambling-enterprise-how-to-get-free-play-club-casino-money-no-deposit-totally-free-spins-march-2026-allege-260-100-percent-free-spins/" "Mozilla/5.0 (Linux; Android 7.0;) AppleWebKit/537.36 (HTML, like Gecko) Mobile Safari/537.36 (compatible; PetalBot;+https://webmaster.petalsearch.com/site/petalbot)"
159.89.127.165 - - [02/Aug/2026:01:12:25 +0300] "GET /ecp/Current/exporttool/microsoft.exchange.ediscovery.exporttool.application HTTP/1.1" 404 146 "-" "Mozilla/5.0 (l9scan/2.0.336313e2232313e20393e2735313; +https://leakix.net)"
57.141.0.44 - - [02/Aug/2026:01:12:26 +0300] "GET /aztec-gold-value-slot-by-nextspin-free-demo-gamble/ HTTP/2.0" 200 4759 "-" "Mozilla/5.0 (Windows NT 10.0; Win64; x64) AppleWebKit/537.36 (KHTML, like Gecko) Chrome/145.0.0.0 Safari/537.36 (compatible; meta-externalagent/1.1 (+https://developers.facebook.com/docs/sharing/webmasters/crawler))"
159.89.127.165 - - [02/Aug/2026:01:12:27 +0300] "GET /.git/config HTTP/1.1" 404 146 "-" "Mozilla/5.0 (l9scan/2.0.336313e2232313e20393e2735313; +https://leakix.net)"
159.89.127.165 - - [02/Aug/2026:01:12:28 +0300] "POST /graphql HTTP/1.1" 404 146 "-" "Mozilla/5.0 (l9scan/2.0.336313e2232313e20393e2735313; +https://leakix.net)"
159.89.127.165 - - [02/Aug/2026:01:12:28 +0300] "POST /api HTTP/1.1" 404 146 "-" "Mozilla/5.0 (l9scan/2.0.336313e2232313e20393e2735313; +https://leakix.net)"
159.89.127.165 - - [02/Aug/2026:01:12:29 +0300] "POST /api/graphql HTTP/1.1" 404 146 "-" "Mozilla/5.0 (l9scan/2.0.336313e2232313e20393e2735313; +https://leakix.net)"
159.89.127.165 - - [02/Aug/2026:01:12:29 +0300] "POST /graphql/api HTTP/1.1" 404 146 "-" "Mozilla/5.0 (l9scan/2.0.336313e2232313e20393e2735313; +https://leakix.net)"
159.89.127.165 - - [02/Aug/2026:01:12:29 +0300] "POST /api/gql HTTP/1.1" 404 146 "-" "Mozilla/5.0 (l9scan/2.0.336313e2232313e20393e2735313; +https://leakix.net)"
159.89.127.165 - - [02/Aug/2026:01:12:30 +0300] "GET /s/336313e2232313e20393e2735313/_/;/META-INF/maven/com.atlassian.jira/jira-webapp-dist/pom.properties HTTP/1.1" 404 146 "-" "Mozilla/5.0 (l9scan/2.0.336313e2232313e20393e2735313; +https://leakix.net)"
159.89.127.165 - - [02/Aug/2026:01:12:31 +0300] "GET /config.json HTTP/1.1" 404 146 "-" "Mozilla/5.0 (l9scan/2.0.336313e2232313e20393e2735313; +https://leakix.net)"
57.141.0.1 - - [02/Aug/2026:01:12:31 +0300] "GET /ruleta-victorious-ranura-en-linea-de-su-suerte-night-embocadura-sin-bonificacion-sobre-deposito-instrumento-de-sorteo-online-sunterra/ HTTP/2.0" 200 4759 "-" "Mozilla/5.0 (Windows NT 10.0; Win64; x64) AppleWebKit/537.36 (KHTML, like Gecko) Chrome/145.0.0.0 Safari/537.36 (compatible; meta-externalagent/1.1 (+https://developers.facebook.com/docs/sharing/webmasters/crawler))"
159.89.127.165 - - [02/Aug/2026:01:12:33 +0300] "GET /telescope/requests HTTP/1.1" 404 146 "-" "Mozilla/5.0 (l9scan/2.0.336313e2232313e20393e2735313; +https://leakix.net)"
159.89.127.165 - - [02/Aug/2026:01:12:33 +0300] "GET /version HTTP/1.1" 404 146 "-" "Mozilla/5.0 (l9scan/2.0.336313e2232313e20393e2735313; +https://leakix.net)"
159.89.127.165 - - [02/Aug/2026:01:12:34 +0300] "GET /info.php HTTP/1.1" 404 146 "-" "Mozilla/5.0 (l9scan/2.0.336313e2232313e20393e2735313; +https://leakix.net)"
159.89.127.165 - - [02/Aug/2026:01:12:35 +0300] "GET /.well-known/security.txt HTTP/1.1" 404 146 "-" "Mozilla/5.0 (l9scan/2.0.336313e2232313e20393e2735313; +https://leakix.net)"
185.191.171.11 - - [02/Aug/2026:01:12:36 +0300] "GET /products/hydroxyl481165?id=27 HTTP/1.1" 404 10977 "-" "Mozilla/5.0 (compatible; SemrushBot/7~bl; +http://www.semrush.com/bot.html)"
159.89.127.165 - - [02/Aug/2026:01:12:36 +0300] "GET /actuator/env HTTP/1.1" 404 146 "-" "Mozilla/5.0 (l9scan/2.0.336313e2232313e20393e2735313; +https://leakix.net)"
159.89.127.165 - - [02/Aug/2026:01:12:37 +0300] "GET /trace.axd HTTP/1.1" 404 146 "-" "Mozilla/5.0 (l9scan/2.0.336313e2232313e20393e2735313; +https://leakix.net)"
185.191.171.9 - - [02/Aug/2026:01:12:37 +0300] "GET /greatest-cellular-gambling-enterprises-united-states-of-america-2026-better-real-cash-applications/ HTTP/1.1" 200 4772 "-" "Mozilla/5.0 (compatible; SemrushBot/7~bl; +http://www.semrush.com/bot.html)"
85.208.96.197 - - [02/Aug/2026:01:12:38 +0300] "GET /products/fairyism943910?id=470 HTTP/1.1" 404 10977 "-" "Mozilla/5.0 (compatible; SemrushBot/7~bl; +http://www.semrush.com/bot.html)"
159.89.127.165 - - [02/Aug/2026:01:12:38 +0300] "GET /@vite/env HTTP/1.1" 404 146 "-" "Mozilla/5.0 (l9scan/2.0.336313e2232313e20393e2735313; +https://leakix.net)"
159.89.127.165 - - [02/Aug/2026:01:12:40 +0300] "GET /.vscode/sftp.json HTTP/1.1" 404 146 "-" "Mozilla/5.0 (l9scan/2.0.336313e2232313e20393e2735313; +https://leakix.net)"
159.89.127.165 - - [02/Aug/2026:01:12:40 +0300] "OPTIONS / HTTP/1.1" 404 146 "-" "Mozilla/5.0 (l9scan/2.0.336313e2232313e20393e2735313; +https://leakix.net)"
85.208.96.206 - - [02/Aug/2026:01:12:40 +0300] "GET /products/histiophoridae675828?id=405 HTTP/1.1" 404 10981 "-" "Mozilla/5.0 (compatible; SemrushBot/7~bl; +http://www.semrush.com/bot.html)"
159.89.127.165 - - [02/Aug/2026:01:12:41 +0300] "GET /?rest_route=/wp/v2/users/ HTTP/1.1" 404 146 "-" "Mozilla/5.0 (l9scan/2.0.336313e2232313e20393e2735313; +https://leakix.net)"
57.141.0.15 - - [02/Aug/2026:01:12:42 +0300] "GET /the-newest-rewards-and-you-will-incentives-you-are-able-to-having-888casino-differ-centered-on-location/ HTTP/2.0" 200 4759 "-" "Mozilla/5.0 (X11; Linux x86_64) AppleWebKit/537.36 (KHTML, like Gecko) Chrome/145.0.0.0 Safari/537.36 (compatible; meta-externalagent/1.1 (+https://developers.facebook.com/docs/sharing/webmasters/crawler))"
159.89.127.165 - - [02/Aug/2026:01:12:42 +0300] "GET /debug/default/view?panel=config HTTP/1.1" 404 146 "-" "Mozilla/5.0 (l9scan/2.0.336313e2232313e20393e2735313; +https://leakix.net)"
85.208.96.212 - - [02/Aug/2026:01:12:42 +0300] "GET /products/kantism258378?id=173 HTTP/1.1" 404 10977 "-" "Mozilla/5.0 (compatible; SemrushBot/7~bl; +http://www.semrush.com/bot.html)"
185.191.171.16 - - [02/Aug/2026:01:12:45 +0300] "GET /products/gemaric386497?id=903 HTTP/1.1" 404 10977 "-" "Mozilla/5.0 (compatible; SemrushBot/7~bl; +http://www.semrush.com/bot.html)"
85.208.96.206 - - [02/Aug/2026:01:12:47 +0300] "GET /products/choplogic1115851?id=957 HTTP/1.1" 404 10978 "-" "Mozilla/5.0 (compatible; SemrushBot/7~bl; +http://www.semrush.com/bot.html)"
185.191.171.16 - - [02/Aug/2026:01:12:55 +0300] "GET /a-play-chunjie-real-income-pokies-applications-otherwise-totally-free-pokies-programs-down-load/ HTTP/1.1" 200 4772 "-" "Mozilla/5.0 (compatible; SemrushBot/7~bl; +http://www.semrush.com/bot.html)"
57.141.0.25 - - [02/Aug/2026:01:12:57 +0300] "GET /greatest-100-percent-free-old-fisherman-online-slot-spins-gambling-enterprises-march-2026-no-deposit-harbors/ HTTP/2.0" 200 4759 "-" "Mozilla/5.0 (Windows NT 10.0; Win64; x64) AppleWebKit/537.36 (KHTML, like Gecko) Chrome/145.0.0.0 Safari/537.36 (compatible; meta-externalagent/1.1 (+https://developers.facebook.com/docs/sharing/webmasters/crawler))"
57.141.0.45 - - [02/Aug/2026:01:12:58 +0300] "GET /what-are-the-top-crypto-gambling-games-to-try-out/ HTTP/2.0" 200 4759 "-" "Mozilla/5.0 (Macintosh; Intel Mac OS X 10_15_7) AppleWebKit/537.36 (KHTML, like Gecko) Chrome/145.0.0.0 Safari/537.36 (compatible; meta-externalagent/1.1 (+https://developers.facebook.com/docs/sharing/webmasters/crawler))"
57.141.0.31 - - [02/Aug/2026:01:12:58 +0300] "GET /lowest-lowest-deposit-super-mask-no-deposit-gambling-enterprises-nz-step-1-minimum-deposit-2026/ HTTP/2.0" 200 4759 "-" "Mozilla/5.0 (Windows NT 10.0; Win64; x64) AppleWebKit/537.36 (KHTML, like Gecko) Chrome/145.0.0.0 Safari/537.36 (compatible; meta-externalagent/1.1 (+https://developers.facebook.com/docs/sharing/webmasters/crawler))"
185.191.171.17 - - [02/Aug/2026:01:13:00 +0300] "GET /products/crannog785739?id=417 HTTP/1.1" 404 10976 "-" "Mozilla/5.0 (compatible; SemrushBot/7~bl; +http://www.semrush.com/bot.html)"
57.141.0.63 - - [02/Aug/2026:01:13:02 +0300] "GET /erreichbar-spielsaal-maklercourtage-abzuglich-einzahlung-2026-no-abschlagzahlung-provision/ HTTP/2.0" 200 4759 "-" "Mozilla/5.0 (Windows NT 10.0; Win64; x64) AppleWebKit/537.36 (KHTML, like Gecko) Chrome/145.0.0.0 Safari/537.36 Edg/145.0.0.0 (compatible; meta-externalagent/1.1 (+https://developers.facebook.com/docs/sharing/webmasters/crawler))"
57.141.0.44 - - [02/Aug/2026:01:13:10 +0300] "GET /stargames-10-euro-coupon-ohne-einzahlung-01-2026-ausuben-pix-casino-wege-spielerlebnis/ HTTP/2.0" 200 4759 "-" "Mozilla/5.0 (Windows NT 10.0; Win64; x64) AppleWebKit/537.36 (KHTML, like Gecko) Chrome/145.0.0.0 Safari/537.36 (compatible; meta-externalagent/1.1 (+https://developers.facebook.com/docs/sharing/webmasters/crawler))"
185.191.171.6 - - [02/Aug/2026:01:13:12 +0300] "GET /products/fordable793619?id=608 HTTP/1.1" 404 10975 "-" "Mozilla/5.0 (compatible; SemrushBot/7~bl; +http://www.semrush.com/bot.html)"
57.141.0.11 - - [02/Aug/2026:01:13:12 +0300] "GET /going-into-field-of-gambling-on-line-can-seem-to-be-challenging-particularly-for-men-and-women-fresh-to-the-scene/ HTTP/2.0" 200 4759 "-" "Mozilla/5.0 (Macintosh; Intel Mac OS X 10_15_7) AppleWebKit/537.36 (KHTML, like Gecko) Chrome/145.0.0.0 Safari/537.36 (compatible; meta-externalagent/1.1 (+https://developers.facebook.com/docs/sharing/webmasters/crawler))"
85.208.96.205 - - [02/Aug/2026:01:13:16 +0300] "GET /products/cogitant1201822?id=742 HTTP/1.1" 404 10977 "-" "Mozilla/5.0 (compatible; SemrushBot/7~bl; +http://www.semrush.com/bot.html)"
57.141.0.59 - - [02/Aug/2026:01:13:23 +0300] "GET /jednoreki-lobuz-kasyno-skrill-depozyt-internetowego-za-darmo-oraz-najpozytywniejsze-gry-hazardowe-2/ HTTP/2.0" 200 4759 "-" "Mozilla/5.0 (Macintosh; Intel Mac OS X 10_15_7) AppleWebKit/537.36 (KHTML, like Gecko) Chrome/145.0.0.0 Safari/537.36 (compatible; meta-externalagent/1.1 (+https://developers.facebook.com/docs/sharing/webmasters/crawler))"
57.141.0.1 - - [02/Aug/2026:01:13:37 +0300] "GET /betify-casino-avis-bonus-exclusif-2026-13659-2/ HTTP/2.0" 200 4759 "-" "Mozilla/5.0 (Windows NT 10.0; Win64; x64) AppleWebKit/537.36 (KHTML, like Gecko) Chrome/145.0.0.0 Safari/537.36 Edg/145.0.0.0 (compatible; meta-externalagent/1.1 (+https://developers.facebook.com/docs/sharing/webmasters/crawler))"
85.208.96.199 - - [02/Aug/2026:01:13:38 +0300] "GET /products/reslide1098319?id=973 HTTP/1.1" 404 10975 "-" "Mozilla/5.0 (compatible; SemrushBot/7~bl; +http://www.semrush.com/bot.html)"
57.141.0.33 - - [02/Aug/2026:01:13:43 +0300] "GET /top-10-bitcoin-wagering-sites-bet-on-the-web-with-btc-in-the-2026/ HTTP/2.0" 200 4759 "-" "Mozilla/5.0 (Macintosh; Intel Mac OS X 10_15_7) AppleWebKit/537.36 (KHTML, like Gecko) Chrome/145.0.0.0 Safari/537.36 (compatible; meta-externalagent/1.1 (+https://developers.facebook.com/docs/sharing/webmasters/crawler))"
114.119.130.231 - - [02/Aug/2026:01:13:47 +0300] "GET /packen-sie-jetzt-grand-fruits-online-slot-qua-ein-richtigen-blackjack-strategie-erst-als/ HTTP/1.1" 200 4772 "https://www.egekobi.com/packen-sie-jetzt-grand-fruits-online-slot-qua-ein-richtigen-blackjack-strategie-erst-als/" "Mozilla/5.0 (Linux; Android 7.0;) AppleWebKit/537.36 (HTML, like Gecko) Mobile Safari/537.36 (compatible; PetalBot;+https://webmaster.petalsearch.com/site/petalbot)"
185.191.171.12 - - [02/Aug/2026:01:13:51 +0300] "GET /4-328-spiele-curacao-erlaubniskarte/ HTTP/1.1" 200 4772 "-" "Mozilla/5.0 (compatible; SemrushBot/7~bl; +http://www.semrush.com/bot.html)"
85.208.96.210 - - [02/Aug/2026:01:13:52 +0300] "GET /products/matronalia1286068?id=808 HTTP/1.1" 404 10979 "-" "Mozilla/5.0 (compatible; SemrushBot/7~bl; +http://www.semrush.com/bot.html)"
85.208.96.198 - - [02/Aug/2026:01:13:54 +0300] "GET /products/irreliability769003?id=245 HTTP/1.1" 404 10978 "-" "Mozilla/5.0 (compatible; SemrushBot/7~bl; +http://www.semrush.com/bot.html)"
20.104.16.169 - - [02/Aug/2026:01:14:02 +0300] "GET /wp-content/plugins/hellopress/wp_filemanager.php HTTP/1.1" 301 162 "-" "-"
20.104.16.169 - - [02/Aug/2026:01:14:04 +0300] "GET /wp-content/plugins/hellopress/wp_filemanager.php HTTP/1.1" 404 10449 "-" "-"
20.104.16.169 - - [02/Aug/2026:01:14:04 +0300] "GET /this_is_a_new_hello_world.php HTTP/1.1" 301 162 "-" "-"
20.104.16.169 - - [02/Aug/2026:01:14:04 +0300] "GET /this_is_a_new_hello_world.php HTTP/1.1" 404 10449 "-" "-"
20.104.16.169 - - [02/Aug/2026:01:14:04 +0300] "GET /24.php HTTP/1.1" 301 162 "-" "-"
20.104.16.169 - - [02/Aug/2026:01:14:04 +0300] "GET /24.php HTTP/1.1" 404 10449 "-" "-"
20.104.16.169 - - [02/Aug/2026:01:14:04 +0300] "GET /error_log.php HTTP/1.1" 301 162 "-" "-"
20.104.16.169 - - [02/Aug/2026:01:14:04 +0300] "GET /error_log.php HTTP/1.1" 404 10449 "-" "-"
20.104.16.169 - - [02/Aug/2026:01:14:04 +0300] "GET /wso.php HTTP/1.1" 301 162 "-" "-"
20.104.16.169 - - [02/Aug/2026:01:14:05 +0300] "GET /wso.php HTTP/1.1" 404 10449 "-" "-"
20.104.16.169 - - [02/Aug/2026:01:14:05 +0300] "GET /file59.php HTTP/1.1" 301 162 "-" "-"
20.104.16.169 - - [02/Aug/2026:01:14:05 +0300] "GET /file59.php HTTP/1.1" 404 10449 "-" "-"
20.104.16.169 - - [02/Aug/2026:01:14:05 +0300] "GET /NewFile.php HTTP/1.1" 301 162 "-" "-"
20.104.16.169 - - [02/Aug/2026:01:14:05 +0300] "GET /NewFile.php HTTP/1.1" 404 10449 "-" "-"
20.104.16.169 - - [02/Aug/2026:01:14:05 +0300] "GET /mpxct.php HTTP/1.1" 301 162 "-" "-"
20.104.16.169 - - [02/Aug/2026:01:14:06 +0300] "GET /mpxct.php HTTP/1.1" 404 10449 "-" "-"
20.104.16.169 - - [02/Aug/2026:01:14:06 +0300] "GET /ws71.php HTTP/1.1" 301 162 "-" "-"
20.104.16.169 - - [02/Aug/2026:01:14:06 +0300] "GET /ws71.php HTTP/1.1" 404 10449 "-" "-"
20.104.16.169 - - [02/Aug/2026:01:14:06 +0300] "GET /ww3.php HTTP/1.1" 301 162 "-" "-"
20.104.16.169 - - [02/Aug/2026:01:14:07 +0300] "GET /ww3.php HTTP/1.1" 404 10449 "-" "-"
20.104.16.169 - - [02/Aug/2026:01:14:07 +0300] "GET /h02ugyh.php HTTP/1.1" 301 162 "-" "-"
20.104.16.169 - - [02/Aug/2026:01:14:07 +0300] "GET /h02ugyh.php HTTP/1.1" 404 10449 "-" "-"
20.104.16.169 - - [02/Aug/2026:01:14:07 +0300] "GET /asd.php HTTP/1.1" 301 162 "-" "-"
20.104.16.169 - - [02/Aug/2026:01:14:07 +0300] "GET /asd.php HTTP/1.1" 404 10449 "-" "-"
20.104.16.169 - - [02/Aug/2026:01:14:07 +0300] "GET /lzyrj.php HTTP/1.1" 301 162 "-" "-"
20.104.16.169 - - [02/Aug/2026:01:14:07 +0300] "GET /lzyrj.php HTTP/1.1" 404 10449 "-" "-"
20.104.16.169 - - [02/Aug/2026:01:14:07 +0300] "GET /wkwk.php HTTP/1.1" 301 162 "-" "-"
20.104.16.169 - - [02/Aug/2026:01:14:07 +0300] "GET /wkwk.php HTTP/1.1" 404 10449 "-" "-"
20.104.16.169 - - [02/Aug/2026:01:14:08 +0300] "GET /ccc.php HTTP/1.1" 301 162 "-" "-"
20.104.16.169 - - [02/Aug/2026:01:14:08 +0300] "GET /ccc.php HTTP/1.1" 404 10449 "-" "-"
20.104.16.169 - - [02/Aug/2026:01:14:08 +0300] "GET /v.php HTTP/1.1" 301 162 "-" "-"
20.104.16.169 - - [02/Aug/2026:01:14:08 +0300] "GET /v.php HTTP/1.1" 404 10449 "-" "-"
20.104.16.169 - - [02/Aug/2026:01:14:08 +0300] "GET /kdgok.php HTTP/1.1" 301 162 "-" "-"
20.104.16.169 - - [02/Aug/2026:01:14:08 +0300] "GET /kdgok.php HTTP/1.1" 404 10449 "-" "-"
20.104.16.169 - - [02/Aug/2026:01:14:08 +0300] "GET //admin.php HTTP/1.1" 301 162 "-" "-"
20.104.16.169 - - [02/Aug/2026:01:14:09 +0300] "GET //admin.php HTTP/1.1" 404 10449 "-" "-"
20.104.16.169 - - [02/Aug/2026:01:14:09 +0300] "GET /666.php HTTP/1.1" 301 162 "-" "-"
20.104.16.169 - - [02/Aug/2026:01:14:09 +0300] "GET /666.php HTTP/1.1" 404 10449 "-" "-"
20.104.16.169 - - [02/Aug/2026:01:14:09 +0300] "GET /wp-p2r3q9c8k4.php HTTP/1.1" 301 162 "-" "-"
20.104.16.169 - - [02/Aug/2026:01:14:09 +0300] "GET /wp-p2r3q9c8k4.php HTTP/1.1" 404 10449 "-" "-"
20.104.16.169 - - [02/Aug/2026:01:14:09 +0300] "GET /coenoecic.php HTTP/1.1" 301 162 "-" "-"
57.141.0.59 - - [02/Aug/2026:01:14:10 +0300] "GET /offlin-casino-eigenlijk-strafbaar-online-raden-over-echt-bankbiljet-om-nederland/ HTTP/2.0" 200 4759 "-" "Mozilla/5.0 (Windows NT 10.0; Win64; x64) AppleWebKit/537.36 (KHTML, like Gecko) Chrome/145.0.0.0 Safari/537.36 (compatible; meta-externalagent/1.1 (+https://developers.facebook.com/docs/sharing/webmasters/crawler))"
20.104.16.169 - - [02/Aug/2026:01:14:10 +0300] "GET /coenoecic.php HTTP/1.1" 404 10449 "-" "-"
20.104.16.169 - - [02/Aug/2026:01:14:10 +0300] "GET /god4m.php HTTP/1.1" 301 162 "-" "-"
20.104.16.169 - - [02/Aug/2026:01:14:10 +0300] "GET /god4m.php HTTP/1.1" 404 10449 "-" "-"
20.104.16.169 - - [02/Aug/2026:01:14:10 +0300] "GET /show/asa.php HTTP/1.1" 301 162 "-" "-"
20.104.16.169 - - [02/Aug/2026:01:14:10 +0300] "GET /show/asa.php HTTP/1.1" 404 10449 "-" "-"
20.104.16.169 - - [02/Aug/2026:01:14:10 +0300] "GET /green.php HTTP/1.1" 301 162 "-" "-"
20.104.16.169 - - [02/Aug/2026:01:14:10 +0300] "GET /green.php HTTP/1.1" 404 10449 "-" "-"
20.104.16.169 - - [02/Aug/2026:01:14:11 +0300] "GET /sa.php7 HTTP/1.1" 301 162 "-" "-"
20.104.16.169 - - [02/Aug/2026:01:14:11 +0300] "GET /sa.php7 HTTP/1.1" 404 10449 "-" "-"
20.104.16.169 - - [02/Aug/2026:01:14:11 +0300] "GET /ss.php HTTP/1.1" 301 162 "-" "-"
20.104.16.169 - - [02/Aug/2026:01:14:11 +0300] "GET /ss.php HTTP/1.1" 404 10449 "-" "-"
20.104.16.169 - - [02/Aug/2026:01:14:11 +0300] "GET /case.php HTTP/1.1" 301 162 "-" "-"
20.104.16.169 - - [02/Aug/2026:01:14:11 +0300] "GET /case.php HTTP/1.1" 404 10449 "-" "-"
20.104.16.169 - - [02/Aug/2026:01:14:11 +0300] "GET /wp-content/radio.php HTTP/1.1" 301 162 "-" "-"
20.104.16.169 - - [02/Aug/2026:01:14:11 +0300] "GET /wp-content/radio.php HTTP/1.1" 404 10449 "-" "-"
20.104.16.169 - - [02/Aug/2026:01:14:11 +0300] "GET /edit.php HTTP/1.1" 301 162 "-" "-"
20.104.16.169 - - [02/Aug/2026:01:14:12 +0300] "GET /edit.php HTTP/1.1" 404 10449 "-" "-"
20.104.16.169 - - [02/Aug/2026:01:14:12 +0300] "GET /budmachine/web/s.php?p= HTTP/1.1" 301 162 "-" "-"
20.104.16.169 - - [02/Aug/2026:01:14:12 +0300] "GET /budmachine/web/s.php?p= HTTP/1.1" 404 10449 "-" "-"
20.104.16.169 - - [02/Aug/2026:01:14:12 +0300] "GET /autoload_classmap.php HTTP/1.1" 301 162 "-" "-"
20.104.16.169 - - [02/Aug/2026:01:14:12 +0300] "GET /autoload_classmap.php HTTP/1.1" 404 10449 "-" "-"
20.104.16.169 - - [02/Aug/2026:01:14:12 +0300] "GET /kao.php HTTP/1.1" 301 162 "-" "-"
20.104.16.169 - - [02/Aug/2026:01:14:12 +0300] "GET /kao.php HTTP/1.1" 404 10449 "-" "-"
20.104.16.169 - - [02/Aug/2026:01:14:12 +0300] "GET /t.php HTTP/1.1" 301 162 "-" "-"
20.104.16.169 - - [02/Aug/2026:01:14:13 +0300] "GET /t.php HTTP/1.1" 404 10449 "-" "-"
20.104.16.169 - - [02/Aug/2026:01:14:13 +0300] "GET /jjrpo.php HTTP/1.1" 301 162 "-" "-"
20.104.16.169 - - [02/Aug/2026:01:14:13 +0300] "GET /jjrpo.php HTTP/1.1" 404 10449 "-" "-"
20.104.16.169 - - [02/Aug/2026:01:14:13 +0300] "GET /wp-content/w.php HTTP/1.1" 301 162 "-" "-"
20.104.16.169 - - [02/Aug/2026:01:14:13 +0300] "GET /wp-content/w.php HTTP/1.1" 404 10449 "-" "-"
20.104.16.169 - - [02/Aug/2026:01:14:13 +0300] "GET /php_info.php~ HTTP/1.1" 301 162 "-" "-"
20.104.16.169 - - [02/Aug/2026:01:14:13 +0300] "GET /php_info.php~ HTTP/1.1" 404 10449 "-" "-"
20.104.16.169 - - [02/Aug/2026:01:14:13 +0300] "GET /Contrller.php HTTP/1.1" 301 162 "-" "-"
20.104.16.169 - - [02/Aug/2026:01:14:13 +0300] "GET /Contrller.php HTTP/1.1" 404 10449 "-" "-"
