20.52.125.110 - - [02/Aug/2026:03:22:05 +0300] "GET /eror.php HTTP/1.1" 301 162 "-" "Mozilla/5.0 (Windows NT 10.0; Win64; x64) AppleWebKit/537.36 (KHTML, like Gecko) Chrome/120.0.0.0 Safari/537.36"
20.52.125.110 - - [02/Aug/2026:03:22:05 +0300] "GET /file4.php HTTP/1.1" 301 162 "-" "Mozilla/5.0 (Windows NT 10.0; Win64; x64) AppleWebKit/537.36 (KHTML, like Gecko) Chrome/120.0.0.0 Safari/537.36"
20.52.125.110 - - [02/Aug/2026:03:22:05 +0300] "GET /fm.php HTTP/1.1" 301 162 "-" "Mozilla/5.0 (Windows NT 10.0; Win64; x64) AppleWebKit/537.36 (KHTML, like Gecko) Chrome/120.0.0.0 Safari/537.36"
20.52.125.110 - - [02/Aug/2026:03:22:05 +0300] "GET /form.php HTTP/1.1" 301 162 "-" "Mozilla/5.0 (Windows NT 10.0; Win64; x64) AppleWebKit/537.36 (KHTML, like Gecko) Chrome/120.0.0.0 Safari/537.36"
57.141.0.16 - - [02/Aug/2026:03:22:06 +0300] "GET /winning-casino-nl-2026-review/ HTTP/2.0" 200 4759 "-" "Mozilla/5.0 (Macintosh; Intel Mac OS X 10_15_7) AppleWebKit/537.36 (KHTML, like Gecko) Chrome/145.0.0.0 Safari/537.36 (compatible; meta-externalagent/1.1 (+https://developers.facebook.com/docs/sharing/webmasters/crawler))"
185.191.171.11 - - [02/Aug/2026:03:22:07 +0300] "GET /products/grillage174263?id=80 HTTP/1.1" 404 10978 "-" "Mozilla/5.0 (compatible; SemrushBot/7~bl; +http://www.semrush.com/bot.html)"
57.141.0.65 - - [02/Aug/2026:03:22:13 +0300] "GET /per-presente-adunanza-ci-occuperemo-di-chi-produce-i-tuoi-giochi-da-mucchio-preferiti/ HTTP/2.0" 200 4759 "-" "Mozilla/5.0 (Windows NT 10.0; Win64; x64) AppleWebKit/537.36 (KHTML, like Gecko) Chrome/145.0.0.0 Safari/537.36 (compatible; meta-externalagent/1.1 (+https://developers.facebook.com/docs/sharing/webmasters/crawler))"
85.208.96.199 - - [02/Aug/2026:03:22:15 +0300] "GET /products/dyke901604?id=113 HTTP/1.1" 404 10975 "-" "Mozilla/5.0 (compatible; SemrushBot/7~bl; +http://www.semrush.com/bot.html)"
85.208.96.210 - - [02/Aug/2026:03:22:19 +0300] "GET /verbunden-temple-of-dead-slot-online-casino-kasino-legal-und-untersagt-as-part-of-deutschland-2025/ HTTP/1.1" 200 4772 "-" "Mozilla/5.0 (compatible; SemrushBot/7~bl; +http://www.semrush.com/bot.html)"
85.208.96.209 - - [02/Aug/2026:03:22:21 +0300] "GET /products/backsword1188698?id=342 HTTP/1.1" 404 10976 "-" "Mozilla/5.0 (compatible; SemrushBot/7~bl; +http://www.semrush.com/bot.html)"
185.191.171.10 - - [02/Aug/2026:03:22:28 +0300] "GET /products/beeswinged126641?id=369 HTTP/1.1" 404 10979 "-" "Mozilla/5.0 (compatible; SemrushBot/7~bl; +http://www.semrush.com/bot.html)"
185.191.171.13 - - [02/Aug/2026:03:22:32 +0300] "GET /products/arborescent159402?id=854 HTTP/1.1" 404 10977 "-" "Mozilla/5.0 (compatible; SemrushBot/7~bl; +http://www.semrush.com/bot.html)"
57.141.0.9 - - [02/Aug/2026:03:22:41 +0300] "GET /directory-of-casinos-inside-the-chicken/ HTTP/2.0" 200 4759 "-" "Mozilla/5.0 (Macintosh; Intel Mac OS X 10_15_7) AppleWebKit/537.36 (KHTML, like Gecko) Chrome/145.0.0.0 Safari/537.36 (compatible; meta-externalagent/1.1 (+https://developers.facebook.com/docs/sharing/webmasters/crawler))"
85.208.96.196 - - [02/Aug/2026:03:22:41 +0300] "GET /and-that-your-chumba-gambling-enterprise-possibilities-will-you-like/ HTTP/1.1" 200 4772 "-" "Mozilla/5.0 (compatible; SemrushBot/7~bl; +http://www.semrush.com/bot.html)"
51.81.81.39 - - [02/Aug/2026:03:22:47 +0300] "POST /wp-json/batch/v1 HTTP/2.0" 500 460 "-" "Mozilla/5.0 (Macintosh; Intel Mac OS X 10.15; rv:150.0) Gecko/20100101 Firefox/150.0"
85.208.96.207 - - [02/Aug/2026:03:22:48 +0300] "GET /products/dentation508100?id=967 HTTP/1.1" 404 10976 "-" "Mozilla/5.0 (compatible; SemrushBot/7~bl; +http://www.semrush.com/bot.html)"
185.191.171.19 - - [02/Aug/2026:03:22:50 +0300] "GET /products/curettement348023?id=596 HTTP/1.1" 404 10978 "-" "Mozilla/5.0 (compatible; SemrushBot/7~bl; +http://www.semrush.com/bot.html)"
185.191.171.8 - - [02/Aug/2026:03:23:17 +0300] "GET /products/aspirate1381932?id=520 HTTP/1.1" 404 10978 "-" "Mozilla/5.0 (compatible; SemrushBot/7~bl; +http://www.semrush.com/bot.html)"
114.119.155.185 - - [02/Aug/2026:03:23:18 +0300] "GET /onlajn-gama-casino-online-obzor-11459/ HTTP/1.1" 200 4772 "https://www.egekobi.com/onlajn-gama-casino-online-obzor-11459/" "Mozilla/5.0 (Linux; Android 7.0;) AppleWebKit/537.36 (HTML, like Gecko) Mobile Safari/537.36 (compatible; PetalBot;+https://webmaster.petalsearch.com/site/petalbot)"
57.141.0.12 - - [02/Aug/2026:03:23:23 +0300] "GET /acerca-de-como-transformar-bonos-sobre-casino-en-linea-referente-a-recursos-conveniente/ HTTP/2.0" 200 4759 "-" "Mozilla/5.0 (Macintosh; Intel Mac OS X 10_15_7) AppleWebKit/537.36 (KHTML, like Gecko) Chrome/145.0.0.0 Safari/537.36 (compatible; meta-externalagent/1.1 (+https://developers.facebook.com/docs/sharing/webmasters/crawler))"
185.191.171.8 - - [02/Aug/2026:03:23:25 +0300] "GET /erreichbar-spielbank-energy-fruits-slot-echtes-geld-andeuten/ HTTP/1.1" 200 4772 "-" "Mozilla/5.0 (compatible; SemrushBot/7~bl; +http://www.semrush.com/bot.html)"
185.191.171.8 - - [02/Aug/2026:03:23:28 +0300] "GET /blog/page/5875/ HTTP/1.1" 200 4772 "-" "Mozilla/5.0 (compatible; SemrushBot/7~bl; +http://www.semrush.com/bot.html)"
57.141.0.64 - - [02/Aug/2026:03:23:44 +0300] "GET /best-real-money-harbors-online-finest-position-online-game-to-play-2026/ HTTP/2.0" 200 4759 "-" "Mozilla/5.0 (Windows NT 10.0; Win64; x64) AppleWebKit/537.36 (KHTML, like Gecko) Chrome/145.0.0.0 Safari/537.36 (compatible; meta-externalagent/1.1 (+https://developers.facebook.com/docs/sharing/webmasters/crawler))"
57.141.0.56 - - [02/Aug/2026:03:23:45 +0300] "GET /243-suggests-totally-free-revolves-online-slot-games-cloud-tales-extra/ HTTP/2.0" 200 4759 "-" "Mozilla/5.0 (Windows NT 10.0; Win64; x64) AppleWebKit/537.36 (KHTML, like Gecko) Chrome/145.0.0.0 Safari/537.36 (compatible; meta-externalagent/1.1 (+https://developers.facebook.com/docs/sharing/webmasters/crawler))"
57.141.0.71 - - [02/Aug/2026:03:23:57 +0300] "GET /fifty-free-spins-no-deposit-best-online-casino-triple-dragon-southern-africa-2026/ HTTP/2.0" 200 4759 "-" "Mozilla/5.0 (Macintosh; Intel Mac OS X 10_15_7) AppleWebKit/537.36 (KHTML, like Gecko) Chrome/145.0.0.0 Safari/537.36 (compatible; meta-externalagent/1.1 (+https://developers.facebook.com/docs/sharing/webmasters/crawler))"
185.191.171.5 - - [02/Aug/2026:03:23:59 +0300] "GET /products/monocentroid444583?id=910 HTTP/1.1" 404 10979 "-" "Mozilla/5.0 (compatible; SemrushBot/7~bl; +http://www.semrush.com/bot.html)"
85.208.96.202 - - [02/Aug/2026:03:24:00 +0300] "GET /0u8yk/hot-asian-teen-sex.html HTTP/1.1" 404 10983 "-" "Mozilla/5.0 (compatible; SemrushBot/7~bl; +http://www.semrush.com/bot.html)"
185.191.171.9 - - [02/Aug/2026:03:24:05 +0300] "GET /products/merodach1038653?id=30 HTTP/1.1" 404 10978 "-" "Mozilla/5.0 (compatible; SemrushBot/7~bl; +http://www.semrush.com/bot.html)"
91.196.152.147 - - [02/Aug/2026:03:24:17 +0300] "GET / HTTP/1.1" 200 13804 "-" "Mozilla/5.0 (X11; Ubuntu; Linux x86_64; rv:134.0) Gecko/20100101 Firefox/134.0"
57.141.0.38 - - [02/Aug/2026:03:24:20 +0300] "GET /pharaos-bingo-dado-spinsamurai-150-bonus-online-experimente-arruii-demo-agora/ HTTP/2.0" 200 4759 "-" "Mozilla/5.0 (Macintosh; Intel Mac OS X 10_15_7) AppleWebKit/537.36 (KHTML, like Gecko) Chrome/145.0.0.0 Safari/537.36 (compatible; meta-externalagent/1.1 (+https://developers.facebook.com/docs/sharing/webmasters/crawler))"
185.191.171.10 - - [02/Aug/2026:03:24:22 +0300] "GET /50-freispiele-eye-medieval-mania-slot-free-spins-of-150-wege-book-of-ra-horus-pictureline/ HTTP/1.1" 200 4772 "-" "Mozilla/5.0 (compatible; SemrushBot/7~bl; +http://www.semrush.com/bot.html)"
85.208.96.210 - - [02/Aug/2026:03:24:28 +0300] "GET /products/acromiohumeral194895?id=230 HTTP/1.1" 404 10981 "-" "Mozilla/5.0 (compatible; SemrushBot/7~bl; +http://www.semrush.com/bot.html)"
57.141.0.70 - - [02/Aug/2026:03:24:28 +0300] "GET /super-joker-position-120-free-spins-no-deposit-needed-comment-play-the-demonstration-games-100percent-free-online/ HTTP/2.0" 200 4759 "-" "Mozilla/5.0 (Windows NT 10.0; Win64; x64) AppleWebKit/537.36 (KHTML, like Gecko) Chrome/145.0.0.0 Safari/537.36 (compatible; meta-externalagent/1.1 (+https://developers.facebook.com/docs/sharing/webmasters/crawler))"
85.208.96.209 - - [02/Aug/2026:03:24:42 +0300] "GET /products/counterlath26271?id=734 HTTP/1.1" 404 10978 "-" "Mozilla/5.0 (compatible; SemrushBot/7~bl; +http://www.semrush.com/bot.html)"
114.119.152.12 - - [02/Aug/2026:03:24:42 +0300] "GET /oni-to-niesamowite-przedsiebiorstwa-hazardowe-i-to-rowniez-oferuje-przez-cala-sekcje-gier-na-ktorych-mozesz-zakupic-dodatkowy/ HTTP/1.1" 200 4772 "https://www.egekobi.com/oni-to-niesamowite-przedsiebiorstwa-hazardowe-i-to-rowniez-oferuje-przez-cala-sekcje-gier-na-ktorych-mozesz-zakupic-dodatkowy/" "Mozilla/5.0 (Linux; Android 7.0;) AppleWebKit/537.36 (HTML, like Gecko) Mobile Safari/537.36 (compatible; PetalBot;+https://webmaster.petalsearch.com/site/petalbot)"
185.191.171.8 - - [02/Aug/2026:03:24:47 +0300] "GET /products/culbut941160?id=548 HTTP/1.1" 404 10975 "-" "Mozilla/5.0 (compatible; SemrushBot/7~bl; +http://www.semrush.com/bot.html)"
185.191.171.15 - - [02/Aug/2026:03:24:49 +0300] "GET /products/caliculate19785?id=899 HTTP/1.1" 404 10977 "-" "Mozilla/5.0 (compatible; SemrushBot/7~bl; +http://www.semrush.com/bot.html)"
20.251.58.190 - - [02/Aug/2026:03:24:51 +0300] "GET /wp-content/plugins/hellopress/wp_filemanager.php HTTP/1.1" 301 162 "-" "-"
20.251.58.190 - - [02/Aug/2026:03:24:51 +0300] "GET /wp-content/plugins/hellopress/wp_filemanager.php HTTP/1.1" 404 146 "-" "-"
20.251.58.190 - - [02/Aug/2026:03:24:51 +0300] "GET /this_is_a_new_hello_world.php HTTP/1.1" 301 162 "-" "-"
20.251.58.190 - - [02/Aug/2026:03:24:51 +0300] "GET /this_is_a_new_hello_world.php HTTP/1.1" 404 146 "-" "-"
20.251.58.190 - - [02/Aug/2026:03:24:51 +0300] "GET /IndoSec.php HTTP/1.1" 301 162 "-" "-"
20.251.58.190 - - [02/Aug/2026:03:24:51 +0300] "GET /IndoSec.php HTTP/1.1" 404 146 "-" "-"
20.251.58.190 - - [02/Aug/2026:03:24:51 +0300] "GET /1revo.php HTTP/1.1" 301 162 "-" "-"
20.251.58.190 - - [02/Aug/2026:03:24:51 +0300] "GET /1revo.php HTTP/1.1" 404 146 "-" "-"
20.251.58.190 - - [02/Aug/2026:03:24:51 +0300] "GET /loader.php HTTP/1.1" 301 162 "-" "-"
20.251.58.190 - - [02/Aug/2026:03:24:51 +0300] "GET /loader.php HTTP/1.1" 404 146 "-" "-"
20.251.58.190 - - [02/Aug/2026:03:24:51 +0300] "GET /esp.php? HTTP/1.1" 301 162 "-" "-"
20.251.58.190 - - [02/Aug/2026:03:24:51 +0300] "GET /esp.php? HTTP/1.1" 404 146 "-" "-"
20.251.58.190 - - [02/Aug/2026:03:24:51 +0300] "GET /dj.php HTTP/1.1" 301 162 "-" "-"
20.251.58.190 - - [02/Aug/2026:03:24:51 +0300] "GET /dj.php HTTP/1.1" 404 146 "-" "-"
85.208.96.199 - - [02/Aug/2026:03:24:58 +0300] "GET /verbunden-casinos-inside-brd-echtgeld-casino-the-golden-owl-of-athena-online-casinos-2026/ HTTP/1.1" 200 4772 "-" "Mozilla/5.0 (compatible; SemrushBot/7~bl; +http://www.semrush.com/bot.html)"
85.208.96.210 - - [02/Aug/2026:03:25:00 +0300] "GET /products/majestically610891?id=941 HTTP/1.1" 404 10979 "-" "Mozilla/5.0 (compatible; SemrushBot/7~bl; +http://www.semrush.com/bot.html)"
185.191.171.9 - - [02/Aug/2026:03:25:10 +0300] "GET /ten-finest-australian-casinos-on-the-internet-2026-partner2connect/ HTTP/1.1" 200 4772 "-" "Mozilla/5.0 (compatible; SemrushBot/7~bl; +http://www.semrush.com/bot.html)"
85.208.96.211 - - [02/Aug/2026:03:25:19 +0300] "GET /wolverine-trial-exclusivebet-casino-slot-of-playtech-flow/ HTTP/1.1" 200 4772 "-" "Mozilla/5.0 (compatible; SemrushBot/7~bl; +http://www.semrush.com/bot.html)"
57.141.0.65 - - [02/Aug/2026:03:25:21 +0300] "GET /for-folks-who-wager-a-bigger-amount-of-cash-you-are-going-to-discover-a-great-deal-more-%ef%bf%bdvip-factors/ HTTP/2.0" 200 4759 "-" "Mozilla/5.0 (Windows NT 10.0; Win64; x64) AppleWebKit/537.36 (KHTML, like Gecko) Chrome/145.0.0.0 Safari/537.36 (compatible; meta-externalagent/1.1 (+https://developers.facebook.com/docs/sharing/webmasters/crawler))"
216.73.216.61 - - [02/Aug/2026:03:25:22 +0300] "GET /sitemap.xml HTTP/2.0" 301 162 "-" "Mozilla/5.0 AppleWebKit/537.36 (KHTML, like Gecko; compatible; ClaudeBot/1.0; +claudebot@anthropic.com)"
216.73.216.61 - - [02/Aug/2026:03:25:24 +0300] "GET /sitemap.xml HTTP/2.0" 200 1429 "https://bosmartrans.com/sitemap.xml" "Mozilla/5.0 AppleWebKit/537.36 (KHTML, like Gecko; compatible; ClaudeBot/1.0; +claudebot@anthropic.com)"
185.191.171.7 - - [02/Aug/2026:03:25:37 +0300] "GET /larger-gains-and-you-can-achievement-tales-at-the-on-the-web-pokies-to-possess-mermaids-pearl-casino-aussies-my-financing-collection/ HTTP/1.1" 200 4772 "-" "Mozilla/5.0 (compatible; SemrushBot/7~bl; +http://www.semrush.com/bot.html)"
85.208.96.196 - - [02/Aug/2026:03:25:43 +0300] "GET /products/damageably284559?id=924 HTTP/1.1" 404 10978 "-" "Mozilla/5.0 (compatible; SemrushBot/7~bl; +http://www.semrush.com/bot.html)"
85.208.96.208 - - [02/Aug/2026:03:25:45 +0300] "GET /products/lepidopterology1272670?id=971 HTTP/1.1" 404 10985 "-" "Mozilla/5.0 (compatible; SemrushBot/7~bl; +http://www.semrush.com/bot.html)"
57.141.0.65 - - [02/Aug/2026:03:25:48 +0300] "GET /secrets-d-experts-pour-dominer-les-tournois-de-roulette-sur-stake-casino-2/ HTTP/2.0" 200 4759 "-" "Mozilla/5.0 (Macintosh; Intel Mac OS X 10_15_7) AppleWebKit/537.36 (KHTML, like Gecko) Chrome/145.0.0.0 Safari/537.36 (compatible; meta-externalagent/1.1 (+https://developers.facebook.com/docs/sharing/webmasters/crawler))"
57.141.0.60 - - [02/Aug/2026:03:25:49 +0300] "GET /finest-real-cash-treasure-mile-casino-bonus-withdrawal-rules-harbors-on-the-web-better-slot-game-playing-2026/ HTTP/2.0" 200 4759 "-" "Mozilla/5.0 (Macintosh; Intel Mac OS X 10_15_7) AppleWebKit/537.36 (KHTML, like Gecko) Chrome/145.0.0.0 Safari/537.36 (compatible; meta-externalagent/1.1 (+https://developers.facebook.com/docs/sharing/webmasters/crawler))"
185.191.171.7 - - [02/Aug/2026:03:25:50 +0300] "GET /category/faaliyetlerimiz/page/2204/ HTTP/1.1" 200 4772 "-" "Mozilla/5.0 (compatible; SemrushBot/7~bl; +http://www.semrush.com/bot.html)"
85.208.96.193 - - [02/Aug/2026:03:25:52 +0300] "GET /products/charlatanically429813?id=879 HTTP/1.1" 404 10981 "-" "Mozilla/5.0 (compatible; SemrushBot/7~bl; +http://www.semrush.com/bot.html)"
57.141.0.14 - - [02/Aug/2026:03:25:57 +0300] "GET /pin-up-choice-canada-location-to-gamble-towards-the-competitions/ HTTP/2.0" 200 4759 "-" "Mozilla/5.0 (Windows NT 10.0; Win64; x64) AppleWebKit/537.36 (KHTML, like Gecko) Chrome/145.0.0.0 Safari/537.36 (compatible; meta-externalagent/1.1 (+https://developers.facebook.com/docs/sharing/webmasters/crawler))"
185.191.171.19 - - [02/Aug/2026:03:26:02 +0300] "GET /products/fixative1210053?id=381 HTTP/1.1" 404 10977 "-" "Mozilla/5.0 (compatible; SemrushBot/7~bl; +http://www.semrush.com/bot.html)"
114.119.155.185 - - [02/Aug/2026:03:26:06 +0300] "GET /one-of-the-primary-perks-regarding-joining-on-pin-up-website-is-the-incentives-your-access/ HTTP/1.1" 200 4772 "https://www.egekobi.com/one-of-the-primary-perks-regarding-joining-on-pin-up-website-is-the-incentives-your-access/" "Mozilla/5.0 (Linux; Android 7.0;) AppleWebKit/537.36 (HTML, like Gecko) Mobile Safari/537.36 (compatible; PetalBot;+https://webmaster.petalsearch.com/site/petalbot)"
158.158.54.131 - - [02/Aug/2026:03:26:09 +0300] "GET /admin.php HTTP/1.1" 404 548 "-" "Mozilla/5.0 (Windows NT 10.0; Win64; x64) AppleWebKit/537.36 (KHTML, like Gecko) Chrome/120.0.0.0 Safari/537.36"
158.158.54.131 - - [02/Aug/2026:03:26:09 +0300] "GET /edit.php HTTP/1.1" 404 548 "-" "Mozilla/5.0 (Windows NT 10.0; Win64; x64) AppleWebKit/537.36 (KHTML, like Gecko) Chrome/120.0.0.0 Safari/537.36"
158.158.54.131 - - [02/Aug/2026:03:26:09 +0300] "GET /w.php HTTP/1.1" 404 548 "-" "Mozilla/5.0 (Windows NT 10.0; Win64; x64) AppleWebKit/537.36 (KHTML, like Gecko) Chrome/120.0.0.0 Safari/537.36"
158.158.54.131 - - [02/Aug/2026:03:26:09 +0300] "GET /file.php HTTP/1.1" 404 548 "-" "Mozilla/5.0 (Windows NT 10.0; Win64; x64) AppleWebKit/537.36 (KHTML, like Gecko) Chrome/120.0.0.0 Safari/537.36"
158.158.54.131 - - [02/Aug/2026:03:26:09 +0300] "GET /adminfuns.php HTTP/1.1" 404 548 "-" "Mozilla/5.0 (Windows NT 10.0; Win64; x64) AppleWebKit/537.36 (KHTML, like Gecko) Chrome/120.0.0.0 Safari/537.36"
158.158.54.131 - - [02/Aug/2026:03:26:09 +0300] "GET /aa.php HTTP/1.1" 404 548 "-" "Mozilla/5.0 (Windows NT 10.0; Win64; x64) AppleWebKit/537.36 (KHTML, like Gecko) Chrome/120.0.0.0 Safari/537.36"
158.158.54.131 - - [02/Aug/2026:03:26:09 +0300] "GET /classwithtostring.php HTTP/1.1" 404 548 "-" "Mozilla/5.0 (Windows NT 10.0; Win64; x64) AppleWebKit/537.36 (KHTML, like Gecko) Chrome/120.0.0.0 Safari/537.36"
158.158.54.131 - - [02/Aug/2026:03:26:10 +0300] "GET /about.php HTTP/1.1" 404 548 "-" "Mozilla/5.0 (Windows NT 10.0; Win64; x64) AppleWebKit/537.36 (KHTML, like Gecko) Chrome/120.0.0.0 Safari/537.36"
158.158.54.131 - - [02/Aug/2026:03:26:10 +0300] "GET /goods.php HTTP/1.1" 404 548 "-" "Mozilla/5.0 (Windows NT 10.0; Win64; x64) AppleWebKit/537.36 (KHTML, like Gecko) Chrome/120.0.0.0 Safari/537.36"
158.158.54.131 - - [02/Aug/2026:03:26:10 +0300] "GET /php8.php HTTP/1.1" 404 548 "-" "Mozilla/5.0 (Windows NT 10.0; Win64; x64) AppleWebKit/537.36 (KHTML, like Gecko) Chrome/120.0.0.0 Safari/537.36"
158.158.54.131 - - [02/Aug/2026:03:26:10 +0300] "GET /info.php HTTP/1.1" 404 548 "-" "Mozilla/5.0 (Windows NT 10.0; Win64; x64) AppleWebKit/537.36 (KHTML, like Gecko) Chrome/120.0.0.0 Safari/537.36"
158.158.54.131 - - [02/Aug/2026:03:26:10 +0300] "GET /chosen.php HTTP/1.1" 404 548 "-" "Mozilla/5.0 (Windows NT 10.0; Win64; x64) AppleWebKit/537.36 (KHTML, like Gecko) Chrome/120.0.0.0 Safari/537.36"
158.158.54.131 - - [02/Aug/2026:03:26:10 +0300] "GET /simple.php HTTP/1.1" 404 548 "-" "Mozilla/5.0 (Windows NT 10.0; Win64; x64) AppleWebKit/537.36 (KHTML, like Gecko) Chrome/120.0.0.0 Safari/537.36"
158.158.54.131 - - [02/Aug/2026:03:26:10 +0300] "GET /ioxi-o.php HTTP/1.1" 404 548 "-" "Mozilla/5.0 (Windows NT 10.0; Win64; x64) AppleWebKit/537.36 (KHTML, like Gecko) Chrome/120.0.0.0 Safari/537.36"
158.158.54.131 - - [02/Aug/2026:03:26:10 +0300] "GET /av.php HTTP/1.1" 404 548 "-" "Mozilla/5.0 (Windows NT 10.0; Win64; x64) AppleWebKit/537.36 (KHTML, like Gecko) Chrome/120.0.0.0 Safari/537.36"
158.158.54.131 - - [02/Aug/2026:03:26:10 +0300] "GET /wp-admin HTTP/1.1" 404 548 "-" "Mozilla/5.0 (Windows NT 10.0; Win64; x64) AppleWebKit/537.36 (KHTML, like Gecko) Chrome/120.0.0.0 Safari/537.36"
158.158.54.131 - - [02/Aug/2026:03:26:10 +0300] "GET /wp.php HTTP/1.1" 404 548 "-" "Mozilla/5.0 (Windows NT 10.0; Win64; x64) AppleWebKit/537.36 (KHTML, like Gecko) Chrome/120.0.0.0 Safari/537.36"
158.158.54.131 - - [02/Aug/2026:03:26:10 +0300] "GET /file2.php HTTP/1.1" 404 548 "-" "Mozilla/5.0 (Windows NT 10.0; Win64; x64) AppleWebKit/537.36 (KHTML, like Gecko) Chrome/120.0.0.0 Safari/537.36"
158.158.54.131 - - [02/Aug/2026:03:26:10 +0300] "GET /images/class-config.php HTTP/1.1" 404 548 "-" "Mozilla/5.0 (Windows NT 10.0; Win64; x64) AppleWebKit/537.36 (KHTML, like Gecko) Chrome/120.0.0.0 Safari/537.36"
158.158.54.131 - - [02/Aug/2026:03:26:10 +0300] "GET /alfa.php HTTP/1.1" 404 548 "-" "Mozilla/5.0 (Windows NT 10.0; Win64; x64) AppleWebKit/537.36 (KHTML, like Gecko) Chrome/120.0.0.0 Safari/537.36"
158.158.54.131 - - [02/Aug/2026:03:26:10 +0300] "GET /1.php HTTP/1.1" 404 548 "-" "Mozilla/5.0 (Windows NT 10.0; Win64; x64) AppleWebKit/537.36 (KHTML, like Gecko) Chrome/120.0.0.0 Safari/537.36"
158.158.54.131 - - [02/Aug/2026:03:26:10 +0300] "GET /222.php HTTP/1.1" 404 548 "-" "Mozilla/5.0 (Windows NT 10.0; Win64; x64) AppleWebKit/537.36 (KHTML, like Gecko) Chrome/120.0.0.0 Safari/537.36"
158.158.54.131 - - [02/Aug/2026:03:26:10 +0300] "GET /asasx.php HTTP/1.1" 404 548 "-" "Mozilla/5.0 (Windows NT 10.0; Win64; x64) AppleWebKit/537.36 (KHTML, like Gecko) Chrome/120.0.0.0 Safari/537.36"
158.158.54.131 - - [02/Aug/2026:03:26:10 +0300] "GET /filemanager.php HTTP/1.1" 404 548 "-" "Mozilla/5.0 (Windows NT 10.0; Win64; x64) AppleWebKit/537.36 (KHTML, like Gecko) Chrome/120.0.0.0 Safari/537.36"
158.158.54.131 - - [02/Aug/2026:03:26:10 +0300] "GET /themes.php HTTP/1.1" 404 548 "-" "Mozilla/5.0 (Windows NT 10.0; Win64; x64) AppleWebKit/537.36 (KHTML, like Gecko) Chrome/120.0.0.0 Safari/537.36"
158.158.54.131 - - [02/Aug/2026:03:26:10 +0300] "GET /wp-content/admin.php HTTP/1.1" 404 548 "-" "Mozilla/5.0 (Windows NT 10.0; Win64; x64) AppleWebKit/537.36 (KHTML, like Gecko) Chrome/120.0.0.0 Safari/537.36"
158.158.54.131 - - [02/Aug/2026:03:26:10 +0300] "GET /buy.php HTTP/1.1" 404 548 "-" "Mozilla/5.0 (Windows NT 10.0; Win64; x64) AppleWebKit/537.36 (KHTML, like Gecko) Chrome/120.0.0.0 Safari/537.36"
158.158.54.131 - - [02/Aug/2026:03:26:10 +0300] "GET /dropdown.php HTTP/1.1" 404 548 "-" "Mozilla/5.0 (Windows NT 10.0; Win64; x64) AppleWebKit/537.36 (KHTML, like Gecko) Chrome/120.0.0.0 Safari/537.36"
158.158.54.131 - - [02/Aug/2026:03:26:10 +0300] "GET /inputs.php HTTP/1.1" 404 548 "-" "Mozilla/5.0 (Windows NT 10.0; Win64; x64) AppleWebKit/537.36 (KHTML, like Gecko) Chrome/120.0.0.0 Safari/537.36"
158.158.54.131 - - [02/Aug/2026:03:26:10 +0300] "GET /100.php HTTP/1.1" 404 548 "-" "Mozilla/5.0 (Windows NT 10.0; Win64; x64) AppleWebKit/537.36 (KHTML, like Gecko) Chrome/120.0.0.0 Safari/537.36"
158.158.54.131 - - [02/Aug/2026:03:26:11 +0300] "GET /akc.php HTTP/1.1" 404 548 "-" "Mozilla/5.0 (Windows NT 10.0; Win64; x64) AppleWebKit/537.36 (KHTML, like Gecko) Chrome/120.0.0.0 Safari/537.36"
158.158.54.131 - - [02/Aug/2026:03:26:11 +0300] "GET /autoload_classmap/function.php HTTP/1.1" 404 548 "-" "Mozilla/5.0 (Windows NT 10.0; Win64; x64) AppleWebKit/537.36 (KHTML, like Gecko) Chrome/120.0.0.0 Safari/537.36"
158.158.54.131 - - [02/Aug/2026:03:26:11 +0300] "GET /php.php HTTP/1.1" 404 548 "-" "Mozilla/5.0 (Windows NT 10.0; Win64; x64) AppleWebKit/537.36 (KHTML, like Gecko) Chrome/120.0.0.0 Safari/537.36"
158.158.54.131 - - [02/Aug/2026:03:26:11 +0300] "GET /t.php HTTP/1.1" 404 548 "-" "Mozilla/5.0 (Windows NT 10.0; Win64; x64) AppleWebKit/537.36 (KHTML, like Gecko) Chrome/120.0.0.0 Safari/537.36"
158.158.54.131 - - [02/Aug/2026:03:26:11 +0300] "GET /index/function.php HTTP/1.1" 404 548 "-" "Mozilla/5.0 (Windows NT 10.0; Win64; x64) AppleWebKit/537.36 (KHTML, like Gecko) Chrome/120.0.0.0 Safari/537.36"
158.158.54.131 - - [02/Aug/2026:03:26:11 +0300] "GET /wk/index.php HTTP/1.1" 404 548 "-" "Mozilla/5.0 (Windows NT 10.0; Win64; x64) AppleWebKit/537.36 (KHTML, like Gecko) Chrome/120.0.0.0 Safari/537.36"
158.158.54.131 - - [02/Aug/2026:03:26:11 +0300] "GET /wp-blink.php HTTP/1.1" 404 548 "-" "Mozilla/5.0 (Windows NT 10.0; Win64; x64) AppleWebKit/537.36 (KHTML, like Gecko) Chrome/120.0.0.0 Safari/537.36"
158.158.54.131 - - [02/Aug/2026:03:26:11 +0300] "GET /xfun.php HTTP/1.1" 404 548 "-" "Mozilla/5.0 (Windows NT 10.0; Win64; x64) AppleWebKit/537.36 (KHTML, like Gecko) Chrome/120.0.0.0 Safari/537.36"
158.158.54.131 - - [02/Aug/2026:03:26:11 +0300] "GET /p.php HTTP/1.1" 404 548 "-" "Mozilla/5.0 (Windows NT 10.0; Win64; x64) AppleWebKit/537.36 (KHTML, like Gecko) Chrome/120.0.0.0 Safari/537.36"
158.158.54.131 - - [02/Aug/2026:03:26:11 +0300] "GET /wp-content/themes/admin.php HTTP/1.1" 404 548 "-" "Mozilla/5.0 (Windows NT 10.0; Win64; x64) AppleWebKit/537.36 (KHTML, like Gecko) Chrome/120.0.0.0 Safari/537.36"
158.158.54.131 - - [02/Aug/2026:03:26:11 +0300] "GET /aaa.php HTTP/1.1" 404 548 "-" "Mozilla/5.0 (Windows NT 10.0; Win64; x64) AppleWebKit/537.36 (KHTML, like Gecko) Chrome/120.0.0.0 Safari/537.36"
158.158.54.131 - - [02/Aug/2026:03:26:11 +0300] "GET /term.php HTTP/1.1" 404 548 "-" "Mozilla/5.0 (Windows NT 10.0; Win64; x64) AppleWebKit/537.36 (KHTML, like Gecko) Chrome/120.0.0.0 Safari/537.36"
158.158.54.131 - - [02/Aug/2026:03:26:11 +0300] "GET /7.php HTTP/1.1" 404 548 "-" "Mozilla/5.0 (Windows NT 10.0; Win64; x64) AppleWebKit/537.36 (KHTML, like Gecko) Chrome/120.0.0.0 Safari/537.36"
158.158.54.131 - - [02/Aug/2026:03:26:11 +0300] "GET /file5.php HTTP/1.1" 404 548 "-" "Mozilla/5.0 (Windows NT 10.0; Win64; x64) AppleWebKit/537.36 (KHTML, like Gecko) Chrome/120.0.0.0 Safari/537.36"
158.158.54.131 - - [02/Aug/2026:03:26:11 +0300] "GET /makeasmtp.php HTTP/1.1" 404 548 "-" "Mozilla/5.0 (Windows NT 10.0; Win64; x64) AppleWebKit/537.36 (KHTML, like Gecko) Chrome/120.0.0.0 Safari/537.36"
158.158.54.131 - - [02/Aug/2026:03:26:11 +0300] "GET /wp-content/index.php HTTP/1.1" 404 548 "-" "Mozilla/5.0 (Windows NT 10.0; Win64; x64) AppleWebKit/537.36 (KHTML, like Gecko) Chrome/120.0.0.0 Safari/537.36"
158.158.54.131 - - [02/Aug/2026:03:26:11 +0300] "GET /atomlib.php HTTP/1.1" 404 548 "-" "Mozilla/5.0 (Windows NT 10.0; Win64; x64) AppleWebKit/537.36 (KHTML, like Gecko) Chrome/120.0.0.0 Safari/537.36"
158.158.54.131 - - [02/Aug/2026:03:26:11 +0300] "GET /min.php HTTP/1.1" 404 548 "-" "Mozilla/5.0 (Windows NT 10.0; Win64; x64) AppleWebKit/537.36 (KHTML, like Gecko) Chrome/120.0.0.0 Safari/537.36"
158.158.54.131 - - [02/Aug/2026:03:26:11 +0300] "GET /mac.php HTTP/1.1" 404 548 "-" "Mozilla/5.0 (Windows NT 10.0; Win64; x64) AppleWebKit/537.36 (KHTML, like Gecko) Chrome/120.0.0.0 Safari/537.36"
158.158.54.131 - - [02/Aug/2026:03:26:12 +0300] "GET /nc4.php HTTP/1.1" 404 548 "-" "Mozilla/5.0 (Windows NT 10.0; Win64; x64) AppleWebKit/537.36 (KHTML, like Gecko) Chrome/120.0.0.0 Safari/537.36"
85.208.96.193 - - [02/Aug/2026:03:26:14 +0300] "GET /products/mohr592121?id=380 HTTP/1.1" 404 10975 "-" "Mozilla/5.0 (compatible; SemrushBot/7~bl; +http://www.semrush.com/bot.html)"
66.249.66.160 - - [02/Aug/2026:03:26:20 +0300] "GET /products/cardiorenal11076?id=400 HTTP/1.1" 404 10978 "-" "Mozilla/5.0 (Linux; Android 6.0.1; Nexus 5X Build/MMB29P) AppleWebKit/537.36 (KHTML, like Gecko) Chrome/150.0.7871.186 Mobile Safari/537.36 (compatible; Googlebot/2.1; +http://www.google.com/bot.html)"
185.191.171.2 - - [02/Aug/2026:03:26:22 +0300] "GET /products/litterateur1125750?id=128 HTTP/1.1" 404 10978 "-" "Mozilla/5.0 (compatible; SemrushBot/7~bl; +http://www.semrush.com/bot.html)"
57.141.0.71 - - [02/Aug/2026:03:26:22 +0300] "GET /great-bluish-video-game-%e1%90%88-free-gamble-spybet-app-download-for-android-online-game/ HTTP/2.0" 200 4759 "-" "Mozilla/5.0 (Windows NT 10.0; Win64; x64) AppleWebKit/537.36 (KHTML, like Gecko) Chrome/145.0.0.0 Safari/537.36 (compatible; meta-externalagent/1.1 (+https://developers.facebook.com/docs/sharing/webmasters/crawler))"
57.141.0.19 - - [02/Aug/2026:03:26:23 +0300] "GET /better-ports-playing-on-line-for-real-money-feb-2026-finest-rtp-casinos-video-game-this-week/ HTTP/2.0" 200 4759 "-" "Mozilla/5.0 (Macintosh; Intel Mac OS X 10_15_7) AppleWebKit/537.36 (KHTML, like Gecko) Chrome/145.0.0.0 Safari/537.36 (compatible; meta-externalagent/1.1 (+https://developers.facebook.com/docs/sharing/webmasters/crawler))"
48.47.22.227 - - [02/Aug/2026:03:26:33 +0300] "GET /wp-content/uploads/2021/10/7c130353-360a-4a63-852d-4df88d9f02f9-551x700.jpg HTTP/2.0" 200 4759 "https://www.egekobi.com/our-company-portfolio-3/" "Mozilla/5.0 (Macintosh; Intel Mac OS X 10_15_7) AppleWebKit/537.36 (KHTML, like Gecko) Chrome/131.0.0.0 Safari/537.36"
85.208.96.210 - - [02/Aug/2026:03:26:35 +0300] "GET /eye-of-horus-kostenlos-spielen-blos-30-freie-spins-diamond-mine-registrierung-2026/ HTTP/1.1" 200 4772 "-" "Mozilla/5.0 (compatible; SemrushBot/7~bl; +http://www.semrush.com/bot.html)"
51.103.152.96 - - [02/Aug/2026:03:26:39 +0300] "GET /wp-content/plugins/hellopress/wp_filemanager.php HTTP/1.1" 301 162 "-" "-"
51.103.152.96 - - [02/Aug/2026:03:26:39 +0300] "GET /this_is_a_new_hello_world.php HTTP/1.1" 301 162 "-" "-"
51.103.152.96 - - [02/Aug/2026:03:26:39 +0300] "GET /IndoSec.php HTTP/1.1" 301 162 "-" "-"
51.103.152.96 - - [02/Aug/2026:03:26:39 +0300] "GET /1revo.php HTTP/1.1" 301 162 "-" "-"
51.103.152.96 - - [02/Aug/2026:03:26:39 +0300] "GET /loader.php HTTP/1.1" 301 162 "-" "-"
51.103.152.96 - - [02/Aug/2026:03:26:39 +0300] "GET /esp.php? HTTP/1.1" 301 162 "-" "-"
51.103.152.96 - - [02/Aug/2026:03:26:39 +0300] "GET /dj.php HTTP/1.1" 301 162 "-" "-"
85.208.96.194 - - [02/Aug/2026:03:26:45 +0300] "GET /wishlist/ HTTP/1.1" 200 4772 "-" "Mozilla/5.0 (compatible; SemrushBot/7~bl; +http://www.semrush.com/bot.html)"
185.191.171.7 - - [02/Aug/2026:03:26:46 +0300] "GET /products/bubo935602?id=975 HTTP/1.1" 404 10975 "-" "Mozilla/5.0 (compatible; SemrushBot/7~bl; +http://www.semrush.com/bot.html)"
57.141.0.19 - - [02/Aug/2026:03:26:49 +0300] "GET /unser-lohnende-ausflug-kannst-du-inoffizieller-mitarbeiter-winz-spielsalon-erlebnis-welches-einen-den-neuesten-spielern-drei-willkommensboni-verlangt/ HTTP/2.0" 200 4759 "-" "Mozilla/5.0 (Macintosh; Intel Mac OS X 10_15_7) AppleWebKit/537.36 (KHTML, like Gecko) Chrome/145.0.0.0 Safari/537.36 (compatible; meta-externalagent/1.1 (+https://developers.facebook.com/docs/sharing/webmasters/crawler))"
85.208.96.206 - - [02/Aug/2026:03:26:51 +0300] "GET /products/agrionidae1148875?id=527 HTTP/1.1" 404 10980 "-" "Mozilla/5.0 (compatible; SemrushBot/7~bl; +http://www.semrush.com/bot.html)"
185.191.171.10 - - [02/Aug/2026:03:26:52 +0300] "GET /products/hilasmic723835?id=761 HTTP/1.1" 404 10978 "-" "Mozilla/5.0 (compatible; SemrushBot/7~bl; +http://www.semrush.com/bot.html)"
31.210.55.42 - - [02/Aug/2026:03:26:58 +0300] "GET /.well-known/acme-challenge/916BMV666PZP_RTQKJNV3MHC9CVS9SMY HTTP/1.1" 301 162 "-" "Cpanel-HTTP-Client/1.0"
31.210.55.42 - - [02/Aug/2026:03:26:58 +0300] "GET /.well-known/acme-challenge/916BMV666PZP_RTQKJNV3MHC9CVS9SMY HTTP/1.1" 200 13804 "-" "Cpanel-HTTP-Client/1.0"
31.210.55.42 - - [02/Aug/2026:03:26:59 +0300] "GET /.well-known/acme-challenge/16TZCR-SC8T3U4N63739XI4-QM390R6U HTTP/1.1" 301 162 "-" "Cpanel-HTTP-Client/1.0"
31.210.55.42 - - [02/Aug/2026:03:27:00 +0300] "GET /.well-known/acme-challenge/16TZCR-SC8T3U4N63739XI4-QM390R6U HTTP/1.1" 200 13804 "-" "Cpanel-HTTP-Client/1.0"
85.208.96.194 - - [02/Aug/2026:03:27:06 +0300] "GET /products/absurdly914720?id=475 HTTP/1.1" 404 10978 "-" "Mozilla/5.0 (compatible; SemrushBot/7~bl; +http://www.semrush.com/bot.html)"
85.208.96.202 - - [02/Aug/2026:03:27:09 +0300] "GET /products/degreewise519250?id=246 HTTP/1.1" 404 10978 "-" "Mozilla/5.0 (compatible; SemrushBot/7~bl; +http://www.semrush.com/bot.html)"
85.208.96.196 - - [02/Aug/2026:03:27:10 +0300] "GET /anos-sobre-retirada-correo-electronico-sobre-auxilio-chat-en-listo/ HTTP/1.1" 200 4772 "-" "Mozilla/5.0 (compatible; SemrushBot/7~bl; +http://www.semrush.com/bot.html)"
185.191.171.19 - - [02/Aug/2026:03:27:20 +0300] "GET /free-spins-online-casinos-2026-zero-put-free-spins-wager-free-now-offers/ HTTP/1.1" 200 4772 "-" "Mozilla/5.0 (compatible; SemrushBot/7~bl; +http://www.semrush.com/bot.html)"
185.191.171.19 - - [02/Aug/2026:03:27:22 +0300] "GET /products/carpodetus509878?id=403 HTTP/1.1" 404 10979 "-" "Mozilla/5.0 (compatible; SemrushBot/7~bl; +http://www.semrush.com/bot.html)"
114.119.151.103 - - [02/Aug/2026:03:27:32 +0300] "GET /one-of-many-top-reliable-playing-enterprises-in-the-uk/ HTTP/1.1" 200 4772 "https://www.egekobi.com/one-of-many-top-reliable-playing-enterprises-in-the-uk/" "Mozilla/5.0 (Linux; Android 7.0;) AppleWebKit/537.36 (HTML, like Gecko) Mobile Safari/537.36 (compatible; PetalBot;+https://webmaster.petalsearch.com/site/petalbot)"
84.75.150.240 - - [02/Aug/2026:03:27:40 +0300] "GET /100-percent-free-sex-video-clips-high-definition-porno-video-clips/ HTTP/1.1" 200 4772 "-" "Mozilla/5.0 (Macintosh; Intel Mac OS X 10_15_7) AppleWebKit/537.36 (KHTML, like Gecko) Chrome/131.0.0.0 Safari/537.36"
185.191.171.14 - - [02/Aug/2026:03:27:45 +0300] "GET /products/might319184?id=701 HTTP/1.1" 404 10975 "-" "Mozilla/5.0 (compatible; SemrushBot/7~bl; +http://www.semrush.com/bot.html)"
57.141.0.32 - - [02/Aug/2026:03:27:51 +0300] "GET /dual-spin-position-canada-remark-demonstration-100-percent-profitable-site-free-enjoy-rtp-look-at/ HTTP/2.0" 200 4759 "-" "Mozilla/5.0 (Windows NT 10.0; Win64; x64) AppleWebKit/537.36 (KHTML, like Gecko) Chrome/145.0.0.0 Safari/537.36 (compatible; meta-externalagent/1.1 (+https://developers.facebook.com/docs/sharing/webmasters/crawler))"
57.141.0.5 - - [02/Aug/2026:03:27:56 +0300] "GET /aud-777-casino-online-gaming-in-australia-your-first-steps-24/ HTTP/2.0" 200 4759 "-" "Mozilla/5.0 (Windows NT 10.0; Win64; x64) AppleWebKit/537.36 (KHTML, like Gecko) Chrome/145.0.0.0 Safari/537.36 (compatible; meta-externalagent/1.1 (+https://developers.facebook.com/docs/sharing/webmasters/crawler))"
92.222.108.106 - - [02/Aug/2026:03:28:01 +0300] "GET /this-ban-is-mostly-due-to-issues-about-morality-and-social-things-of-playing/feed/ HTTP/2.0" 304 0 "-" "Mozilla/5.0 (compatible; AhrefsBot/7.0; +http://ahrefs.com/robot/)"
185.191.171.10 - - [02/Aug/2026:03:28:17 +0300] "GET /the-brand-new-online-slots-games-the-newest-position-video-game-in-go-america-february-2026/ HTTP/1.1" 200 4772 "-" "Mozilla/5.0 (compatible; SemrushBot/7~bl; +http://www.semrush.com/bot.html)"
85.208.96.199 - - [02/Aug/2026:03:28:20 +0300] "GET /author/root/page/2116/ HTTP/1.1" 200 4772 "-" "Mozilla/5.0 (compatible; SemrushBot/7~bl; +http://www.semrush.com/bot.html)"
57.141.0.28 - - [02/Aug/2026:03:28:21 +0300] "GET /thunderstruck-ii-slot-review-96-blueprint-pokie-software-65-rtp-cuatro-totally-free-twist-methods-wild-reels/ HTTP/2.0" 200 4759 "-" "Mozilla/5.0 (Windows NT 10.0; Win64; x64) AppleWebKit/537.36 (KHTML, like Gecko) Chrome/145.0.0.0 Safari/537.36 (compatible; meta-externalagent/1.1 (+https://developers.facebook.com/docs/sharing/webmasters/crawler))"
185.191.171.13 - - [02/Aug/2026:03:28:24 +0300] "GET /0u8yk/qemu-questa-github.html HTTP/1.1" 404 10985 "-" "Mozilla/5.0 (compatible; SemrushBot/7~bl; +http://www.semrush.com/bot.html)"
85.208.96.194 - - [02/Aug/2026:03:28:26 +0300] "GET /products/interjectory110331?id=215 HTTP/1.1" 404 10980 "-" "Mozilla/5.0 (compatible; SemrushBot/7~bl; +http://www.semrush.com/bot.html)"
57.141.0.55 - - [02/Aug/2026:03:28:26 +0300] "GET /welcome-to-slotlair-gambling-establishment-the-best-place-to-go-for-on-line-casino-enthusiasts/ HTTP/2.0" 200 4759 "-" "Mozilla/5.0 (Windows NT 10.0; Win64; x64) AppleWebKit/537.36 (KHTML, like Gecko) Chrome/145.0.0.0 Safari/537.36 (compatible; meta-externalagent/1.1 (+https://developers.facebook.com/docs/sharing/webmasters/crawler))"
185.191.171.1 - - [02/Aug/2026:03:28:28 +0300] "GET /products/entropion1393817?id=748 HTTP/1.1" 404 10978 "-" "Mozilla/5.0 (compatible; SemrushBot/7~bl; +http://www.semrush.com/bot.html)"
57.141.0.36 - - [02/Aug/2026:03:28:28 +0300] "GET /10bet-gambling-enterprise-remark-2026-bonus-and-finest-harbors-to-have-sa-players/ HTTP/2.0" 200 4759 "-" "Mozilla/5.0 (X11; Linux x86_64) AppleWebKit/537.36 (KHTML, like Gecko) Chrome/145.0.0.0 Safari/537.36 (compatible; meta-externalagent/1.1 (+https://developers.facebook.com/docs/sharing/webmasters/crawler))"
85.208.96.205 - - [02/Aug/2026:03:28:29 +0300] "GET /products/gruiform1142074?id=223 HTTP/1.1" 404 10977 "-" "Mozilla/5.0 (compatible; SemrushBot/7~bl; +http://www.semrush.com/bot.html)"
85.208.96.210 - - [02/Aug/2026:03:28:32 +0300] "GET /products/bluebottle348885?id=267 HTTP/1.1" 404 10978 "-" "Mozilla/5.0 (compatible; SemrushBot/7~bl; +http://www.semrush.com/bot.html)"
57.141.0.17 - - [02/Aug/2026:03:28:41 +0300] "GET /the-deposit-10-get-100-fs-basics-of-smooth-and-difficult-give/ HTTP/2.0" 200 4759 "-" "Mozilla/5.0 (Windows NT 10.0; Win64; x64) AppleWebKit/537.36 (KHTML, like Gecko) Chrome/145.0.0.0 Safari/537.36 (compatible; meta-externalagent/1.1 (+https://developers.facebook.com/docs/sharing/webmasters/crawler))"
57.141.0.17 - - [02/Aug/2026:03:28:42 +0300] "GET /brookings-fishing/ HTTP/2.0" 200 4759 "-" "Mozilla/5.0 (Windows NT 10.0; Win64; x64) AppleWebKit/537.36 (KHTML, like Gecko) Chrome/145.0.0.0 Safari/537.36 Edg/145.0.0.0 (compatible; meta-externalagent/1.1 (+https://developers.facebook.com/docs/sharing/webmasters/crawler))"
85.208.96.202 - - [02/Aug/2026:03:28:51 +0300] "GET /robots.txt HTTP/1.1" 301 162 "-" "Mozilla/5.0 (compatible; SemrushBot/7~bl; +http://www.semrush.com/bot.html)"
57.141.0.27 - - [02/Aug/2026:03:28:51 +0300] "GET /in-der-oberen-rechten-winkel-konnte-person-buttons-fur-unser-registration-registrierung-auftreiben/ HTTP/2.0" 200 4759 "-" "Mozilla/5.0 (Windows NT 10.0; Win64; x64) AppleWebKit/537.36 (KHTML, like Gecko) Chrome/145.0.0.0 Safari/537.36 (compatible; meta-externalagent/1.1 (+https://developers.facebook.com/docs/sharing/webmasters/crawler))"
85.208.96.202 - - [02/Aug/2026:03:28:52 +0300] "GET /robots.txt HTTP/1.1" 502 150 "-" "Mozilla/5.0 (compatible; SemrushBot/7~bl; +http://www.semrush.com/bot.html)"
114.119.130.231 - - [02/Aug/2026:03:28:54 +0300] "GET /one-hundred-free-spins-zero-put-southern-area-africa-2026-mercantile-workplace-options-pvt-ltd/ HTTP/1.1" 200 4772 "https://www.egekobi.com/one-hundred-free-spins-zero-put-southern-area-africa-2026-mercantile-workplace-options-pvt-ltd/" "Mozilla/5.0 (Linux; Android 7.0;) AppleWebKit/537.36 (HTML, like Gecko) Mobile Safari/537.36 (compatible; PetalBot;+https://webmaster.petalsearch.com/site/petalbot)"
57.141.0.60 - - [02/Aug/2026:03:28:56 +0300] "GET /bitcoin-web-based-casinos-in-the-2026-682-gambling-enterprises-accept-bitcoin/ HTTP/2.0" 200 4759 "-" "Mozilla/5.0 (Macintosh; Intel Mac OS X 10_15_7) AppleWebKit/537.36 (KHTML, like Gecko) Chrome/145.0.0.0 Safari/537.36 (compatible; meta-externalagent/1.1 (+https://developers.facebook.com/docs/sharing/webmasters/crawler))"
85.208.96.210 - - [02/Aug/2026:03:28:59 +0300] "GET /products/coberger388346?id=225 HTTP/1.1" 404 10977 "-" "Mozilla/5.0 (compatible; SemrushBot/7~bl; +http://www.semrush.com/bot.html)"
57.141.0.20 - - [02/Aug/2026:03:29:02 +0300] "GET /step-one-1m-repaid-150-possibility-the-fresh-raging-rhino-in-order-to-look-after-ransomware-attack-to-the-ca-condition/ HTTP/2.0" 200 4759 "-" "Mozilla/5.0 (Windows NT 10.0; Win64; x64) AppleWebKit/537.36 (KHTML, like Gecko) Chrome/145.0.0.0 Safari/537.36 (compatible; meta-externalagent/1.1 (+https://developers.facebook.com/docs/sharing/webmasters/crawler))"
185.191.171.2 - - [02/Aug/2026:03:29:17 +0300] "GET /products/graphorrhea1335367?id=601 HTTP/1.1" 404 10979 "-" "Mozilla/5.0 (compatible; SemrushBot/7~bl; +http://www.semrush.com/bot.html)"
69.171.231.1 - - [02/Aug/2026:03:29:31 +0300] "GET /robots.txt HTTP/2.0" 301 162 "-" "facebookexternalhit/1.1 (+http://www.facebook.com/externalhit_uatext.php)"
69.171.231.112 - - [02/Aug/2026:03:29:31 +0300] "GET /robots.txt HTTP/2.0" 200 349 "-" "facebookexternalhit/1.1 (+http://www.facebook.com/externalhit_uatext.php)"
85.208.96.208 - - [02/Aug/2026:03:29:32 +0300] "GET /sweepstakes-gold-coins-provide-additional-excitement-plus-the-possibility-within-bucks-prizes-playing-on-the/ HTTP/1.1" 200 4772 "-" "Mozilla/5.0 (compatible; SemrushBot/7~bl; +http://www.semrush.com/bot.html)"
57.141.0.48 - - [02/Aug/2026:03:29:37 +0300] "GET /you-have-to-put-20-or-more-to-receive-that-it-present/ HTTP/2.0" 200 4759 "-" "Mozilla/5.0 (Windows NT 10.0; Win64; x64) AppleWebKit/537.36 (KHTML, like Gecko) Chrome/145.0.0.0 Safari/537.36 (compatible; meta-externalagent/1.1 (+https://developers.facebook.com/docs/sharing/webmasters/crawler))"
85.208.96.195 - - [02/Aug/2026:03:29:38 +0300] "GET /products/croupiness1348920?id=328 HTTP/1.1" 404 10980 "-" "Mozilla/5.0 (compatible; SemrushBot/7~bl; +http://www.semrush.com/bot.html)"
85.208.96.205 - - [02/Aug/2026:03:29:46 +0300] "GET /category/faaliyetlerimiz/page/7027/ HTTP/1.1" 200 4772 "-" "Mozilla/5.0 (compatible; SemrushBot/7~bl; +http://www.semrush.com/bot.html)"
185.191.171.18 - - [02/Aug/2026:03:29:47 +0300] "GET /products/agalwood1385195?id=721 HTTP/1.1" 404 10979 "-" "Mozilla/5.0 (compatible; SemrushBot/7~bl; +http://www.semrush.com/bot.html)"
57.141.0.1 - - [02/Aug/2026:03:29:59 +0300] "GET /verflixte-dreizehn-supernova-spielautomat-hole-dir-deinen-code-pro-13-gebuhrenfrei-freispiele/ HTTP/2.0" 200 4759 "-" "Mozilla/5.0 (Macintosh; Intel Mac OS X 10_15_7) AppleWebKit/537.36 (KHTML, like Gecko) Chrome/145.0.0.0 Safari/537.36 (compatible; meta-externalagent/1.1 (+https://developers.facebook.com/docs/sharing/webmasters/crawler))"
85.208.96.203 - - [02/Aug/2026:03:30:07 +0300] "GET /products/hetaerism1155150?id=848 HTTP/1.1" 404 10979 "-" "Mozilla/5.0 (compatible; SemrushBot/7~bl; +http://www.semrush.com/bot.html)"
85.208.96.201 - - [02/Aug/2026:03:30:11 +0300] "GET /products/cloudless329023?id=284 HTTP/1.1" 404 10978 "-" "Mozilla/5.0 (compatible; SemrushBot/7~bl; +http://www.semrush.com/bot.html)"
85.208.96.198 - - [02/Aug/2026:03:30:15 +0300] "GET /products/luteofuscescent980295?id=237 HTTP/1.1" 404 10982 "-" "Mozilla/5.0 (compatible; SemrushBot/7~bl; +http://www.semrush.com/bot.html)"
20.104.16.169 - - [02/Aug/2026:03:30:17 +0300] "GET /wp-content/plugins/admin.php HTTP/1.1" 404 548 "-" "Mozilla/5.0 (Windows NT 10.0; Win64; x64) AppleWebKit/537.36 (KHTML, like Gecko) Chrome/120.0.0.0 Safari/537.36"
20.104.16.169 - - [02/Aug/2026:03:30:17 +0300] "GET /adminfuns.php HTTP/1.1" 404 548 "-" "Mozilla/5.0 (Windows NT 10.0; Win64; x64) AppleWebKit/537.36 (KHTML, like Gecko) Chrome/120.0.0.0 Safari/537.36"
20.104.16.169 - - [02/Aug/2026:03:30:18 +0300] "GET /admin.php HTTP/1.1" 404 548 "-" "Mozilla/5.0 (Windows NT 10.0; Win64; x64) AppleWebKit/537.36 (KHTML, like Gecko) Chrome/120.0.0.0 Safari/537.36"
20.104.16.169 - - [02/Aug/2026:03:30:18 +0300] "GET /php8.php HTTP/1.1" 404 548 "-" "Mozilla/5.0 (Windows NT 10.0; Win64; x64) AppleWebKit/537.36 (KHTML, like Gecko) Chrome/120.0.0.0 Safari/537.36"
20.104.16.169 - - [02/Aug/2026:03:30:18 +0300] "GET /wp-includes/interactivity-api/index.php HTTP/1.1" 404 548 "-" "Mozilla/5.0 (Windows NT 10.0; Win64; x64) AppleWebKit/537.36 (KHTML, like Gecko) Chrome/120.0.0.0 Safari/537.36"
20.104.16.169 - - [02/Aug/2026:03:30:18 +0300] "GET /wp-content/uploads HTTP/1.1" 301 162 "-" "Mozilla/5.0 (Windows NT 10.0; Win64; x64) AppleWebKit/537.36 (KHTML, like Gecko) Chrome/120.0.0.0 Safari/537.36"
20.104.16.169 - - [02/Aug/2026:03:30:18 +0300] "GET /wp-mail.php HTTP/1.1" 403 1098 "-" "Mozilla/5.0 (Windows NT 10.0; Win64; x64) AppleWebKit/537.36 (KHTML, like Gecko) Chrome/120.0.0.0 Safari/537.36"
114.119.152.12 - - [02/Aug/2026:03:30:18 +0300] "GET /one-hundred-100-percent-free-playn-go-slot-machines-games-revolves-local-casino-now-offers/ HTTP/1.1" 200 4772 "https://www.egekobi.com/one-hundred-100-percent-free-playn-go-slot-machines-games-revolves-local-casino-now-offers/" "Mozilla/5.0 (Linux; Android 7.0;) AppleWebKit/537.36 (HTML, like Gecko) Mobile Safari/537.36 (compatible; PetalBot;+https://webmaster.petalsearch.com/site/petalbot)"
20.104.16.169 - - [02/Aug/2026:03:30:18 +0300] "GET /a7.php HTTP/1.1" 404 548 "-" "Mozilla/5.0 (Windows NT 10.0; Win64; x64) AppleWebKit/537.36 (KHTML, like Gecko) Chrome/120.0.0.0 Safari/537.36"
20.104.16.169 - - [02/Aug/2026:03:30:18 +0300] "GET /php.php HTTP/1.1" 404 548 "-" "Mozilla/5.0 (Windows NT 10.0; Win64; x64) AppleWebKit/537.36 (KHTML, like Gecko) Chrome/120.0.0.0 Safari/537.36"
20.104.16.169 - - [02/Aug/2026:03:30:18 +0300] "GET /8.php HTTP/1.1" 404 548 "-" "Mozilla/5.0 (Windows NT 10.0; Win64; x64) AppleWebKit/537.36 (KHTML, like Gecko) Chrome/120.0.0.0 Safari/537.36"
20.104.16.169 - - [02/Aug/2026:03:30:19 +0300] "GET /wp-includes/rest-api/ HTTP/1.1" 403 548 "-" "Mozilla/5.0 (Windows NT 10.0; Win64; x64) AppleWebKit/537.36 (KHTML, like Gecko) Chrome/120.0.0.0 Safari/537.36"
20.104.16.169 - - [02/Aug/2026:03:30:19 +0300] "GET /num.php HTTP/1.1" 404 548 "-" "Mozilla/5.0 (Windows NT 10.0; Win64; x64) AppleWebKit/537.36 (KHTML, like Gecko) Chrome/120.0.0.0 Safari/537.36"
20.104.16.169 - - [02/Aug/2026:03:30:19 +0300] "GET /mini.php HTTP/1.1" 404 548 "-" "Mozilla/5.0 (Windows NT 10.0; Win64; x64) AppleWebKit/537.36 (KHTML, like Gecko) Chrome/120.0.0.0 Safari/537.36"
20.104.16.169 - - [02/Aug/2026:03:30:19 +0300] "GET /goods.php HTTP/1.1" 404 548 "-" "Mozilla/5.0 (Windows NT 10.0; Win64; x64) AppleWebKit/537.36 (KHTML, like Gecko) Chrome/120.0.0.0 Safari/537.36"
20.104.16.169 - - [02/Aug/2026:03:30:19 +0300] "GET /222.php HTTP/1.1" 404 548 "-" "Mozilla/5.0 (Windows NT 10.0; Win64; x64) AppleWebKit/537.36 (KHTML, like Gecko) Chrome/120.0.0.0 Safari/537.36"
20.104.16.169 - - [02/Aug/2026:03:30:19 +0300] "GET /.dj/index.php HTTP/1.1" 404 548 "-" "Mozilla/5.0 (Windows NT 10.0; Win64; x64) AppleWebKit/537.36 (KHTML, like Gecko) Chrome/120.0.0.0 Safari/537.36"
20.104.16.169 - - [02/Aug/2026:03:30:19 +0300] "GET /bthil.php HTTP/1.1" 404 548 "-" "Mozilla/5.0 (Windows NT 10.0; Win64; x64) AppleWebKit/537.36 (KHTML, like Gecko) Chrome/120.0.0.0 Safari/537.36"
20.104.16.169 - - [02/Aug/2026:03:30:20 +0300] "GET /zup.php73 HTTP/1.1" 404 14180 "-" "Mozilla/5.0 (Windows NT 10.0; Win64; x64) AppleWebKit/537.36 (KHTML, like Gecko) Chrome/120.0.0.0 Safari/537.36"
20.104.16.169 - - [02/Aug/2026:03:30:20 +0300] "GET /a1.php HTTP/1.1" 404 548 "-" "Mozilla/5.0 (Windows NT 10.0; Win64; x64) AppleWebKit/537.36 (KHTML, like Gecko) Chrome/120.0.0.0 Safari/537.36"
20.104.16.169 - - [02/Aug/2026:03:30:20 +0300] "GET /wp-signin.php HTTP/1.1" 404 548 "-" "Mozilla/5.0 (Windows NT 10.0; Win64; x64) AppleWebKit/537.36 (KHTML, like Gecko) Chrome/120.0.0.0 Safari/537.36"
20.104.16.169 - - [02/Aug/2026:03:30:20 +0300] "GET /archive.php HTTP/1.1" 404 548 "-" "Mozilla/5.0 (Windows NT 10.0; Win64; x64) AppleWebKit/537.36 (KHTML, like Gecko) Chrome/120.0.0.0 Safari/537.36"
20.104.16.169 - - [02/Aug/2026:03:30:20 +0300] "GET /storage/index.php HTTP/1.1" 404 548 "-" "Mozilla/5.0 (Windows NT 10.0; Win64; x64) AppleWebKit/537.36 (KHTML, like Gecko) Chrome/120.0.0.0 Safari/537.36"
20.104.16.169 - - [02/Aug/2026:03:30:20 +0300] "GET /lu4.php HTTP/1.1" 404 548 "-" "Mozilla/5.0 (Windows NT 10.0; Win64; x64) AppleWebKit/537.36 (KHTML, like Gecko) Chrome/120.0.0.0 Safari/537.36"
20.104.16.169 - - [02/Aug/2026:03:30:20 +0300] "GET /wp-includes/ HTTP/1.1" 403 548 "-" "Mozilla/5.0 (Windows NT 10.0; Win64; x64) AppleWebKit/537.36 (KHTML, like Gecko) Chrome/120.0.0.0 Safari/537.36"
20.104.16.169 - - [02/Aug/2026:03:30:20 +0300] "GET /wp-content/packed.php HTTP/1.1" 404 548 "-" "Mozilla/5.0 (Windows NT 10.0; Win64; x64) AppleWebKit/537.36 (KHTML, like Gecko) Chrome/120.0.0.0 Safari/537.36"
20.104.16.169 - - [02/Aug/2026:03:30:21 +0300] "GET /edit.php HTTP/1.1" 404 548 "-" "Mozilla/5.0 (Windows NT 10.0; Win64; x64) AppleWebKit/537.36 (KHTML, like Gecko) Chrome/120.0.0.0 Safari/537.36"
20.104.16.169 - - [02/Aug/2026:03:30:21 +0300] "GET /default.php HTTP/1.1" 404 548 "-" "Mozilla/5.0 (Windows NT 10.0; Win64; x64) AppleWebKit/537.36 (KHTML, like Gecko) Chrome/120.0.0.0 Safari/537.36"
20.104.16.169 - - [02/Aug/2026:03:30:21 +0300] "GET /bless.php HTTP/1.1" 404 548 "-" "Mozilla/5.0 (Windows NT 10.0; Win64; x64) AppleWebKit/537.36 (KHTML, like Gecko) Chrome/120.0.0.0 Safari/537.36"
20.104.16.169 - - [02/Aug/2026:03:30:21 +0300] "GET /wp-includes/assets/index.php HTTP/1.1" 404 548 "-" "Mozilla/5.0 (Windows NT 10.0; Win64; x64) AppleWebKit/537.36 (KHTML, like Gecko) Chrome/120.0.0.0 Safari/537.36"
20.104.16.169 - - [02/Aug/2026:03:30:21 +0300] "GET /wp-config-sample.php HTTP/1.1" 500 2539 "-" "Mozilla/5.0 (Windows NT 10.0; Win64; x64) AppleWebKit/537.36 (KHTML, like Gecko) Chrome/120.0.0.0 Safari/537.36"
20.104.16.169 - - [02/Aug/2026:03:30:21 +0300] "GET /gecko-new.php HTTP/1.1" 404 548 "-" "Mozilla/5.0 (Windows NT 10.0; Win64; x64) AppleWebKit/537.36 (KHTML, like Gecko) Chrome/120.0.0.0 Safari/537.36"
20.104.16.169 - - [02/Aug/2026:03:30:21 +0300] "GET /num.php HTTP/1.1" 404 548 "-" "Mozilla/5.0 (Windows NT 10.0; Win64; x64) AppleWebKit/537.36 (KHTML, like Gecko) Chrome/120.0.0.0 Safari/537.36"
20.104.16.169 - - [02/Aug/2026:03:30:21 +0300] "GET /wp-content/plugins/admin.php HTTP/1.1" 404 548 "-" "Mozilla/5.0 (Windows NT 10.0; Win64; x64) AppleWebKit/537.36 (KHTML, like Gecko) Chrome/120.0.0.0 Safari/537.36"
20.104.16.169 - - [02/Aug/2026:03:30:21 +0300] "GET /wp-admin/css/ HTTP/1.1" 403 548 "-" "Mozilla/5.0 (Windows NT 10.0; Win64; x64) AppleWebKit/537.36 (KHTML, like Gecko) Chrome/120.0.0.0 Safari/537.36"
20.104.16.169 - - [02/Aug/2026:03:30:21 +0300] "GET /cache.php HTTP/1.1" 404 548 "-" "Mozilla/5.0 (Windows NT 10.0; Win64; x64) AppleWebKit/537.36 (KHTML, like Gecko) Chrome/120.0.0.0 Safari/537.36"
20.104.16.169 - - [02/Aug/2026:03:30:22 +0300] "GET /wp-includes/bk/ HTTP/1.1" 404 14180 "-" "Mozilla/5.0 (Windows NT 10.0; Win64; x64) AppleWebKit/537.36 (KHTML, like Gecko) Chrome/120.0.0.0 Safari/537.36"
20.104.16.169 - - [02/Aug/2026:03:30:22 +0300] "GET /ws81.php HTTP/1.1" 404 548 "-" "Mozilla/5.0 (Windows NT 10.0; Win64; x64) AppleWebKit/537.36 (KHTML, like Gecko) Chrome/120.0.0.0 Safari/537.36"
20.104.16.169 - - [02/Aug/2026:03:30:22 +0300] "GET /xx.php HTTP/1.1" 404 548 "-" "Mozilla/5.0 (Windows NT 10.0; Win64; x64) AppleWebKit/537.36 (KHTML, like Gecko) Chrome/120.0.0.0 Safari/537.36"
20.104.16.169 - - [02/Aug/2026:03:30:22 +0300] "GET /function/function.php HTTP/1.1" 404 548 "-" "Mozilla/5.0 (Windows NT 10.0; Win64; x64) AppleWebKit/537.36 (KHTML, like Gecko) Chrome/120.0.0.0 Safari/537.36"
20.104.16.169 - - [02/Aug/2026:03:30:22 +0300] "GET /aa.php HTTP/1.1" 404 548 "-" "Mozilla/5.0 (Windows NT 10.0; Win64; x64) AppleWebKit/537.36 (KHTML, like Gecko) Chrome/120.0.0.0 Safari/537.36"
20.104.16.169 - - [02/Aug/2026:03:30:22 +0300] "GET /abcd.php HTTP/1.1" 404 548 "-" "Mozilla/5.0 (Windows NT 10.0; Win64; x64) AppleWebKit/537.36 (KHTML, like Gecko) Chrome/120.0.0.0 Safari/537.36"
20.104.16.169 - - [02/Aug/2026:03:30:23 +0300] "GET /edit-tags.php HTTP/1.1" 404 548 "-" "Mozilla/5.0 (Windows NT 10.0; Win64; x64) AppleWebKit/537.36 (KHTML, like Gecko) Chrome/120.0.0.0 Safari/537.36"
20.104.16.169 - - [02/Aug/2026:03:30:23 +0300] "GET /wp-includes/fonts/index.php HTTP/1.1" 404 548 "-" "Mozilla/5.0 (Windows NT 10.0; Win64; x64) AppleWebKit/537.36 (KHTML, like Gecko) Chrome/120.0.0.0 Safari/537.36"
20.104.16.169 - - [02/Aug/2026:03:30:23 +0300] "GET /w.php HTTP/1.1" 404 548 "-" "Mozilla/5.0 (Windows NT 10.0; Win64; x64) AppleWebKit/537.36 (KHTML, like Gecko) Chrome/120.0.0.0 Safari/537.36"
