85.208.96.193 - - [02/Aug/2026:02:48:37 +0300] "GET /products/indictee117063?id=920 HTTP/1.1" 404 10977 "-" "Mozilla/5.0 (compatible; SemrushBot/7~bl; +http://www.semrush.com/bot.html)"
185.191.171.16 - - [02/Aug/2026:02:48:45 +0300] "GET /bitcoin-casinos-google-play-casino-mit-geringer-einzahlung-2026-beste-erreichbar-casinos-uber-bitcoin-zahlung-2/ HTTP/1.1" 200 4772 "-" "Mozilla/5.0 (compatible; SemrushBot/7~bl; +http://www.semrush.com/bot.html)"
85.208.96.206 - - [02/Aug/2026:02:48:45 +0300] "GET /products/collision1042348?id=566 HTTP/1.1" 404 10978 "-" "Mozilla/5.0 (compatible; SemrushBot/7~bl; +http://www.semrush.com/bot.html)"
85.208.96.196 - - [02/Aug/2026:02:48:47 +0300] "GET /products/hypertorrid242999?id=602 HTTP/1.1" 404 10978 "-" "Mozilla/5.0 (compatible; SemrushBot/7~bl; +http://www.semrush.com/bot.html)"
85.208.96.211 - - [02/Aug/2026:02:48:51 +0300] "GET /category/faaliyetlerimiz/page/4015/ HTTP/1.1" 200 4772 "-" "Mozilla/5.0 (compatible; SemrushBot/7~bl; +http://www.semrush.com/bot.html)"
85.208.96.203 - - [02/Aug/2026:02:48:53 +0300] "GET /%E3%82%A2%E3%83%AD%E3%83%8F%EF%BC%81%E3%82%AF%E3%83%AA%E3%82%B9%E3%83%9E%E3%82%B9%E3%81%AE%E8%A9%95%E5%88%A4-%E7%B4%A0%E6%99%B4%E3%82%89%E3%81%97%E3%81%84-jolly-xmas-%E3%82%AB%E3%82%B8%E3%83%8E-400/ HTTP/1.1" 200 4772 "-" "Mozilla/5.0 (compatible; SemrushBot/7~bl; +http://www.semrush.com/bot.html)"
47.254.46.30 - - [02/Aug/2026:02:48:55 +0300] "GET /curl/a45fd24aebefd39869ef927cdc7a79d29932d060866b2111e4a4b7b55a5d91ca HTTP/2.0" 301 162 "-" "Mozilla/5.0 (Windows NT 10.0; Win64; x64)"
17.22.253.52 - - [02/Aug/2026:02:49:04 +0300] "GET /author/prv8logs/page/3722/ HTTP/2.0" 200 4759 "-" "Mozilla/5.0 (Macintosh; Intel Mac OS X 10_15_7) AppleWebKit/605.1.15 (KHTML, like Gecko) Version/17.4 Safari/605.1.15 (Applebot/0.1; +http://www.apple.com/go/applebot)"
85.208.96.208 - - [02/Aug/2026:02:49:13 +0300] "GET /blog/page/4704/ HTTP/1.1" 200 4772 "-" "Mozilla/5.0 (compatible; SemrushBot/7~bl; +http://www.semrush.com/bot.html)"
176.31.139.17 - - [02/Aug/2026:02:49:18 +0300] "GET /sitemap.xml HTTP/2.0" 200 244 "-" "Mozilla/5.0 (compatible; AhrefsBot/7.0; +http://ahrefs.com/robot/)"
57.141.0.15 - - [02/Aug/2026:02:49:20 +0300] "GET /qua-einen-zahlungsmethoden-kannst-eye-of-horus-casino-du-im-kasino-saldieren/ HTTP/2.0" 200 4759 "-" "Mozilla/5.0 (Windows NT 10.0; Win64; x64) AppleWebKit/537.36 (KHTML, like Gecko) Chrome/145.0.0.0 Safari/537.36 (compatible; meta-externalagent/1.1 (+https://developers.facebook.com/docs/sharing/webmasters/crawler))"
20.218.243.163 - - [02/Aug/2026:02:49:26 +0300] "GET /wp-content/plugins/hellopress/wp_filemanager.php HTTP/1.1" 301 162 "-" "-"
20.218.243.163 - - [02/Aug/2026:02:49:26 +0300] "GET / HTTP/1.1" 301 162 "-" "-"
20.218.243.163 - - [02/Aug/2026:02:49:26 +0300] "GET / HTTP/1.1" 200 21136 "-" "-"
20.218.243.163 - - [02/Aug/2026:02:49:26 +0300] "GET /this_is_a_new_hello_world.php HTTP/1.1" 301 162 "-" "-"
20.218.243.163 - - [02/Aug/2026:02:49:26 +0300] "GET / HTTP/1.1" 301 162 "-" "-"
20.218.243.163 - - [02/Aug/2026:02:49:26 +0300] "GET / HTTP/1.1" 200 21136 "-" "-"
20.218.243.163 - - [02/Aug/2026:02:49:26 +0300] "GET /IndoSec.php HTTP/1.1" 301 162 "-" "-"
20.218.243.163 - - [02/Aug/2026:02:49:26 +0300] "GET / HTTP/1.1" 301 162 "-" "-"
57.141.0.37 - - [02/Aug/2026:02:49:26 +0300] "GET /igrayte-v-bfalo-po-vreme-na-hitnspin-registratsiya-za-vkhod-betmgm/ HTTP/2.0" 200 4759 "-" "Mozilla/5.0 (X11; Linux x86_64) AppleWebKit/537.36 (KHTML, like Gecko) Chrome/145.0.0.0 Safari/537.36 (compatible; meta-externalagent/1.1 (+https://developers.facebook.com/docs/sharing/webmasters/crawler))"
185.191.171.13 - - [02/Aug/2026:02:49:26 +0300] "GET /products/glamour1328291?id=808 HTTP/1.1" 404 10976 "-" "Mozilla/5.0 (compatible; SemrushBot/7~bl; +http://www.semrush.com/bot.html)"
20.218.243.163 - - [02/Aug/2026:02:49:26 +0300] "GET / HTTP/1.1" 200 21136 "-" "-"
20.218.243.163 - - [02/Aug/2026:02:49:26 +0300] "GET /1revo.php HTTP/1.1" 301 162 "-" "-"
20.218.243.163 - - [02/Aug/2026:02:49:26 +0300] "GET / HTTP/1.1" 301 162 "-" "-"
20.218.243.163 - - [02/Aug/2026:02:49:26 +0300] "GET / HTTP/1.1" 200 21136 "-" "-"
20.218.243.163 - - [02/Aug/2026:02:49:26 +0300] "GET /loader.php HTTP/1.1" 301 162 "-" "-"
20.218.243.163 - - [02/Aug/2026:02:49:26 +0300] "GET / HTTP/1.1" 301 162 "-" "-"
20.218.243.163 - - [02/Aug/2026:02:49:26 +0300] "GET / HTTP/1.1" 200 21136 "-" "-"
20.218.243.163 - - [02/Aug/2026:02:49:26 +0300] "GET /esp.php? HTTP/1.1" 301 162 "-" "-"
20.218.243.163 - - [02/Aug/2026:02:49:26 +0300] "GET / HTTP/1.1" 301 162 "-" "-"
20.218.243.163 - - [02/Aug/2026:02:49:26 +0300] "GET / HTTP/1.1" 200 21136 "-" "-"
20.218.243.163 - - [02/Aug/2026:02:49:26 +0300] "GET /dj.php HTTP/1.1" 301 162 "-" "-"
20.218.243.163 - - [02/Aug/2026:02:49:26 +0300] "GET / HTTP/1.1" 301 162 "-" "-"
20.218.243.163 - - [02/Aug/2026:02:49:26 +0300] "GET / HTTP/1.1" 200 21136 "-" "-"
85.208.96.196 - - [02/Aug/2026:02:49:29 +0300] "GET /products/foisty1158819?id=953 HTTP/1.1" 404 10976 "-" "Mozilla/5.0 (compatible; SemrushBot/7~bl; +http://www.semrush.com/bot.html)"
57.141.0.25 - - [02/Aug/2026:02:49:33 +0300] "GET /raging-rhino-position-comment-earn-up-to-250000/ HTTP/2.0" 200 4759 "-" "Mozilla/5.0 (Macintosh; Intel Mac OS X 10_15_7) AppleWebKit/537.36 (KHTML, like Gecko) Chrome/145.0.0.0 Safari/537.36 (compatible; meta-externalagent/1.1 (+https://developers.facebook.com/docs/sharing/webmasters/crawler))"
15.235.98.229 - - [02/Aug/2026:02:49:34 +0300] "GET /robots.txt HTTP/2.0" 301 162 "-" "Mozilla/5.0 (compatible; AhrefsBot/7.0; +http://ahrefs.com/robot/)"
15.235.98.229 - - [02/Aug/2026:02:49:35 +0300] "GET /robots.txt HTTP/2.0" 200 85 "-" "Mozilla/5.0 (compatible; AhrefsBot/7.0; +http://ahrefs.com/robot/)"
51.195.215.251 - - [02/Aug/2026:02:49:36 +0300] "GET /sitemap.xml HTTP/2.0" 301 162 "-" "Mozilla/5.0 (compatible; AhrefsBot/7.0; +http://ahrefs.com/robot/)"
51.195.215.251 - - [02/Aug/2026:02:49:36 +0300] "GET /sitemap.xml HTTP/2.0" 200 1429 "-" "Mozilla/5.0 (compatible; AhrefsBot/7.0; +http://ahrefs.com/robot/)"
185.191.171.13 - - [02/Aug/2026:02:49:38 +0300] "GET /products/lichenographic900994?id=310 HTTP/1.1" 404 10980 "-" "Mozilla/5.0 (compatible; SemrushBot/7~bl; +http://www.semrush.com/bot.html)"
85.208.96.202 - - [02/Aug/2026:02:49:40 +0300] "GET /products/microscopize1145142?id=398 HTTP/1.1" 404 10980 "-" "Mozilla/5.0 (compatible; SemrushBot/7~bl; +http://www.semrush.com/bot.html)"
57.141.0.8 - - [02/Aug/2026:02:49:43 +0300] "GET /decode-gambling-enterprise-casino-first-deposit-bonus-campaigns-unleashed-march-2026/ HTTP/2.0" 200 4759 "-" "Mozilla/5.0 (Windows NT 10.0; Win64; x64) AppleWebKit/537.36 (KHTML, like Gecko) Chrome/145.0.0.0 Safari/537.36 (compatible; meta-externalagent/1.1 (+https://developers.facebook.com/docs/sharing/webmasters/crawler))"
85.208.96.206 - - [02/Aug/2026:02:49:44 +0300] "GET /products/emodin980479?id=154 HTTP/1.1" 404 10975 "-" "Mozilla/5.0 (compatible; SemrushBot/7~bl; +http://www.semrush.com/bot.html)"
20.40.60.34 - - [02/Aug/2026:02:49:49 +0300] "GET /wp-admin/css/ HTTP/1.1" 301 162 "binance.com" "Mozilla/5.0 (Windows NT 10.0; Win64; x64) AppleWebKit/537.36 (KHTML, like Gecko) Chrome/90.0.4430.85 Safari/537.36"
85.208.96.199 - - [02/Aug/2026:02:49:52 +0300] "GET /products/chopped1049481?id=148 HTTP/1.1" 404 10975 "-" "Mozilla/5.0 (compatible; SemrushBot/7~bl; +http://www.semrush.com/bot.html)"
85.208.96.196 - - [02/Aug/2026:02:49:53 +0300] "GET /products/accordionist722529?id=88 HTTP/1.1" 404 10978 "-" "Mozilla/5.0 (compatible; SemrushBot/7~bl; +http://www.semrush.com/bot.html)"
114.119.146.229 - - [02/Aug/2026:02:49:54 +0300] "GET /online-casino-spiele-exklusive-registration-2026-fix-vortragen/ HTTP/1.1" 200 4772 "https://www.egekobi.com/online-casino-spiele-exklusive-registration-2026-fix-vortragen/" "Mozilla/5.0 (Linux; Android 7.0;) AppleWebKit/537.36 (HTML, like Gecko) Mobile Safari/537.36 (compatible; PetalBot;+https://webmaster.petalsearch.com/site/petalbot)"
20.40.60.34 - - [02/Aug/2026:02:49:54 +0300] "GET /wp-admin/css/ HTTP/1.1" 404 548 "binance.com" "Mozilla/5.0 (Windows NT 10.0; Win64; x64) AppleWebKit/537.36 (KHTML, like Gecko) Chrome/90.0.4430.85 Safari/537.36"
57.141.0.41 - - [02/Aug/2026:02:49:54 +0300] "GET /150-possibilities-to-earn-a-good-jackpot-after-you-sign-in/ HTTP/2.0" 200 4759 "-" "Mozilla/5.0 (X11; Linux x86_64) AppleWebKit/537.36 (KHTML, like Gecko) Chrome/145.0.0.0 Safari/537.36 (compatible; meta-externalagent/1.1 (+https://developers.facebook.com/docs/sharing/webmasters/crawler))"
57.141.0.30 - - [02/Aug/2026:02:49:55 +0300] "GET /spiderman-slots-review-diamond-dogs-free-spins-no-deposit-enjoy-wms-spiderman-game/ HTTP/2.0" 200 4759 "-" "Mozilla/5.0 (Windows NT 10.0; Win64; x64) AppleWebKit/537.36 (KHTML, like Gecko) Chrome/145.0.0.0 Safari/537.36 (compatible; meta-externalagent/1.1 (+https://developers.facebook.com/docs/sharing/webmasters/crawler))"
20.40.60.34 - - [02/Aug/2026:02:49:58 +0300] "GET /.well-known/ HTTP/1.1" 301 162 "binance.com" "Mozilla/5.0 (Windows NT 10.0; Win64; x64) AppleWebKit/537.36 (KHTML, like Gecko) Chrome/90.0.4430.85 Safari/537.36"
57.141.0.46 - - [02/Aug/2026:02:50:01 +0300] "GET /monster-win-salle-de-jeu-parcourez-cet-observation-de-jeu-de-la-publishers-of-architecture-matiere-and-graphisme/ HTTP/2.0" 200 4759 "-" "Mozilla/5.0 (Windows NT 10.0; Win64; x64) AppleWebKit/537.36 (KHTML, like Gecko) Chrome/145.0.0.0 Safari/537.36 (compatible; meta-externalagent/1.1 (+https://developers.facebook.com/docs/sharing/webmasters/crawler))"
20.40.60.34 - - [02/Aug/2026:02:50:02 +0300] "GET /.well-known/ HTTP/1.1" 404 548 "binance.com" "Mozilla/5.0 (Windows NT 10.0; Win64; x64) AppleWebKit/537.36 (KHTML, like Gecko) Chrome/90.0.4430.85 Safari/537.36"
20.40.60.34 - - [02/Aug/2026:02:50:07 +0300] "GET /sites/default/files/ HTTP/1.1" 301 162 "binance.com" "Mozilla/5.0 (Windows NT 10.0; Win64; x64) AppleWebKit/537.36 (KHTML, like Gecko) Chrome/90.0.4430.85 Safari/537.36"
85.208.96.210 - - [02/Aug/2026:02:50:11 +0300] "GET /products/blair1255212?id=912 HTTP/1.1" 404 10975 "-" "Mozilla/5.0 (compatible; SemrushBot/7~bl; +http://www.semrush.com/bot.html)"
20.40.60.34 - - [02/Aug/2026:02:50:15 +0300] "GET /sites/default/files/ HTTP/1.1" 404 548 "binance.com" "Mozilla/5.0 (Windows NT 10.0; Win64; x64) AppleWebKit/537.36 (KHTML, like Gecko) Chrome/90.0.4430.85 Safari/537.36"
20.79.29.209 - - [02/Aug/2026:02:50:15 +0300] "GET /wp-content/plugins/hellopress/wp_filemanager.php HTTP/1.1" 301 162 "-" "-"
20.79.29.209 - - [02/Aug/2026:02:50:15 +0300] "GET /wp-content/plugins/hellopress/wp_filemanager.php HTTP/1.1" 404 146 "-" "-"
20.79.29.209 - - [02/Aug/2026:02:50:15 +0300] "GET /this_is_a_new_hello_world.php HTTP/1.1" 301 162 "-" "-"
20.79.29.209 - - [02/Aug/2026:02:50:15 +0300] "GET /this_is_a_new_hello_world.php HTTP/1.1" 404 146 "-" "-"
20.79.29.209 - - [02/Aug/2026:02:50:15 +0300] "GET /IndoSec.php HTTP/1.1" 301 162 "-" "-"
20.79.29.209 - - [02/Aug/2026:02:50:15 +0300] "GET /IndoSec.php HTTP/1.1" 404 146 "-" "-"
20.79.29.209 - - [02/Aug/2026:02:50:15 +0300] "GET /1revo.php HTTP/1.1" 301 162 "-" "-"
20.79.29.209 - - [02/Aug/2026:02:50:15 +0300] "GET /1revo.php HTTP/1.1" 404 146 "-" "-"
20.79.29.209 - - [02/Aug/2026:02:50:15 +0300] "GET /loader.php HTTP/1.1" 301 162 "-" "-"
20.79.29.209 - - [02/Aug/2026:02:50:15 +0300] "GET /loader.php HTTP/1.1" 404 146 "-" "-"
20.79.29.209 - - [02/Aug/2026:02:50:15 +0300] "GET /esp.php? HTTP/1.1" 301 162 "-" "-"
20.79.29.209 - - [02/Aug/2026:02:50:15 +0300] "GET /esp.php? HTTP/1.1" 404 146 "-" "-"
20.79.29.209 - - [02/Aug/2026:02:50:15 +0300] "GET /dj.php HTTP/1.1" 301 162 "-" "-"
20.79.29.209 - - [02/Aug/2026:02:50:15 +0300] "GET /dj.php HTTP/1.1" 404 146 "-" "-"
57.141.0.11 - - [02/Aug/2026:02:50:21 +0300] "GET /important-victory-restrict-of-%ef%bf%bd250000-a-day-which-gambling-enterprise-has-a-victory-limitation-code/ HTTP/2.0" 200 4759 "-" "Mozilla/5.0 (Windows NT 10.0; Win64; x64) AppleWebKit/537.36 (KHTML, like Gecko) Chrome/145.0.0.0 Safari/537.36 (compatible; meta-externalagent/1.1 (+https://developers.facebook.com/docs/sharing/webmasters/crawler))"
20.40.60.34 - - [02/Aug/2026:02:50:22 +0300] "GET /admin/controller/extension/extension/ HTTP/1.1" 301 162 "binance.com" "Mozilla/5.0 (Windows NT 10.0; Win64; x64) AppleWebKit/537.36 (KHTML, like Gecko) Chrome/90.0.4430.85 Safari/537.36"
85.208.96.200 - - [02/Aug/2026:02:50:25 +0300] "GET /vikings-go-wild-bli-og-roulettino-app-apk-nedlasting-igang-vikingtokt-i-tillegg-til-spybet-bonuskode-inni-dogn-yggdrasil/ HTTP/1.1" 200 4772 "-" "Mozilla/5.0 (compatible; SemrushBot/7~bl; +http://www.semrush.com/bot.html)"
20.40.60.34 - - [02/Aug/2026:02:50:30 +0300] "GET /admin/controller/extension/extension/ HTTP/1.1" 404 548 "binance.com" "Mozilla/5.0 (Windows NT 10.0; Win64; x64) AppleWebKit/537.36 (KHTML, like Gecko) Chrome/90.0.4430.85 Safari/537.36"
20.40.60.34 - - [02/Aug/2026:02:50:35 +0300] "GET /uploads/ HTTP/1.1" 301 162 "binance.com" "Mozilla/5.0 (Windows NT 10.0; Win64; x64) AppleWebKit/537.36 (KHTML, like Gecko) Chrome/90.0.4430.85 Safari/537.36"
185.191.171.3 - - [02/Aug/2026:02:50:41 +0300] "GET /thunderstruck-ii-ports-remark-free-to-wish-upon-a-jackpot-150-free-spins-gamble-gambling-establishment-video-game/ HTTP/1.1" 200 4772 "-" "Mozilla/5.0 (compatible; SemrushBot/7~bl; +http://www.semrush.com/bot.html)"
20.40.60.34 - - [02/Aug/2026:02:50:43 +0300] "GET /uploads/ HTTP/1.1" 404 548 "binance.com" "Mozilla/5.0 (Windows NT 10.0; Win64; x64) AppleWebKit/537.36 (KHTML, like Gecko) Chrome/90.0.4430.85 Safari/537.36"
20.40.60.34 - - [02/Aug/2026:02:50:50 +0300] "GET /images/ HTTP/1.1" 301 162 "binance.com" "Mozilla/5.0 (Windows NT 10.0; Win64; x64) AppleWebKit/537.36 (KHTML, like Gecko) Chrome/90.0.4430.85 Safari/537.36"
57.141.0.42 - - [02/Aug/2026:02:50:56 +0300] "GET /bisca-in-bonus-senza-tenuta-migliori-premio-a-sbafo-guida-immerion-casino-cellulare-di-accesso-2026/ HTTP/2.0" 200 4759 "-" "Mozilla/5.0 (Macintosh; Intel Mac OS X 10_15_7) AppleWebKit/537.36 (KHTML, like Gecko) Chrome/145.0.0.0 Safari/537.36 (compatible; meta-externalagent/1.1 (+https://developers.facebook.com/docs/sharing/webmasters/crawler))"
85.208.96.202 - - [02/Aug/2026:02:50:56 +0300] "GET /lucky-treasure-slot-machine-et-machines-a-au-dessous-filmographique/ HTTP/1.1" 200 4772 "-" "Mozilla/5.0 (compatible; SemrushBot/7~bl; +http://www.semrush.com/bot.html)"
20.40.60.34 - - [02/Aug/2026:02:50:56 +0300] "GET /images/ HTTP/1.1" 404 548 "binance.com" "Mozilla/5.0 (Windows NT 10.0; Win64; x64) AppleWebKit/537.36 (KHTML, like Gecko) Chrome/90.0.4430.85 Safari/537.36"
20.40.60.34 - - [02/Aug/2026:02:51:03 +0300] "GET /files/ HTTP/1.1" 301 162 "binance.com" "Mozilla/5.0 (Windows NT 10.0; Win64; x64) AppleWebKit/537.36 (KHTML, like Gecko) Chrome/90.0.4430.85 Safari/537.36"
157.90.122.163 - - [02/Aug/2026:02:51:06 +0300] "POST /wp-cron.php?doing_wp_cron=1785628265.8800261020660400390625 HTTP/1.1" 200 31 "-" "WordPress/6.9.4; https://csarite.com"
85.208.96.211 - - [02/Aug/2026:02:51:06 +0300] "GET /products/archflatterer974902?id=471 HTTP/1.1" 404 10979 "-" "Mozilla/5.0 (compatible; SemrushBot/7~bl; +http://www.semrush.com/bot.html)"
20.40.60.34 - - [02/Aug/2026:02:51:11 +0300] "GET /files/ HTTP/1.1" 403 548 "binance.com" "Mozilla/5.0 (Windows NT 10.0; Win64; x64) AppleWebKit/537.36 (KHTML, like Gecko) Chrome/90.0.4430.85 Safari/537.36"
185.191.171.4 - - [02/Aug/2026:02:51:13 +0300] "GET /products/bolthole249161?id=181 HTTP/1.1" 404 10977 "-" "Mozilla/5.0 (compatible; SemrushBot/7~bl; +http://www.semrush.com/bot.html)"
114.119.132.103 - - [02/Aug/2026:02:51:17 +0300] "GET /online-casino-pramie-ohne-einzahlung-qua-ratschlag-in-wie-weit-einzelspiele-vorlaufig-pro-einen-provision-gesperrt-werden-konnen/ HTTP/1.1" 200 4772 "https://www.egekobi.com/online-casino-pramie-ohne-einzahlung-qua-ratschlag-in-wie-weit-einzelspiele-vorlaufig-pro-einen-provision-gesperrt-werden-konnen/" "Mozilla/5.0 (Linux; Android 7.0;) AppleWebKit/537.36 (HTML, like Gecko) Mobile Safari/537.36 (compatible; PetalBot;+https://webmaster.petalsearch.com/site/petalbot)"
185.191.171.6 - - [02/Aug/2026:02:51:21 +0300] "GET /robots.txt HTTP/1.1" 200 4772 "-" "Mozilla/5.0 (compatible; SemrushBot/7~bl; +http://www.semrush.com/bot.html)"
85.208.96.200 - - [02/Aug/2026:02:51:21 +0300] "GET /wznow-mozna-szybko-pobrac-ze-profile-kasyno-dobry-budowa-wykorzystuje-kilka-minut/ HTTP/1.1" 200 4772 "-" "Mozilla/5.0 (compatible; SemrushBot/7~bl; +http://www.semrush.com/bot.html)"
185.191.171.7 - - [02/Aug/2026:02:51:23 +0300] "GET /products/intwist811236?id=440 HTTP/1.1" 404 10977 "-" "Mozilla/5.0 (compatible; SemrushBot/7~bl; +http://www.semrush.com/bot.html)"
185.191.171.13 - - [02/Aug/2026:02:51:27 +0300] "GET /products/bulldozer402829?id=277 HTTP/1.1" 404 10978 "-" "Mozilla/5.0 (compatible; SemrushBot/7~bl; +http://www.semrush.com/bot.html)"
185.191.171.14 - - [02/Aug/2026:02:51:34 +0300] "GET /products/contumeliously75450?id=579 HTTP/1.1" 404 10980 "-" "Mozilla/5.0 (compatible; SemrushBot/7~bl; +http://www.semrush.com/bot.html)"
85.208.96.211 - - [02/Aug/2026:02:51:36 +0300] "GET /products/cleek530759?id=196 HTTP/1.1" 404 10975 "-" "Mozilla/5.0 (compatible; SemrushBot/7~bl; +http://www.semrush.com/bot.html)"
185.191.171.4 - - [02/Aug/2026:02:51:41 +0300] "GET /products/casterless1145660?id=903 HTTP/1.1" 404 10978 "-" "Mozilla/5.0 (compatible; SemrushBot/7~bl; +http://www.semrush.com/bot.html)"
40.77.167.247 - - [02/Aug/2026:02:51:47 +0300] "GET /%D0%BA%D0%B0%D0%BA-%D0%B2%D1%8B%D0%B8%D0%B3%D1%80%D0%B0%D1%82%D1%8C-%D0%B2-%D0%BB%D0%BE%D1%82%D0%B5%D1%80%D0%B5%D1%8E-%D0%BC%D0%BA-%D0%B1%D0%BE%D0%BB%D0%B5%D0%B5-%D1%82%D0%BE%D0%B3%D0%BE-%D0%B2/ HTTP/2.0" 200 4759 "-" "Mozilla/5.0 AppleWebKit/537.36 (KHTML, like Gecko; compatible; bingbot/2.0; +http://www.bing.com/bingbot.htm) Chrome/116.0.1938.76 Safari/537.36"
57.141.0.61 - - [02/Aug/2026:02:51:51 +0300] "GET /a-hundred-free-revolves-lucky88-slot-rtp-no-deposit-zero-betting-southern-africa-ratings-comprehend-customer-service-reviews-from-100freespinsnodepositnowageringsa-site/ HTTP/2.0" 200 4759 "-" "Mozilla/5.0 (Macintosh; Intel Mac OS X 10_15_7) AppleWebKit/537.36 (KHTML, like Gecko) Chrome/145.0.0.0 Safari/537.36 (compatible; meta-externalagent/1.1 (+https://developers.facebook.com/docs/sharing/webmasters/crawler))"
185.191.171.4 - - [02/Aug/2026:02:52:03 +0300] "GET /products/grandiloquently798280?id=945 HTTP/1.1" 404 10982 "-" "Mozilla/5.0 (compatible; SemrushBot/7~bl; +http://www.semrush.com/bot.html)"
57.141.0.32 - - [02/Aug/2026:02:52:04 +0300] "GET /1xbet-t%c9%99tbiqini-android-apk-v%c9%99-ios-iphone-ucun-yukl%c9%99yin/ HTTP/2.0" 200 4759 "-" "Mozilla/5.0 (Macintosh; Intel Mac OS X 10_15_7) AppleWebKit/537.36 (KHTML, like Gecko) Chrome/145.0.0.0 Safari/537.36 (compatible; meta-externalagent/1.1 (+https://developers.facebook.com/docs/sharing/webmasters/crawler))"
85.208.96.193 - - [02/Aug/2026:02:52:05 +0300] "GET /haufig-book-of-keno-groser-gewinn-gestellte-fragen-privatpersonen-2/ HTTP/1.1" 200 4772 "-" "Mozilla/5.0 (compatible; SemrushBot/7~bl; +http://www.semrush.com/bot.html)"
85.208.96.210 - - [02/Aug/2026:02:52:08 +0300] "GET /atrevete-en-colocar-alrededor-del-casino-posees-lo-cual-se-va-a-apoyar-sobre-el-silli%EF%BF%BDn-necesitari/ HTTP/1.1" 200 4772 "-" "Mozilla/5.0 (compatible; SemrushBot/7~bl; +http://www.semrush.com/bot.html)"
57.141.0.25 - - [02/Aug/2026:02:52:09 +0300] "GET /was-sei-der-link-slot-online-horn-of-plenty-spin16-einfach-ferner-verstandlich-abgesprochen/ HTTP/2.0" 200 4759 "-" "Mozilla/5.0 (Windows NT 10.0; Win64; x64) AppleWebKit/537.36 (KHTML, like Gecko) Chrome/145.0.0.0 Safari/537.36 (compatible; meta-externalagent/1.1 (+https://developers.facebook.com/docs/sharing/webmasters/crawler))"
57.141.0.13 - - [02/Aug/2026:02:52:21 +0300] "GET /zodiac-gambling-establishment-jekyll-and-hyde-rtp-slot-free-spins-remark-80-free-revolves-added-bonus-for-1-2026/ HTTP/2.0" 200 4759 "-" "Mozilla/5.0 (Windows NT 10.0; Win64; x64) AppleWebKit/537.36 (KHTML, like Gecko) Chrome/145.0.0.0 Safari/537.36 (compatible; meta-externalagent/1.1 (+https://developers.facebook.com/docs/sharing/webmasters/crawler))"
124.168.251.18 - - [02/Aug/2026:02:52:23 +0300] "GET / HTTP/1.1" 404 118 "-" "python-requests/2.34.2"
124.168.251.18 - - [02/Aug/2026:02:52:24 +0300] "GET / HTTP/1.1" 500 2569 "-" "python-requests/2.34.2"
124.168.251.18 - - [02/Aug/2026:02:52:25 +0300] "GET /.env HTTP/1.1" 404 118 "-" "python-requests/2.34.2"
124.168.251.18 - - [02/Aug/2026:02:52:26 +0300] "GET /.env.local HTTP/1.1" 404 118 "-" "python-requests/2.34.2"
124.168.251.18 - - [02/Aug/2026:02:52:27 +0300] "GET /.env.production HTTP/1.1" 404 118 "-" "python-requests/2.34.2"
124.168.251.18 - - [02/Aug/2026:02:52:27 +0300] "GET /.env HTTP/1.1" 500 2569 "-" "python-requests/2.34.2"
124.168.251.18 - - [02/Aug/2026:02:52:29 +0300] "GET /.git/config HTTP/1.1" 404 118 "-" "python-requests/2.34.2"
124.168.251.18 - - [02/Aug/2026:02:52:30 +0300] "GET /.env.local HTTP/1.1" 500 2569 "-" "python-requests/2.34.2"
124.168.251.18 - - [02/Aug/2026:02:52:30 +0300] "GET /.git/index HTTP/1.1" 404 118 "-" "python-requests/2.34.2"
124.168.251.18 - - [02/Aug/2026:02:52:31 +0300] "GET /.git/HEAD HTTP/1.1" 404 118 "-" "python-requests/2.34.2"
124.168.251.18 - - [02/Aug/2026:02:52:33 +0300] "GET /.env.production HTTP/1.1" 500 2569 "-" "python-requests/2.34.2"
124.168.251.18 - - [02/Aug/2026:02:52:33 +0300] "GET /.vscode/sftp.json HTTP/1.1" 404 118 "-" "python-requests/2.34.2"
57.141.0.31 - - [02/Aug/2026:02:52:35 +0300] "GET /raging-rhino-position-opinion-2026-dragonbet-free-gamble-trial/ HTTP/2.0" 200 4759 "-" "Mozilla/5.0 (Windows NT 10.0; Win64; x64) AppleWebKit/537.36 (KHTML, like Gecko) Chrome/145.0.0.0 Safari/537.36 (compatible; meta-externalagent/1.1 (+https://developers.facebook.com/docs/sharing/webmasters/crawler))"
124.168.251.18 - - [02/Aug/2026:02:52:35 +0300] "GET /.aws/credentials HTTP/1.1" 404 118 "-" "python-requests/2.34.2"
124.168.251.18 - - [02/Aug/2026:02:52:36 +0300] "GET /.git/config HTTP/1.1" 500 2569 "-" "python-requests/2.34.2"
124.168.251.18 - - [02/Aug/2026:02:52:37 +0300] "GET /.ssh/id_rsa HTTP/1.1" 404 118 "-" "python-requests/2.34.2"
124.168.251.18 - - [02/Aug/2026:02:52:38 +0300] "GET /.bash_history HTTP/1.1" 404 118 "-" "python-requests/2.34.2"
124.168.251.18 - - [02/Aug/2026:02:52:39 +0300] "GET /.git/index HTTP/1.1" 500 2569 "-" "python-requests/2.34.2"
124.168.251.18 - - [02/Aug/2026:02:52:40 +0300] "GET /phpinfo.php HTTP/1.1" 404 118 "-" "python-requests/2.34.2"
114.119.148.4 - - [02/Aug/2026:02:52:41 +0300] "GET /online-casino-pied-piper-slot-jackpot-and-ports-100percent-free/ HTTP/1.1" 200 4772 "https://www.egekobi.com/sample-queen-of-ones-nile-play-100-percent-free-pokie-and-study-review-the-best-online-slots-to-play-2025/" "Mozilla/5.0 (Linux; Android 7.0;) AppleWebKit/537.36 (HTML, like Gecko) Mobile Safari/537.36 (compatible; PetalBot;+https://webmaster.petalsearch.com/site/petalbot)"
124.168.251.18 - - [02/Aug/2026:02:52:41 +0300] "GET /.git/HEAD HTTP/1.1" 500 2569 "-" "python-requests/2.34.2"
124.168.251.18 - - [02/Aug/2026:02:52:42 +0300] "GET /robots.txt HTTP/1.1" 404 118 "-" "python-requests/2.34.2"
124.168.251.18 - - [02/Aug/2026:02:52:44 +0300] "GET /wp-config.php.bak HTTP/1.1" 404 118 "-" "python-requests/2.34.2"
85.208.96.202 - - [02/Aug/2026:02:52:45 +0300] "GET /products/ever779430?id=321 HTTP/1.1" 404 10974 "-" "Mozilla/5.0 (compatible; SemrushBot/7~bl; +http://www.semrush.com/bot.html)"
124.168.251.18 - - [02/Aug/2026:02:52:45 +0300] "GET /backup/ HTTP/1.1" 404 118 "-" "python-requests/2.34.2"
124.168.251.18 - - [02/Aug/2026:02:52:46 +0300] "GET /.vscode/sftp.json HTTP/1.1" 500 2569 "-" "python-requests/2.34.2"
124.168.251.18 - - [02/Aug/2026:02:52:47 +0300] "GET /db/ HTTP/1.1" 404 118 "-" "python-requests/2.34.2"
124.168.251.18 - - [02/Aug/2026:02:52:48 +0300] "GET /.aws/credentials HTTP/1.1" 500 2569 "-" "python-requests/2.34.2"
124.168.251.18 - - [02/Aug/2026:02:52:52 +0300] "GET /.ssh/id_rsa HTTP/1.1" 500 2569 "-" "python-requests/2.34.2"
57.141.0.12 - - [02/Aug/2026:02:52:53 +0300] "GET /nazor-kasina-courage-jak-pouzivat-bonus-goldbet-2026-tvrdi-ze-100-zdarma-pravidla-pro-otaceni-a-bonusy/ HTTP/2.0" 200 4759 "-" "Mozilla/5.0 (Windows NT 10.0; Win64; x64) AppleWebKit/537.36 (KHTML, like Gecko) Chrome/145.0.0.0 Safari/537.36 (compatible; meta-externalagent/1.1 (+https://developers.facebook.com/docs/sharing/webmasters/crawler))"
124.168.251.18 - - [02/Aug/2026:02:52:55 +0300] "GET /.bash_history HTTP/1.1" 500 2569 "-" "python-requests/2.34.2"
124.168.251.18 - - [02/Aug/2026:02:52:57 +0300] "GET /phpinfo.php HTTP/1.1" 404 146 "-" "python-requests/2.34.2"
185.191.171.4 - - [02/Aug/2026:02:52:58 +0300] "GET /products/ineptitude1322881?id=629 HTTP/1.1" 404 10979 "-" "Mozilla/5.0 (compatible; SemrushBot/7~bl; +http://www.semrush.com/bot.html)"
124.168.251.18 - - [02/Aug/2026:02:53:00 +0300] "GET /robots.txt HTTP/1.1" 500 2569 "-" "python-requests/2.34.2"
124.168.251.18 - - [02/Aug/2026:02:53:04 +0300] "GET /backup/ HTTP/1.1" 500 2569 "-" "python-requests/2.34.2"
85.208.96.206 - - [02/Aug/2026:02:53:07 +0300] "GET /products/antilacrosser934429?id=986 HTTP/1.1" 404 10980 "-" "Mozilla/5.0 (compatible; SemrushBot/7~bl; +http://www.semrush.com/bot.html)"
124.168.251.18 - - [02/Aug/2026:02:53:08 +0300] "GET /db/ HTTP/1.1" 500 2569 "-" "python-requests/2.34.2"
85.208.96.205 - - [02/Aug/2026:02:53:15 +0300] "GET /top-ten-web-based-casinos-2026-7000-real-cash-sites-frankenstein-slot-machine-tested/ HTTP/1.1" 200 4772 "-" "Mozilla/5.0 (compatible; SemrushBot/7~bl; +http://www.semrush.com/bot.html)"
85.208.96.205 - - [02/Aug/2026:02:53:20 +0300] "GET /products/ligniperdous236140?id=227 HTTP/1.1" 404 10979 "-" "Mozilla/5.0 (compatible; SemrushBot/7~bl; +http://www.semrush.com/bot.html)"
43.166.244.251 - - [02/Aug/2026:02:53:26 +0300] "GET / HTTP/1.1" 301 162 "-" "Mozilla/5.0 (iPhone; CPU iPhone OS 13_2_3 like Mac OS X) AppleWebKit/605.1.15 (KHTML, like Gecko) Version/13.0.3 Mobile/15E148 Safari/604.1"
43.166.244.251 - - [02/Aug/2026:02:53:27 +0300] "GET / HTTP/1.1" 200 5387 "http://www.ofisbulutta.com" "Mozilla/5.0 (iPhone; CPU iPhone OS 13_2_3 like Mac OS X) AppleWebKit/605.1.15 (KHTML, like Gecko) Version/13.0.3 Mobile/15E148 Safari/604.1"
85.208.96.208 - - [02/Aug/2026:02:53:48 +0300] "GET /products/brokership675628?id=699 HTTP/1.1" 404 10979 "-" "Mozilla/5.0 (compatible; SemrushBot/7~bl; +http://www.semrush.com/bot.html)"
185.191.171.3 - - [02/Aug/2026:02:53:50 +0300] "GET /products/carling880541?id=953 HTTP/1.1" 404 10976 "-" "Mozilla/5.0 (compatible; SemrushBot/7~bl; +http://www.semrush.com/bot.html)"
185.191.171.4 - - [02/Aug/2026:02:53:51 +0300] "GET /products/nonperishing1037114?id=311 HTTP/1.1" 404 10980 "-" "Mozilla/5.0 (compatible; SemrushBot/7~bl; +http://www.semrush.com/bot.html)"
85.208.96.199 - - [02/Aug/2026:02:53:54 +0300] "GET /f0zqpk0h/m57-8hp-adapter-for-sale.html HTTP/1.1" 404 10992 "-" "Mozilla/5.0 (compatible; SemrushBot/7~bl; +http://www.semrush.com/bot.html)"
57.141.0.58 - - [02/Aug/2026:02:53:57 +0300] "GET /treasures-away-from-xmas-demo-by-netent-opinion-and-casino-golden-lion-100-free-spins-free-position/ HTTP/2.0" 200 4759 "-" "Mozilla/5.0 (Windows NT 10.0; Win64; x64) AppleWebKit/537.36 (KHTML, like Gecko) Chrome/145.0.0.0 Safari/537.36 (compatible; meta-externalagent/1.1 (+https://developers.facebook.com/docs/sharing/webmasters/crawler))"
86.57.172.107 - - [02/Aug/2026:02:54:04 +0300] "GET / HTTP/1.1" 200 4772 "-" "monitor-telegram-clone-realtime/1.0"
85.208.96.212 - - [02/Aug/2026:02:54:04 +0300] "GET /products/emotioned1301739?id=950 HTTP/1.1" 404 10976 "-" "Mozilla/5.0 (compatible; SemrushBot/7~bl; +http://www.semrush.com/bot.html)"
185.191.171.1 - - [02/Aug/2026:02:54:06 +0300] "GET /products/anomaloscope623187?id=424 HTTP/1.1" 404 10980 "-" "Mozilla/5.0 (compatible; SemrushBot/7~bl; +http://www.semrush.com/bot.html)"
57.141.0.59 - - [02/Aug/2026:02:54:15 +0300] "GET /ready-doing-his-thing-come-across-non-stop-public-local-casino-fun-in-the-modo-all-of-us/ HTTP/2.0" 200 4759 "-" "Mozilla/5.0 (Windows NT 10.0; Win64; x64) AppleWebKit/537.36 (KHTML, like Gecko) Chrome/145.0.0.0 Safari/537.36 (compatible; meta-externalagent/1.1 (+https://developers.facebook.com/docs/sharing/webmasters/crawler))"
91.224.92.34 - - [02/Aug/2026:02:54:20 +0300] "GET /wp-login.php HTTP/1.1" 200 2129 "https://www.facebook.com/" "Mozilla/5.0 (Macintosh; Intel Mac OS X 13_6_1) AppleWebKit/605.1.15 (KHTML, like Gecko) Version/16.6 Safari/605.1.15"
91.224.92.34 - - [02/Aug/2026:02:54:20 +0300] "GET /?author=1 HTTP/1.1" 403 146 "https://www.bing.com/" "Mozilla/5.0 (Macintosh; Intel Mac OS X 13_6_1; rv:119.0) Gecko/20100101 Firefox/119.0"
91.224.92.34 - - [02/Aug/2026:02:54:20 +0300] "GET /?author=2 HTTP/1.1" 403 548 "-" "Mozilla/5.0 (X11; Linux x86_64) AppleWebKit/537.36 (KHTML, like Gecko) Chrome/118.0.0.0 Safari/537.36"
91.224.92.34 - - [02/Aug/2026:02:54:20 +0300] "GET /?author=3 HTTP/1.1" 403 146 "https://www.facebook.com/" "Mozilla/5.0 (Windows NT 10.0; Win64; x64; rv:118.0) Gecko/20100101 Firefox/118.0"
91.224.92.34 - - [02/Aug/2026:02:54:20 +0300] "GET /?author=4 HTTP/1.1" 403 146 "https://duckduckgo.com/" "Mozilla/5.0 (Macintosh; Intel Mac OS X 10_15_7; rv:118.0) Gecko/20100101 Firefox/118.0"
91.224.92.34 - - [02/Aug/2026:02:54:20 +0300] "GET /?author=5 HTTP/1.1" 403 146 "" "Mozilla/5.0 (Macintosh; Intel Mac OS X 10_15_7) AppleWebKit/605.1.15 (KHTML, like Gecko) Version/17.2 Safari/605.1.15"
91.224.92.34 - - [02/Aug/2026:02:54:20 +0300] "GET /wp-json/wp/v2/users HTTP/1.1" 200 527 "https://www.bing.com/" "Mozilla/5.0 (Macintosh; Intel Mac OS X 13_6_1) AppleWebKit/537.36 (KHTML, like Gecko) Chrome/120.0.0.0 Safari/537.36"
91.224.92.34 - - [02/Aug/2026:02:54:20 +0300] "POST /wp-login.php HTTP/1.1" 500 3112 "https://csarite.com/wp-login.php" "Mozilla/5.0 (Windows NT 10.0; Win64; x64; rv:120.0) Gecko/20100101 Firefox/120.0"
91.224.92.34 - - [02/Aug/2026:02:54:20 +0300] "GET /wp-admin/index.php HTTP/1.1" 302 285 "https://csarite.com/wp-login.php" "Mozilla/5.0 (Macintosh; Intel Mac OS X 13_6_1; rv:118.0) Gecko/20100101 Firefox/118.0"
91.224.92.34 - - [02/Aug/2026:02:54:20 +0300] "GET /wp-login.php?redirect_to=https%3A%2F%2Fcsarite.com%2Fwp-admin%2Findex.php&reauth=1 HTTP/1.1" 200 2133 "https://csarite.com/wp-login.php" "Mozilla/5.0 (Macintosh; Intel Mac OS X 13_6_1; rv:118.0) Gecko/20100101 Firefox/118.0"
91.224.92.34 - - [02/Aug/2026:02:54:20 +0300] "POST /wp-login.php HTTP/1.1" 500 3112 "https://csarite.com/wp-login.php" "Mozilla/5.0 (Windows NT 11.0; Win64; x64) AppleWebKit/537.36 (KHTML, like Gecko) Chrome/121.0.0.0 Safari/537.36"
91.224.92.34 - - [02/Aug/2026:02:54:20 +0300] "GET /wp-admin/index.php HTTP/1.1" 302 285 "https://csarite.com/wp-login.php" "Mozilla/5.0 (Macintosh; Intel Mac OS X 13_6_1; rv:120.0) Gecko/20100101 Firefox/120.0"
91.224.92.34 - - [02/Aug/2026:02:54:20 +0300] "GET /wp-login.php?redirect_to=https%3A%2F%2Fcsarite.com%2Fwp-admin%2Findex.php&reauth=1 HTTP/1.1" 200 2133 "https://csarite.com/wp-login.php" "Mozilla/5.0 (Macintosh; Intel Mac OS X 13_6_1; rv:120.0) Gecko/20100101 Firefox/120.0"
91.224.92.34 - - [02/Aug/2026:02:54:20 +0300] "POST /wp-login.php HTTP/1.1" 500 3112 "https://csarite.com/wp-login.php" "Mozilla/5.0 (Macintosh; Intel Mac OS X 13_6_1; rv:119.0) Gecko/20100101 Firefox/119.0"
91.224.92.34 - - [02/Aug/2026:02:54:20 +0300] "GET /wp-admin/index.php HTTP/1.1" 302 285 "https://csarite.com/wp-login.php" "Mozilla/5.0 (Windows NT 11.0; Win64; x64) AppleWebKit/537.36 (KHTML, like Gecko) Chrome/121.0.0.0 Safari/537.36"
91.224.92.34 - - [02/Aug/2026:02:54:20 +0300] "GET /wp-login.php?redirect_to=https%3A%2F%2Fcsarite.com%2Fwp-admin%2Findex.php&reauth=1 HTTP/1.1" 200 2133 "https://csarite.com/wp-login.php" "Mozilla/5.0 (Windows NT 11.0; Win64; x64) AppleWebKit/537.36 (KHTML, like Gecko) Chrome/121.0.0.0 Safari/537.36"
91.224.92.34 - - [02/Aug/2026:02:54:20 +0300] "POST /wp-login.php HTTP/1.1" 500 3112 "https://csarite.com/wp-login.php" "Mozilla/5.0 (Windows NT 10.0; Win64; x64) AppleWebKit/537.36 (KHTML, like Gecko) Chrome/121.0.0.0 Safari/537.36"
91.224.92.34 - - [02/Aug/2026:02:54:21 +0300] "GET /wp-admin/index.php HTTP/1.1" 302 285 "https://csarite.com/wp-login.php" "Mozilla/5.0 (Macintosh; Intel Mac OS X 13_6_1) AppleWebKit/605.1.15 (KHTML, like Gecko) Version/16.6 Safari/605.1.15"
91.224.92.34 - - [02/Aug/2026:02:54:21 +0300] "GET /wp-login.php?redirect_to=https%3A%2F%2Fcsarite.com%2Fwp-admin%2Findex.php&reauth=1 HTTP/1.1" 200 2133 "https://csarite.com/wp-login.php" "Mozilla/5.0 (Macintosh; Intel Mac OS X 13_6_1) AppleWebKit/605.1.15 (KHTML, like Gecko) Version/16.6 Safari/605.1.15"
91.224.92.34 - - [02/Aug/2026:02:54:21 +0300] "POST /wp-login.php HTTP/1.1" 500 3112 "https://csarite.com/wp-login.php" "Mozilla/5.0 (Windows NT 11.0; Win64; x64) AppleWebKit/537.36 (KHTML, like Gecko) Chrome/118.0.0.0 Safari/537.36"
91.224.92.34 - - [02/Aug/2026:02:54:21 +0300] "GET /wp-admin/index.php HTTP/1.1" 302 285 "https://csarite.com/wp-login.php" "Mozilla/5.0 (Windows NT 10.0; Win64; x64) AppleWebKit/537.36 (KHTML, like Gecko) Chrome/119.0.0.0 Safari/537.36"
91.224.92.34 - - [02/Aug/2026:02:54:21 +0300] "GET /wp-login.php?redirect_to=https%3A%2F%2Fcsarite.com%2Fwp-admin%2Findex.php&reauth=1 HTTP/1.1" 200 2133 "https://csarite.com/wp-login.php" "Mozilla/5.0 (Windows NT 10.0; Win64; x64) AppleWebKit/537.36 (KHTML, like Gecko) Chrome/119.0.0.0 Safari/537.36"
91.224.92.34 - - [02/Aug/2026:02:54:21 +0300] "POST /wp-login.php HTTP/1.1" 500 3112 "https://csarite.com/wp-login.php" "Mozilla/5.0 (Windows NT 11.0; Win64; x64; rv:120.0) Gecko/20100101 Firefox/120.0"
91.224.92.34 - - [02/Aug/2026:02:54:21 +0300] "GET /wp-admin/index.php HTTP/1.1" 302 285 "https://csarite.com/wp-login.php" "Mozilla/5.0 (Macintosh; Intel Mac OS X 13_6_1) AppleWebKit/605.1.15 (KHTML, like Gecko) Version/17.0 Safari/605.1.15"
91.224.92.34 - - [02/Aug/2026:02:54:21 +0300] "GET /wp-login.php?redirect_to=https%3A%2F%2Fcsarite.com%2Fwp-admin%2Findex.php&reauth=1 HTTP/1.1" 200 2133 "https://csarite.com/wp-login.php" "Mozilla/5.0 (Macintosh; Intel Mac OS X 13_6_1) AppleWebKit/605.1.15 (KHTML, like Gecko) Version/17.0 Safari/605.1.15"
91.224.92.34 - - [02/Aug/2026:02:54:21 +0300] "POST /wp-login.php HTTP/1.1" 500 3112 "https://csarite.com/wp-login.php" "Mozilla/5.0 (Windows NT 11.0; Win64; x64) AppleWebKit/537.36 (KHTML, like Gecko) Chrome/118.0.0.0 Safari/537.36"
91.224.92.34 - - [02/Aug/2026:02:54:21 +0300] "GET /wp-admin/index.php HTTP/1.1" 302 285 "https://csarite.com/wp-login.php" "Mozilla/5.0 (Windows NT 11.0; Win64; x64) AppleWebKit/537.36 (KHTML, like Gecko) Chrome/121.0.0.0 Safari/537.36"
91.224.92.34 - - [02/Aug/2026:02:54:21 +0300] "GET /wp-login.php?redirect_to=https%3A%2F%2Fcsarite.com%2Fwp-admin%2Findex.php&reauth=1 HTTP/1.1" 200 2133 "https://csarite.com/wp-login.php" "Mozilla/5.0 (Windows NT 11.0; Win64; x64) AppleWebKit/537.36 (KHTML, like Gecko) Chrome/121.0.0.0 Safari/537.36"
91.224.92.34 - - [02/Aug/2026:02:54:21 +0300] "POST /wp-login.php HTTP/1.1" 500 3112 "https://csarite.com/wp-login.php" "Mozilla/5.0 (Macintosh; Intel Mac OS X 13_6_1) AppleWebKit/537.36 (KHTML, like Gecko) Chrome/118.0.0.0 Safari/537.36"
91.224.92.34 - - [02/Aug/2026:02:54:21 +0300] "GET /wp-admin/index.php HTTP/1.1" 302 285 "https://csarite.com/wp-login.php" "Mozilla/5.0 (Macintosh; Intel Mac OS X 13_6_1) AppleWebKit/537.36 (KHTML, like Gecko) Chrome/120.0.0.0 Safari/537.36"
91.224.92.34 - - [02/Aug/2026:02:54:21 +0300] "GET /wp-login.php?redirect_to=https%3A%2F%2Fcsarite.com%2Fwp-admin%2Findex.php&reauth=1 HTTP/1.1" 200 2133 "https://csarite.com/wp-login.php" "Mozilla/5.0 (Macintosh; Intel Mac OS X 13_6_1) AppleWebKit/537.36 (KHTML, like Gecko) Chrome/120.0.0.0 Safari/537.36"
91.224.92.34 - - [02/Aug/2026:02:54:21 +0300] "POST /wp-login.php HTTP/1.1" 500 3118 "https://csarite.com/wp-login.php" "Mozilla/5.0 (Windows NT 11.0; Win64; x64; rv:119.0) Gecko/20100101 Firefox/119.0"
91.224.92.34 - - [02/Aug/2026:02:54:21 +0300] "GET /wp-admin/index.php HTTP/1.1" 302 285 "https://csarite.com/wp-login.php" "Mozilla/5.0 (Macintosh; Intel Mac OS X 13_6_1) AppleWebKit/605.1.15 (KHTML, like Gecko) Version/16.6 Safari/605.1.15"
91.224.92.34 - - [02/Aug/2026:02:54:21 +0300] "GET /wp-login.php?redirect_to=https%3A%2F%2Fcsarite.com%2Fwp-admin%2Findex.php&reauth=1 HTTP/1.1" 200 2133 "https://csarite.com/wp-login.php" "Mozilla/5.0 (Macintosh; Intel Mac OS X 13_6_1) AppleWebKit/605.1.15 (KHTML, like Gecko) Version/16.6 Safari/605.1.15"
91.224.92.34 - - [02/Aug/2026:02:54:21 +0300] "POST /wp-login.php HTTP/1.1" 500 3112 "https://csarite.com/wp-login.php" "Mozilla/5.0 (Macintosh; Intel Mac OS X 13_6_1; rv:121.0) Gecko/20100101 Firefox/121.0"
91.224.92.34 - - [02/Aug/2026:02:54:21 +0300] "GET /wp-admin/index.php HTTP/1.1" 302 285 "https://csarite.com/wp-login.php" "Mozilla/5.0 (Windows NT 10.0; Win64; x64) AppleWebKit/537.36 (KHTML, like Gecko) Chrome/118.0.0.0 Safari/537.36"
185.191.171.17 - - [02/Aug/2026:02:54:21 +0300] "GET /5-dazzling-hot-gratuit-meci-demo-recenzia/ HTTP/1.1" 200 4772 "-" "Mozilla/5.0 (compatible; SemrushBot/7~bl; +http://www.semrush.com/bot.html)"
91.224.92.34 - - [02/Aug/2026:02:54:22 +0300] "GET /wp-login.php?redirect_to=https%3A%2F%2Fcsarite.com%2Fwp-admin%2Findex.php&reauth=1 HTTP/1.1" 200 2133 "https://csarite.com/wp-login.php" "Mozilla/5.0 (Windows NT 10.0; Win64; x64) AppleWebKit/537.36 (KHTML, like Gecko) Chrome/118.0.0.0 Safari/537.36"
91.224.92.34 - - [02/Aug/2026:02:54:22 +0300] "POST /wp-login.php HTTP/1.1" 500 3112 "https://csarite.com/wp-login.php" "Mozilla/5.0 (Windows NT 10.0; Win64; x64; rv:119.0) Gecko/20100101 Firefox/119.0"
91.224.92.34 - - [02/Aug/2026:02:54:22 +0300] "GET /wp-admin/index.php HTTP/1.1" 302 285 "https://csarite.com/wp-login.php" "Mozilla/5.0 (X11; Linux x86_64) AppleWebKit/537.36 (KHTML, like Gecko) Chrome/119.0.0.0 Safari/537.36"
91.224.92.34 - - [02/Aug/2026:02:54:22 +0300] "GET /wp-login.php?redirect_to=https%3A%2F%2Fcsarite.com%2Fwp-admin%2Findex.php&reauth=1 HTTP/1.1" 200 2133 "https://csarite.com/wp-login.php" "Mozilla/5.0 (X11; Linux x86_64) AppleWebKit/537.36 (KHTML, like Gecko) Chrome/119.0.0.0 Safari/537.36"
91.224.92.34 - - [02/Aug/2026:02:54:22 +0300] "POST /wp-login.php HTTP/1.1" 500 3112 "https://csarite.com/wp-login.php" "Mozilla/5.0 (Macintosh; Intel Mac OS X 10_15_7) AppleWebKit/537.36 (KHTML, like Gecko) Chrome/120.0.0.0 Safari/537.36"
91.224.92.34 - - [02/Aug/2026:02:54:22 +0300] "GET /wp-admin/index.php HTTP/1.1" 302 285 "https://csarite.com/wp-login.php" "Mozilla/5.0 (Macintosh; Intel Mac OS X 10_15_7; rv:120.0) Gecko/20100101 Firefox/120.0"
91.224.92.34 - - [02/Aug/2026:02:54:22 +0300] "GET /wp-login.php?redirect_to=https%3A%2F%2Fcsarite.com%2Fwp-admin%2Findex.php&reauth=1 HTTP/1.1" 200 2133 "https://csarite.com/wp-login.php" "Mozilla/5.0 (Macintosh; Intel Mac OS X 10_15_7; rv:120.0) Gecko/20100101 Firefox/120.0"
91.224.92.34 - - [02/Aug/2026:02:54:22 +0300] "POST /wp-login.php HTTP/1.1" 500 3112 "https://csarite.com/wp-login.php" "Mozilla/5.0 (Macintosh; Intel Mac OS X 10_15_7; rv:120.0) Gecko/20100101 Firefox/120.0"
91.224.92.34 - - [02/Aug/2026:02:54:22 +0300] "GET /wp-admin/index.php HTTP/1.1" 302 285 "https://csarite.com/wp-login.php" "Mozilla/5.0 (Macintosh; Intel Mac OS X 10_15_7) AppleWebKit/537.36 (KHTML, like Gecko) Chrome/119.0.0.0 Safari/537.36"
52.202.233.37 - - [02/Aug/2026:02:54:22 +0300] "GET /wp-content/uploads/2023/07/c47-200x300.webp HTTP/1.1" 200 11510 "-" "Mozilla/5.0 AppleWebKit/537.36 (KHTML, like Gecko; compatible; Amazonbot/0.1; +https://developer.amazon.com/support/amazonbot) Chrome/119.0.6045.214 Safari/537.36"
91.224.92.34 - - [02/Aug/2026:02:54:22 +0300] "GET /wp-login.php?redirect_to=https%3A%2F%2Fcsarite.com%2Fwp-admin%2Findex.php&reauth=1 HTTP/1.1" 200 2133 "https://csarite.com/wp-login.php" "Mozilla/5.0 (Macintosh; Intel Mac OS X 10_15_7) AppleWebKit/537.36 (KHTML, like Gecko) Chrome/119.0.0.0 Safari/537.36"
91.224.92.34 - - [02/Aug/2026:02:54:22 +0300] "POST /wp-login.php HTTP/1.1" 500 3118 "https://csarite.com/wp-login.php" "Mozilla/5.0 (Windows NT 11.0; Win64; x64) AppleWebKit/537.36 (KHTML, like Gecko) Chrome/120.0.0.0 Safari/537.36"
91.224.92.34 - - [02/Aug/2026:02:54:22 +0300] "GET /wp-admin/index.php HTTP/1.1" 302 285 "https://csarite.com/wp-login.php" "Mozilla/5.0 (Macintosh; Intel Mac OS X 10_15_7) AppleWebKit/605.1.15 (KHTML, like Gecko) Version/17.0 Safari/605.1.15"
91.224.92.34 - - [02/Aug/2026:02:54:22 +0300] "GET /wp-login.php?redirect_to=https%3A%2F%2Fcsarite.com%2Fwp-admin%2Findex.php&reauth=1 HTTP/1.1" 200 2133 "https://csarite.com/wp-login.php" "Mozilla/5.0 (Macintosh; Intel Mac OS X 10_15_7) AppleWebKit/605.1.15 (KHTML, like Gecko) Version/17.0 Safari/605.1.15"
185.191.171.13 - - [02/Aug/2026:02:54:22 +0300] "GET /products/hyalopterous352889?id=993 HTTP/1.1" 404 10980 "-" "Mozilla/5.0 (compatible; SemrushBot/7~bl; +http://www.semrush.com/bot.html)"
91.224.92.34 - - [02/Aug/2026:02:54:22 +0300] "POST /wp-login.php HTTP/1.1" 500 3118 "https://csarite.com/wp-login.php" "Mozilla/5.0 (Macintosh; Intel Mac OS X 13_6_1) AppleWebKit/605.1.15 (KHTML, like Gecko) Version/17.1 Safari/605.1.15"
91.224.92.34 - - [02/Aug/2026:02:54:22 +0300] "GET /wp-admin/index.php HTTP/1.1" 302 285 "https://csarite.com/wp-login.php" "Mozilla/5.0 (Macintosh; Intel Mac OS X 13_6_1) AppleWebKit/537.36 (KHTML, like Gecko) Chrome/118.0.0.0 Safari/537.36"
91.224.92.34 - - [02/Aug/2026:02:54:22 +0300] "GET /wp-login.php?redirect_to=https%3A%2F%2Fcsarite.com%2Fwp-admin%2Findex.php&reauth=1 HTTP/1.1" 200 2133 "https://csarite.com/wp-login.php" "Mozilla/5.0 (Macintosh; Intel Mac OS X 13_6_1) AppleWebKit/537.36 (KHTML, like Gecko) Chrome/118.0.0.0 Safari/537.36"
91.224.92.34 - - [02/Aug/2026:02:54:22 +0300] "POST /wp-login.php HTTP/1.1" 500 3112 "https://csarite.com/wp-login.php" "Mozilla/5.0 (Windows NT 11.0; Win64; x64) AppleWebKit/537.36 (KHTML, like Gecko) Chrome/118.0.0.0 Safari/537.36"
91.224.92.34 - - [02/Aug/2026:02:54:23 +0300] "GET /wp-admin/index.php HTTP/1.1" 302 285 "https://csarite.com/wp-login.php" "Mozilla/5.0 (Windows NT 10.0; Win64; x64; rv:121.0) Gecko/20100101 Firefox/121.0"
91.224.92.34 - - [02/Aug/2026:02:54:23 +0300] "GET /wp-login.php?redirect_to=https%3A%2F%2Fcsarite.com%2Fwp-admin%2Findex.php&reauth=1 HTTP/1.1" 200 2133 "https://csarite.com/wp-login.php" "Mozilla/5.0 (Windows NT 10.0; Win64; x64; rv:121.0) Gecko/20100101 Firefox/121.0"
91.224.92.34 - - [02/Aug/2026:02:54:23 +0300] "POST /wp-login.php HTTP/1.1" 500 3112 "https://csarite.com/wp-login.php" "Mozilla/5.0 (Windows NT 10.0; Win64; x64) AppleWebKit/537.36 (KHTML, like Gecko) Chrome/119.0.0.0 Safari/537.36"
91.224.92.34 - - [02/Aug/2026:02:54:23 +0300] "GET /wp-admin/index.php HTTP/1.1" 302 285 "https://csarite.com/wp-login.php" "Mozilla/5.0 (Macintosh; Intel Mac OS X 10_15_7) AppleWebKit/605.1.15 (KHTML, like Gecko) Version/17.2 Safari/605.1.15"
91.224.92.34 - - [02/Aug/2026:02:54:23 +0300] "GET /wp-login.php?redirect_to=https%3A%2F%2Fcsarite.com%2Fwp-admin%2Findex.php&reauth=1 HTTP/1.1" 200 2133 "https://csarite.com/wp-login.php" "Mozilla/5.0 (Macintosh; Intel Mac OS X 10_15_7) AppleWebKit/605.1.15 (KHTML, like Gecko) Version/17.2 Safari/605.1.15"
91.224.92.34 - - [02/Aug/2026:02:54:23 +0300] "POST /wp-login.php HTTP/1.1" 500 3112 "https://csarite.com/wp-login.php" "Mozilla/5.0 (Macintosh; Intel Mac OS X 10_15_7) AppleWebKit/605.1.15 (KHTML, like Gecko) Version/16.6 Safari/605.1.15"
91.224.92.34 - - [02/Aug/2026:02:54:23 +0300] "GET /wp-admin/index.php HTTP/1.1" 302 285 "https://csarite.com/wp-login.php" "Mozilla/5.0 (Macintosh; Intel Mac OS X 10_15_7) AppleWebKit/537.36 (KHTML, like Gecko) Chrome/120.0.0.0 Safari/537.36"
91.224.92.34 - - [02/Aug/2026:02:54:23 +0300] "GET /wp-login.php?redirect_to=https%3A%2F%2Fcsarite.com%2Fwp-admin%2Findex.php&reauth=1 HTTP/1.1" 200 2133 "https://csarite.com/wp-login.php" "Mozilla/5.0 (Macintosh; Intel Mac OS X 10_15_7) AppleWebKit/537.36 (KHTML, like Gecko) Chrome/120.0.0.0 Safari/537.36"
91.224.92.34 - - [02/Aug/2026:02:54:23 +0300] "POST /wp-login.php HTTP/1.1" 500 3112 "https://csarite.com/wp-login.php" "Mozilla/5.0 (Macintosh; Intel Mac OS X 10_15_7) AppleWebKit/537.36 (KHTML, like Gecko) Chrome/119.0.0.0 Safari/537.36"
91.224.92.34 - - [02/Aug/2026:02:54:23 +0300] "GET /wp-admin/index.php HTTP/1.1" 302 285 "https://csarite.com/wp-login.php" "Mozilla/5.0 (Windows NT 10.0; Win64; x64) AppleWebKit/537.36 (KHTML, like Gecko) Chrome/118.0.0.0 Safari/537.36"
91.224.92.34 - - [02/Aug/2026:02:54:23 +0300] "GET /wp-login.php?redirect_to=https%3A%2F%2Fcsarite.com%2Fwp-admin%2Findex.php&reauth=1 HTTP/1.1" 200 2133 "https://csarite.com/wp-login.php" "Mozilla/5.0 (Windows NT 10.0; Win64; x64) AppleWebKit/537.36 (KHTML, like Gecko) Chrome/118.0.0.0 Safari/537.36"
91.224.92.34 - - [02/Aug/2026:02:54:23 +0300] "POST /wp-login.php HTTP/1.1" 500 3112 "https://csarite.com/wp-login.php" "Mozilla/5.0 (Windows NT 11.0; Win64; x64; rv:118.0) Gecko/20100101 Firefox/118.0"
91.224.92.34 - - [02/Aug/2026:02:54:23 +0300] "GET /wp-admin/index.php HTTP/1.1" 302 285 "https://csarite.com/wp-login.php" "Mozilla/5.0 (Windows NT 11.0; Win64; x64) AppleWebKit/537.36 (KHTML, like Gecko) Chrome/118.0.0.0 Safari/537.36"
91.224.92.34 - - [02/Aug/2026:02:54:23 +0300] "GET /wp-login.php?redirect_to=https%3A%2F%2Fcsarite.com%2Fwp-admin%2Findex.php&reauth=1 HTTP/1.1" 200 2133 "https://csarite.com/wp-login.php" "Mozilla/5.0 (Windows NT 11.0; Win64; x64) AppleWebKit/537.36 (KHTML, like Gecko) Chrome/118.0.0.0 Safari/537.36"
91.224.92.34 - - [02/Aug/2026:02:54:23 +0300] "POST /wp-login.php HTTP/1.1" 500 3112 "https://csarite.com/wp-login.php" "Mozilla/5.0 (Windows NT 10.0; Win64; x64) AppleWebKit/537.36 (KHTML, like Gecko) Chrome/121.0.0.0 Safari/537.36"
91.224.92.34 - - [02/Aug/2026:02:54:23 +0300] "GET /wp-admin/index.php HTTP/1.1" 302 285 "https://csarite.com/wp-login.php" "Mozilla/5.0 (Macintosh; Intel Mac OS X 10_15_7) AppleWebKit/605.1.15 (KHTML, like Gecko) Version/17.1 Safari/605.1.15"
91.224.92.34 - - [02/Aug/2026:02:54:23 +0300] "GET /wp-login.php?redirect_to=https%3A%2F%2Fcsarite.com%2Fwp-admin%2Findex.php&reauth=1 HTTP/1.1" 200 2133 "https://csarite.com/wp-login.php" "Mozilla/5.0 (Macintosh; Intel Mac OS X 10_15_7) AppleWebKit/605.1.15 (KHTML, like Gecko) Version/17.1 Safari/605.1.15"
91.224.92.34 - - [02/Aug/2026:02:54:24 +0300] "POST /wp-login.php HTTP/1.1" 500 3112 "https://csarite.com/wp-login.php" "Mozilla/5.0 (Windows NT 11.0; Win64; x64; rv:119.0) Gecko/20100101 Firefox/119.0"
91.224.92.34 - - [02/Aug/2026:02:54:24 +0300] "GET /wp-admin/index.php HTTP/1.1" 302 285 "https://csarite.com/wp-login.php" "Mozilla/5.0 (Macintosh; Intel Mac OS X 13_6_1) AppleWebKit/605.1.15 (KHTML, like Gecko) Version/16.6 Safari/605.1.15"
91.224.92.34 - - [02/Aug/2026:02:54:24 +0300] "GET /wp-login.php?redirect_to=https%3A%2F%2Fcsarite.com%2Fwp-admin%2Findex.php&reauth=1 HTTP/1.1" 200 2133 "https://csarite.com/wp-login.php" "Mozilla/5.0 (Macintosh; Intel Mac OS X 13_6_1) AppleWebKit/605.1.15 (KHTML, like Gecko) Version/16.6 Safari/605.1.15"
91.224.92.34 - - [02/Aug/2026:02:54:24 +0300] "POST /wp-login.php HTTP/1.1" 500 3112 "https://csarite.com/wp-login.php" "Mozilla/5.0 (Macintosh; Intel Mac OS X 10_15_7) AppleWebKit/537.36 (KHTML, like Gecko) Chrome/120.0.0.0 Safari/537.36"
91.224.92.34 - - [02/Aug/2026:02:54:24 +0300] "GET /wp-admin/index.php HTTP/1.1" 302 285 "https://csarite.com/wp-login.php" "Mozilla/5.0 (Macintosh; Intel Mac OS X 10_15_7) AppleWebKit/605.1.15 (KHTML, like Gecko) Version/17.2 Safari/605.1.15"
91.224.92.34 - - [02/Aug/2026:02:54:24 +0300] "GET /wp-login.php?redirect_to=https%3A%2F%2Fcsarite.com%2Fwp-admin%2Findex.php&reauth=1 HTTP/1.1" 200 2133 "https://csarite.com/wp-login.php" "Mozilla/5.0 (Macintosh; Intel Mac OS X 10_15_7) AppleWebKit/605.1.15 (KHTML, like Gecko) Version/17.2 Safari/605.1.15"
91.224.92.34 - - [02/Aug/2026:02:54:24 +0300] "POST /wp-login.php HTTP/1.1" 500 3112 "https://csarite.com/wp-login.php" "Mozilla/5.0 (X11; Ubuntu; Linux x86_64) AppleWebKit/537.36 (KHTML, like Gecko) Chrome/119.0.0.0 Safari/537.36"
91.224.92.34 - - [02/Aug/2026:02:54:24 +0300] "GET /wp-admin/index.php HTTP/1.1" 302 285 "https://csarite.com/wp-login.php" "Mozilla/5.0 (X11; Ubuntu; Linux x86_64) AppleWebKit/537.36 (KHTML, like Gecko) Chrome/118.0.0.0 Safari/537.36"
91.224.92.34 - - [02/Aug/2026:02:54:24 +0300] "GET /wp-login.php?redirect_to=https%3A%2F%2Fcsarite.com%2Fwp-admin%2Findex.php&reauth=1 HTTP/1.1" 200 2133 "https://csarite.com/wp-login.php" "Mozilla/5.0 (X11; Ubuntu; Linux x86_64) AppleWebKit/537.36 (KHTML, like Gecko) Chrome/118.0.0.0 Safari/537.36"
91.224.92.34 - - [02/Aug/2026:02:54:24 +0300] "POST /wp-login.php HTTP/1.1" 500 3112 "https://csarite.com/wp-login.php" "Mozilla/5.0 (X11; Ubuntu; Linux x86_64) AppleWebKit/537.36 (KHTML, like Gecko) Chrome/119.0.0.0 Safari/537.36"
91.224.92.34 - - [02/Aug/2026:02:54:24 +0300] "GET /wp-admin/index.php HTTP/1.1" 302 285 "https://csarite.com/wp-login.php" "Mozilla/5.0 (Macintosh; Intel Mac OS X 13_6_1) AppleWebKit/605.1.15 (KHTML, like Gecko) Version/17.0 Safari/605.1.15"
91.224.92.34 - - [02/Aug/2026:02:54:24 +0300] "GET /wp-login.php?redirect_to=https%3A%2F%2Fcsarite.com%2Fwp-admin%2Findex.php&reauth=1 HTTP/1.1" 200 2133 "https://csarite.com/wp-login.php" "Mozilla/5.0 (Macintosh; Intel Mac OS X 13_6_1) AppleWebKit/605.1.15 (KHTML, like Gecko) Version/17.0 Safari/605.1.15"
91.224.92.34 - - [02/Aug/2026:02:54:24 +0300] "POST /wp-login.php HTTP/1.1" 500 3112 "https://csarite.com/wp-login.php" "Mozilla/5.0 (Macintosh; Intel Mac OS X 13_6_1) AppleWebKit/605.1.15 (KHTML, like Gecko) Version/17.1 Safari/605.1.15"
91.224.92.34 - - [02/Aug/2026:02:54:24 +0300] "GET /wp-admin/index.php HTTP/1.1" 302 285 "https://csarite.com/wp-login.php" "Mozilla/5.0 (X11; Linux x86_64) AppleWebKit/537.36 (KHTML, like Gecko) Chrome/121.0.0.0 Safari/537.36"
