85.208.96.212 - - [02/Aug/2026:00:51:09 +0300] "GET /products/brakeroot215754?id=431 HTTP/1.1" 404 10977 "-" "Mozilla/5.0 (compatible; SemrushBot/7~bl; +http://www.semrush.com/bot.html)"
185.191.171.5 - - [02/Aug/2026:00:51:18 +0300] "GET /starburst-nz-totally-free-spins-starlight-kiss-slot-no-deposit-incentives-to-the-join/ HTTP/1.1" 200 4772 "-" "Mozilla/5.0 (compatible; SemrushBot/7~bl; +http://www.semrush.com/bot.html)"
185.191.171.18 - - [02/Aug/2026:00:51:27 +0300] "GET /products/dactyliotheca1405479?id=77 HTTP/1.1" 404 10981 "-" "Mozilla/5.0 (compatible; SemrushBot/7~bl; +http://www.semrush.com/bot.html)"
185.191.171.17 - - [02/Aug/2026:00:51:30 +0300] "GET /blog/page/5508/ HTTP/1.1" 200 4772 "-" "Mozilla/5.0 (compatible; SemrushBot/7~bl; +http://www.semrush.com/bot.html)"
114.119.155.185 - - [02/Aug/2026:00:51:30 +0300] "GET /paypal-casino-liste-2026-traktandum-verbunden-casinos-qua-paypal-einzahlung/ HTTP/1.1" 200 4772 "https://www.egekobi.com/paypal-casino-liste-2026-traktandum-verbunden-casinos-qua-paypal-einzahlung/" "Mozilla/5.0 (Linux; Android 7.0;) AppleWebKit/537.36 (HTML, like Gecko) Mobile Safari/537.36 (compatible; PetalBot;+https://webmaster.petalsearch.com/site/petalbot)"
51.81.81.39 - - [02/Aug/2026:00:51:30 +0300] "POST /wp-json/batch/v1 HTTP/2.0" 500 460 "-" "Mozilla/5.0 (X11; Linux x86_64) AppleWebKit/537.36 (KHTML, like Gecko) Chrome/149.0.0.0 Safari/537.36"
51.81.81.39 - - [02/Aug/2026:00:51:31 +0300] "POST /wp-json/batch/v1 HTTP/2.0" 500 460 "-" "Mozilla/5.0 (X11; Linux x86_64) AppleWebKit/537.36 (KHTML, like Gecko) Chrome/149.0.0.0 Safari/537.36"
51.81.81.39 - - [02/Aug/2026:00:51:31 +0300] "POST /wp-json/batch/v1 HTTP/2.0" 500 460 "-" "Mozilla/5.0 (X11; Linux x86_64; rv:150.0) Gecko/20100101 Firefox/150.0"
51.81.81.39 - - [02/Aug/2026:00:51:32 +0300] "POST /wp-json/batch/v1 HTTP/2.0" 500 460 "-" "Mozilla/5.0 (Macintosh; Intel Mac OS X 10.15; rv:150.0) Gecko/20100101 Firefox/150.0"
185.191.171.2 - - [02/Aug/2026:00:51:36 +0300] "GET /vox-casino-app-pobierz-apk-polska-2/ HTTP/1.1" 200 4772 "-" "Mozilla/5.0 (compatible; SemrushBot/7~bl; +http://www.semrush.com/bot.html)"
85.208.96.196 - - [02/Aug/2026:00:51:36 +0300] "GET /0u8yk/elk-audit-logging.html HTTP/1.1" 404 10981 "-" "Mozilla/5.0 (compatible; SemrushBot/7~bl; +http://www.semrush.com/bot.html)"
185.191.171.11 - - [02/Aug/2026:00:51:39 +0300] "GET /products/iodamoeba1104704?id=335 HTTP/1.1" 404 10978 "-" "Mozilla/5.0 (compatible; SemrushBot/7~bl; +http://www.semrush.com/bot.html)"
185.191.171.14 - - [02/Aug/2026:00:51:45 +0300] "GET /products/arendalite753670?id=176 HTTP/1.1" 404 10978 "-" "Mozilla/5.0 (compatible; SemrushBot/7~bl; +http://www.semrush.com/bot.html)"
185.191.171.13 - - [02/Aug/2026:00:51:46 +0300] "GET /products/limsy531409?id=546 HTTP/1.1" 404 10974 "-" "Mozilla/5.0 (compatible; SemrushBot/7~bl; +http://www.semrush.com/bot.html)"
57.141.0.5 - - [02/Aug/2026:00:51:54 +0300] "GET /mastering-the-art-of-choosing-a-trusted-online-casino/ HTTP/2.0" 200 4759 "-" "Mozilla/5.0 (Windows NT 10.0; Win64; x64) AppleWebKit/537.36 (KHTML, like Gecko) Chrome/145.0.0.0 Safari/537.36 (compatible; meta-externalagent/1.1 (+https://developers.facebook.com/docs/sharing/webmasters/crawler))"
57.141.0.62 - - [02/Aug/2026:00:51:57 +0300] "GET /slots-means-isnt-really-a-misconception-however-it-is-not-really-what-do-you-believe/ HTTP/2.0" 200 4759 "-" "Mozilla/5.0 (Windows NT 10.0; Win64; x64) AppleWebKit/537.36 (KHTML, like Gecko) Chrome/145.0.0.0 Safari/537.36 (compatible; meta-externalagent/1.1 (+https://developers.facebook.com/docs/sharing/webmasters/crawler))"
57.141.0.22 - - [02/Aug/2026:00:51:58 +0300] "GET /greatest-casinos-on-the-internet-2026-horror-castle-slot-free-spins-better-5-a-real-income-internet-sites-examined/ HTTP/2.0" 200 4759 "-" "Mozilla/5.0 (Windows NT 10.0; Win64; x64) AppleWebKit/537.36 (KHTML, like Gecko) Chrome/145.0.0.0 Safari/537.36 Edg/145.0.0.0 (compatible; meta-externalagent/1.1 (+https://developers.facebook.com/docs/sharing/webmasters/crawler))"
57.141.0.38 - - [02/Aug/2026:00:52:01 +0300] "GET /starburst-online-slot-opinion-and-you-can-bonus-codes-2026/ HTTP/2.0" 200 4759 "-" "Mozilla/5.0 (X11; Linux x86_64) AppleWebKit/537.36 (KHTML, like Gecko) Chrome/145.0.0.0 Safari/537.36 (compatible; meta-externalagent/1.1 (+https://developers.facebook.com/docs/sharing/webmasters/crawler))"
85.208.96.193 - - [02/Aug/2026:00:52:06 +0300] "GET /0u8yk/equinox-san-francisco-pool.html HTTP/1.1" 404 10990 "-" "Mozilla/5.0 (compatible; SemrushBot/7~bl; +http://www.semrush.com/bot.html)"
185.191.171.1 - - [02/Aug/2026:00:52:13 +0300] "GET /products/cerebrospinant724253?id=786 HTTP/1.1" 404 10981 "-" "Mozilla/5.0 (compatible; SemrushBot/7~bl; +http://www.semrush.com/bot.html)"
43.162.109.249 - - [02/Aug/2026:00:52:14 +0300] "GET / HTTP/1.1" 404 118 "-" "Mozilla/5.0 (iPhone; CPU iPhone OS 13_2_3 like Mac OS X) AppleWebKit/605.1.15 (KHTML, like Gecko) Version/13.0.3 Mobile/15E148 Safari/604.1"
185.191.171.6 - - [02/Aug/2026:00:52:15 +0300] "GET /products/fiorite1412460?id=757 HTTP/1.1" 404 10975 "-" "Mozilla/5.0 (compatible; SemrushBot/7~bl; +http://www.semrush.com/bot.html)"
85.208.96.209 - - [02/Aug/2026:00:52:18 +0300] "GET /products/donax84792?id=316 HTTP/1.1" 404 10974 "-" "Mozilla/5.0 (compatible; SemrushBot/7~bl; +http://www.semrush.com/bot.html)"
185.191.171.2 - - [02/Aug/2026:00:52:20 +0300] "GET /products/absmho693250?id=17 HTTP/1.1" 404 10976 "-" "Mozilla/5.0 (compatible; SemrushBot/7~bl; +http://www.semrush.com/bot.html)"
57.141.0.16 - - [02/Aug/2026:00:52:22 +0300] "GET /greatest-all-of-us-real-money-ports-2026-best-gambling-enterprises-and-position-game-2/ HTTP/2.0" 200 4759 "-" "Mozilla/5.0 (Windows NT 10.0; Win64; x64) AppleWebKit/537.36 (KHTML, like Gecko) Chrome/145.0.0.0 Safari/537.36 (compatible; meta-externalagent/1.1 (+https://developers.facebook.com/docs/sharing/webmasters/crawler))"
185.191.171.5 - - [02/Aug/2026:00:52:22 +0300] "GET /products/amigo649498?id=510 HTTP/1.1" 404 10975 "-" "Mozilla/5.0 (compatible; SemrushBot/7~bl; +http://www.semrush.com/bot.html)"
57.141.0.19 - - [02/Aug/2026:00:52:38 +0300] "GET /obzor-partnerskoy-programmy-wow-dlya-onlayn-kazino-sg-casino-bankonbet-i/ HTTP/2.0" 200 4759 "-" "Mozilla/5.0 (Windows NT 10.0; Win64; x64) AppleWebKit/537.36 (KHTML, like Gecko) Chrome/145.0.0.0 Safari/537.36 (compatible; meta-externalagent/1.1 (+https://developers.facebook.com/docs/sharing/webmasters/crawler))"
57.141.0.10 - - [02/Aug/2026:00:52:38 +0300] "GET /merry-christmas-time-slot-free-trial-game-review-machance-affiliate-login-bonus/ HTTP/2.0" 200 4759 "-" "Mozilla/5.0 (Windows NT 10.0; Win64; x64) AppleWebKit/537.36 (KHTML, like Gecko) Chrome/145.0.0.0 Safari/537.36 (compatible; meta-externalagent/1.1 (+https://developers.facebook.com/docs/sharing/webmasters/crawler))"
57.141.0.8 - - [02/Aug/2026:00:52:48 +0300] "GET /ll-migliori-paysafecard-confusione-2026-nota-completa/ HTTP/2.0" 200 4759 "-" "Mozilla/5.0 (Windows NT 10.0; Win64; x64) AppleWebKit/537.36 (KHTML, like Gecko) Chrome/145.0.0.0 Safari/537.36 (compatible; meta-externalagent/1.1 (+https://developers.facebook.com/docs/sharing/webmasters/crawler))"
57.141.0.14 - - [02/Aug/2026:00:52:51 +0300] "GET /inoffizieller-mitarbeiter-vulkanspiele-spielsalon-ublich-sie-die-umfang-gesamtmenge-an-zum-besten-geben-spannende-bonusaktionen-contemporain-inter-prasenz/ HTTP/2.0" 200 4759 "-" "Mozilla/5.0 (Windows NT 10.0; Win64; x64) AppleWebKit/537.36 (KHTML, like Gecko) Chrome/145.0.0.0 Safari/537.36 Edg/145.0.0.0 (compatible; meta-externalagent/1.1 (+https://developers.facebook.com/docs/sharing/webmasters/crawler))"
114.119.132.103 - - [02/Aug/2026:00:52:54 +0300] "GET /payment-integration-finish-thunderstruck-dos-slot-purchases-for-british/ HTTP/1.1" 200 4772 "https://www.egekobi.com/you-ought-to-handwrite-their-request-towards-an-empty-piece-of-paper-inside-the-envelope/" "Mozilla/5.0 (Linux; Android 7.0;) AppleWebKit/537.36 (HTML, like Gecko) Mobile Safari/537.36 (compatible; PetalBot;+https://webmaster.petalsearch.com/site/petalbot)"
85.208.96.196 - - [02/Aug/2026:00:52:54 +0300] "GET /products/japonic1248213?id=244 HTTP/1.1" 404 10977 "-" "Mozilla/5.0 (compatible; SemrushBot/7~bl; +http://www.semrush.com/bot.html)"
185.191.171.10 - - [02/Aug/2026:00:52:55 +0300] "GET /download-twrp-installer-step-3-7-0_11-0-superstar-zip/ HTTP/1.1" 200 4772 "-" "Mozilla/5.0 (compatible; SemrushBot/7~bl; +http://www.semrush.com/bot.html)"
57.141.0.23 - - [02/Aug/2026:00:53:02 +0300] "GET /moonwin-lokalna-igralnica-spletna-igralnica-komentirajte-in-lahko-dobite-bonus/ HTTP/2.0" 200 4759 "-" "Mozilla/5.0 (Windows NT 10.0; Win64; x64) AppleWebKit/537.36 (KHTML, like Gecko) Chrome/145.0.0.0 Safari/537.36 (compatible; meta-externalagent/1.1 (+https://developers.facebook.com/docs/sharing/webmasters/crawler))"
185.191.171.10 - - [02/Aug/2026:00:53:17 +0300] "GET /products/autechoscope379325?id=303 HTTP/1.1" 404 10980 "-" "Mozilla/5.0 (compatible; SemrushBot/7~bl; +http://www.semrush.com/bot.html)"
85.208.96.209 - - [02/Aug/2026:00:53:19 +0300] "GET /slots-jogue-os-melhores-slots-50-rodadas-sem-deposito-bonanza-online-puerilidade-beneficio-ca/ HTTP/1.1" 200 4772 "-" "Mozilla/5.0 (compatible; SemrushBot/7~bl; +http://www.semrush.com/bot.html)"
185.191.171.8 - - [02/Aug/2026:00:53:23 +0300] "GET /products/milkman553866?id=370 HTTP/1.1" 404 10977 "-" "Mozilla/5.0 (compatible; SemrushBot/7~bl; +http://www.semrush.com/bot.html)"
57.141.0.61 - - [02/Aug/2026:00:53:27 +0300] "GET /enjoy-free-slots-bangkok-nights-slot-machine-enjoyment/ HTTP/2.0" 200 4759 "-" "Mozilla/5.0 (Macintosh; Intel Mac OS X 10_15_7) AppleWebKit/537.36 (KHTML, like Gecko) Chrome/145.0.0.0 Safari/537.36 (compatible; meta-externalagent/1.1 (+https://developers.facebook.com/docs/sharing/webmasters/crawler))"
57.141.0.48 - - [02/Aug/2026:00:53:29 +0300] "GET /nizej-niz-moze-byc-ksiazki-szczegoly-po-szczegolach-i-dlatego-pomoga-tych-ktorzy-pracuja-bezproblemowym-wyplaceniu-pieniedzy-z-takiego-kasyno-hazardowe/ HTTP/2.0" 200 4759 "-" "Mozilla/5.0 (Windows NT 10.0; Win64; x64) AppleWebKit/537.36 (KHTML, like Gecko) Chrome/145.0.0.0 Safari/537.36 (compatible; meta-externalagent/1.1 (+https://developers.facebook.com/docs/sharing/webmasters/crawler))"
85.208.96.194 - - [02/Aug/2026:00:53:36 +0300] "GET /products/camerinidae963188?id=851 HTTP/1.1" 404 10978 "-" "Mozilla/5.0 (compatible; SemrushBot/7~bl; +http://www.semrush.com/bot.html)"
57.141.0.52 - - [02/Aug/2026:00:53:38 +0300] "GET /zahteve-za-bonus-brez-depozita-in-verde-casino-bonus-dobrodoslice-brezplacne-vrtljaje-se-dnevno-nadgrajujejo/ HTTP/2.0" 200 4759 "-" "Mozilla/5.0 (Windows NT 10.0; Win64; x64) AppleWebKit/537.36 (KHTML, like Gecko) Chrome/145.0.0.0 Safari/537.36 (compatible; meta-externalagent/1.1 (+https://developers.facebook.com/docs/sharing/webmasters/crawler))"
57.141.0.25 - - [02/Aug/2026:00:53:49 +0300] "GET /bundesweit-casino-40-fur-nusse-spins-ohne-einzahlung-slot-promotionen-unter-einsatz-bonusschlitz-fruity-frost-von-gebuhrenfrei-spins-2/ HTTP/2.0" 200 4759 "-" "Mozilla/5.0 (Macintosh; Intel Mac OS X 10_15_7) AppleWebKit/537.36 (KHTML, like Gecko) Chrome/145.0.0.0 Safari/537.36 (compatible; meta-externalagent/1.1 (+https://developers.facebook.com/docs/sharing/webmasters/crawler))"
185.191.171.10 - - [02/Aug/2026:00:53:50 +0300] "GET /products/heartbreaker1124301?id=701 HTTP/1.1" 404 10981 "-" "Mozilla/5.0 (compatible; SemrushBot/7~bl; +http://www.semrush.com/bot.html)"
185.191.171.10 - - [02/Aug/2026:00:53:54 +0300] "GET /products/fagopyrum1056741?id=945 HTTP/1.1" 404 10979 "-" "Mozilla/5.0 (compatible; SemrushBot/7~bl; +http://www.semrush.com/bot.html)"
57.141.0.17 - - [02/Aug/2026:00:53:55 +0300] "GET /gratifica-di-cerimonia-a-volte-nuovi-utenti-planetwin-365-2025/ HTTP/2.0" 200 4759 "-" "Mozilla/5.0 (Windows NT 10.0; Win64; x64) AppleWebKit/537.36 (KHTML, like Gecko) Chrome/145.0.0.0 Safari/537.36 (compatible; meta-externalagent/1.1 (+https://developers.facebook.com/docs/sharing/webmasters/crawler))"
57.141.0.30 - - [02/Aug/2026:00:53:55 +0300] "GET /jingle-bells-play-forbidden-slot-slot-bonanza-slot-review-victory-which-have-bucks-drops/ HTTP/2.0" 200 4759 "-" "Mozilla/5.0 (Windows NT 10.0; Win64; x64) AppleWebKit/537.36 (KHTML, like Gecko) Chrome/145.0.0.0 Safari/537.36 (compatible; meta-externalagent/1.1 (+https://developers.facebook.com/docs/sharing/webmasters/crawler))"
135.119.63.61 - - [02/Aug/2026:00:53:57 +0300] "GET /--wp-lgj.php HTTP/1.1" 404 3299 "-" "Mozilla/5.0 (Windows NT 10.0; Win64; x64) AppleWebKit/537.36 (KHTML, like Gecko) Chrome/120.0.0.0 Safari/537.36"
135.119.63.61 - - [02/Aug/2026:00:53:57 +0300] "GET /.tmb/admin.php HTTP/1.1" 404 3299 "-" "Mozilla/5.0 (Windows NT 10.0; Win64; x64) AppleWebKit/537.36 (KHTML, like Gecko) Chrome/120.0.0.0 Safari/537.36"
135.119.63.61 - - [02/Aug/2026:00:53:57 +0300] "GET /.tmb/la.php HTTP/1.1" 404 3299 "-" "Mozilla/5.0 (Windows NT 10.0; Win64; x64) AppleWebKit/537.36 (KHTML, like Gecko) Chrome/120.0.0.0 Safari/537.36"
135.119.63.61 - - [02/Aug/2026:00:53:57 +0300] "GET /.tmb/wp-login.php HTTP/1.1" 404 3299 "-" "Mozilla/5.0 (Windows NT 10.0; Win64; x64) AppleWebKit/537.36 (KHTML, like Gecko) Chrome/120.0.0.0 Safari/537.36"
135.119.63.61 - - [02/Aug/2026:00:53:57 +0300] "GET /.well-known/.well-known/ HTTP/1.1" 404 3299 "-" "Mozilla/5.0 (Windows NT 10.0; Win64; x64) AppleWebKit/537.36 (KHTML, like Gecko) Chrome/120.0.0.0 Safari/537.36"
135.119.63.61 - - [02/Aug/2026:00:53:57 +0300] "GET /.well-known//.well-known/owlmailer.php HTTP/1.1" 404 3299 "-" "Mozilla/5.0 (Windows NT 10.0; Win64; x64) AppleWebKit/537.36 (KHTML, like Gecko) Chrome/120.0.0.0 Safari/537.36"
135.119.63.61 - - [02/Aug/2026:00:53:57 +0300] "GET /.well-known/991176.php HTTP/1.1" 404 3299 "-" "Mozilla/5.0 (Windows NT 10.0; Win64; x64) AppleWebKit/537.36 (KHTML, like Gecko) Chrome/120.0.0.0 Safari/537.36"
135.119.63.61 - - [02/Aug/2026:00:53:58 +0300] "GET /.well-known/about.php HTTP/1.1" 404 3299 "-" "Mozilla/5.0 (Windows NT 10.0; Win64; x64) AppleWebKit/537.36 (KHTML, like Gecko) Chrome/120.0.0.0 Safari/537.36"
135.119.63.61 - - [02/Aug/2026:00:53:58 +0300] "GET /.well-known/acme-challenge/content.php HTTP/1.1" 404 3299 "-" "Mozilla/5.0 (Windows NT 10.0; Win64; x64) AppleWebKit/537.36 (KHTML, like Gecko) Chrome/120.0.0.0 Safari/537.36"
135.119.63.61 - - [02/Aug/2026:00:53:58 +0300] "GET /.well-known/acme-challenge/file HTTP/1.1" 404 3299 "-" "Mozilla/5.0 (Windows NT 10.0; Win64; x64) AppleWebKit/537.36 (KHTML, like Gecko) Chrome/120.0.0.0 Safari/537.36"
135.119.63.61 - - [02/Aug/2026:00:53:58 +0300] "GET /.well-known/caches.php HTTP/1.1" 404 3299 "-" "Mozilla/5.0 (Windows NT 10.0; Win64; x64) AppleWebKit/537.36 (KHTML, like Gecko) Chrome/120.0.0.0 Safari/537.36"
135.119.63.61 - - [02/Aug/2026:00:53:58 +0300] "GET /.well-known/elp.php HTTP/1.1" 404 3299 "-" "Mozilla/5.0 (Windows NT 10.0; Win64; x64) AppleWebKit/537.36 (KHTML, like Gecko) Chrome/120.0.0.0 Safari/537.36"
135.119.63.61 - - [02/Aug/2026:00:53:58 +0300] "GET /.well-known/min.php HTTP/1.1" 404 3299 "-" "Mozilla/5.0 (Windows NT 10.0; Win64; x64) AppleWebKit/537.36 (KHTML, like Gecko) Chrome/120.0.0.0 Safari/537.36"
135.119.63.61 - - [02/Aug/2026:00:53:58 +0300] "GET /.well-known/pki-validation/classwithtostring.php HTTP/1.1" 404 3299 "-" "Mozilla/5.0 (Windows NT 10.0; Win64; x64) AppleWebKit/537.36 (KHTML, like Gecko) Chrome/120.0.0.0 Safari/537.36"
135.119.63.61 - - [02/Aug/2026:00:53:59 +0300] "GET /.well-known/pki-validation/mariju.php HTTP/1.1" 404 3299 "-" "Mozilla/5.0 (Windows NT 10.0; Win64; x64) AppleWebKit/537.36 (KHTML, like Gecko) Chrome/120.0.0.0 Safari/537.36"
135.119.63.61 - - [02/Aug/2026:00:53:59 +0300] "GET /.well-known/pki-validation/min.php HTTP/1.1" 404 3299 "-" "Mozilla/5.0 (Windows NT 10.0; Win64; x64) AppleWebKit/537.36 (KHTML, like Gecko) Chrome/120.0.0.0 Safari/537.36"
185.191.171.5 - - [02/Aug/2026:00:53:59 +0300] "GET /dagens-dubbel-20-februari-2026-odds-319-2/ HTTP/1.1" 200 4772 "-" "Mozilla/5.0 (compatible; SemrushBot/7~bl; +http://www.semrush.com/bot.html)"
135.119.63.61 - - [02/Aug/2026:00:53:59 +0300] "GET /2014/02/mt_srand.php HTTP/1.1" 404 3299 "-" "Mozilla/5.0 (Windows NT 10.0; Win64; x64) AppleWebKit/537.36 (KHTML, like Gecko) Chrome/120.0.0.0 Safari/537.36"
135.119.63.61 - - [02/Aug/2026:00:53:59 +0300] "GET /_podt.php HTTP/1.1" 404 3299 "-" "Mozilla/5.0 (Windows NT 10.0; Win64; x64) AppleWebKit/537.36 (KHTML, like Gecko) Chrome/120.0.0.0 Safari/537.36"
135.119.63.61 - - [02/Aug/2026:00:53:59 +0300] "GET /aaa.php HTTP/1.1" 404 3299 "-" "Mozilla/5.0 (Windows NT 10.0; Win64; x64) AppleWebKit/537.36 (KHTML, like Gecko) Chrome/120.0.0.0 Safari/537.36"
57.141.0.26 - - [02/Aug/2026:00:53:59 +0300] "GET /good-fresh-fruit-twist-slot-review-2026-totally-sea-hunter-1-deposit-free-play-demonstration/ HTTP/2.0" 200 4759 "-" "Mozilla/5.0 (Windows NT 10.0; Win64; x64) AppleWebKit/537.36 (KHTML, like Gecko) Chrome/145.0.0.0 Safari/537.36 (compatible; meta-externalagent/1.1 (+https://developers.facebook.com/docs/sharing/webmasters/crawler))"
135.119.63.61 - - [02/Aug/2026:00:53:59 +0300] "GET /aahana/json.php HTTP/1.1" 404 3299 "-" "Mozilla/5.0 (Windows NT 10.0; Win64; x64) AppleWebKit/537.36 (KHTML, like Gecko) Chrome/120.0.0.0 Safari/537.36"
135.119.63.61 - - [02/Aug/2026:00:53:59 +0300] "GET /abcd.php HTTP/1.1" 404 3299 "-" "Mozilla/5.0 (Windows NT 10.0; Win64; x64) AppleWebKit/537.36 (KHTML, like Gecko) Chrome/120.0.0.0 Safari/537.36"
135.119.63.61 - - [02/Aug/2026:00:54:00 +0300] "GET /about.php HTTP/1.1" 404 3299 "-" "Mozilla/5.0 (Windows NT 10.0; Win64; x64) AppleWebKit/537.36 (KHTML, like Gecko) Chrome/120.0.0.0 Safari/537.36"
135.119.63.61 - - [02/Aug/2026:00:54:00 +0300] "GET /admin.php HTTP/1.1" 404 3299 "-" "Mozilla/5.0 (Windows NT 10.0; Win64; x64) AppleWebKit/537.36 (KHTML, like Gecko) Chrome/120.0.0.0 Safari/537.36"
135.119.63.61 - - [02/Aug/2026:00:54:00 +0300] "GET /admin/fckeditor/editor/filemanager/ HTTP/1.1" 404 3299 "-" "Mozilla/5.0 (Windows NT 10.0; Win64; x64) AppleWebKit/537.36 (KHTML, like Gecko) Chrome/120.0.0.0 Safari/537.36"
135.119.63.61 - - [02/Aug/2026:00:54:00 +0300] "GET /admin/uploads/images/ HTTP/1.1" 404 3299 "-" "Mozilla/5.0 (Windows NT 10.0; Win64; x64) AppleWebKit/537.36 (KHTML, like Gecko) Chrome/120.0.0.0 Safari/537.36"
135.119.63.61 - - [02/Aug/2026:00:54:00 +0300] "GET /ahax.php HTTP/1.1" 404 3299 "-" "Mozilla/5.0 (Windows NT 10.0; Win64; x64) AppleWebKit/537.36 (KHTML, like Gecko) Chrome/120.0.0.0 Safari/537.36"
135.119.63.61 - - [02/Aug/2026:00:54:00 +0300] "GET /alera/alpha.php HTTP/1.1" 404 3299 "-" "Mozilla/5.0 (Windows NT 10.0; Win64; x64) AppleWebKit/537.36 (KHTML, like Gecko) Chrome/120.0.0.0 Safari/537.36"
135.119.63.61 - - [02/Aug/2026:00:54:00 +0300] "GET /alfa-rex.php HTTP/1.1" 404 3299 "-" "Mozilla/5.0 (Windows NT 10.0; Win64; x64) AppleWebKit/537.36 (KHTML, like Gecko) Chrome/120.0.0.0 Safari/537.36"
135.119.63.61 - - [02/Aug/2026:00:54:01 +0300] "GET /app.php HTTP/1.1" 404 3299 "-" "Mozilla/5.0 (Windows NT 10.0; Win64; x64) AppleWebKit/537.36 (KHTML, like Gecko) Chrome/120.0.0.0 Safari/537.36"
135.119.63.61 - - [02/Aug/2026:00:54:02 +0300] "GET /appwp.php HTTP/1.1" 404 3299 "-" "Mozilla/5.0 (Windows NT 10.0; Win64; x64) AppleWebKit/537.36 (KHTML, like Gecko) Chrome/120.0.0.0 Safari/537.36"
135.119.63.61 - - [02/Aug/2026:00:54:02 +0300] "GET /astra/inc/fm.php HTTP/1.1" 404 3299 "-" "Mozilla/5.0 (Windows NT 10.0; Win64; x64) AppleWebKit/537.36 (KHTML, like Gecko) Chrome/120.0.0.0 Safari/537.36"
135.119.63.61 - - [02/Aug/2026:00:54:02 +0300] "GET /autoload_classmap.php HTTP/1.1" 404 3299 "-" "Mozilla/5.0 (Windows NT 10.0; Win64; x64) AppleWebKit/537.36 (KHTML, like Gecko) Chrome/120.0.0.0 Safari/537.36"
135.119.63.61 - - [02/Aug/2026:00:54:03 +0300] "GET /bless.php HTTP/1.1" 404 3299 "-" "Mozilla/5.0 (Windows NT 10.0; Win64; x64) AppleWebKit/537.36 (KHTML, like Gecko) Chrome/120.0.0.0 Safari/537.36"
135.119.63.61 - - [02/Aug/2026:00:54:03 +0300] "GET /cgi-bin/about.php HTTP/1.1" 404 3299 "-" "Mozilla/5.0 (Windows NT 10.0; Win64; x64) AppleWebKit/537.36 (KHTML, like Gecko) Chrome/120.0.0.0 Safari/537.36"
135.119.63.61 - - [02/Aug/2026:00:54:03 +0300] "GET /cgi-binwp.php HTTP/1.1" 404 3299 "-" "Mozilla/5.0 (Windows NT 10.0; Win64; x64) AppleWebKit/537.36 (KHTML, like Gecko) Chrome/120.0.0.0 Safari/537.36"
135.119.63.61 - - [02/Aug/2026:00:54:03 +0300] "GET /class-wp-application-passwords.php HTTP/1.1" 404 3299 "-" "Mozilla/5.0 (Windows NT 10.0; Win64; x64) AppleWebKit/537.36 (KHTML, like Gecko) Chrome/120.0.0.0 Safari/537.36"
135.119.63.61 - - [02/Aug/2026:00:54:03 +0300] "GET /classwithtostring.php HTTP/1.1" 404 3299 "-" "Mozilla/5.0 (Windows NT 10.0; Win64; x64) AppleWebKit/537.36 (KHTML, like Gecko) Chrome/120.0.0.0 Safari/537.36"
85.208.96.206 - - [02/Aug/2026:00:54:03 +0300] "GET /in-questa-breve-artigianale-porteremo-i-giocatori-appata-stupore-dei-migliori-trambusto-fondo-minimo-2-euro/ HTTP/1.1" 200 4772 "-" "Mozilla/5.0 (compatible; SemrushBot/7~bl; +http://www.semrush.com/bot.html)"
135.119.63.61 - - [02/Aug/2026:00:54:03 +0300] "GET /cloud.php HTTP/1.1" 404 3299 "-" "Mozilla/5.0 (Windows NT 10.0; Win64; x64) AppleWebKit/537.36 (KHTML, like Gecko) Chrome/120.0.0.0 Safari/537.36"
135.119.63.61 - - [02/Aug/2026:00:54:03 +0300] "GET /co.php HTTP/1.1" 404 3299 "-" "Mozilla/5.0 (Windows NT 10.0; Win64; x64) AppleWebKit/537.36 (KHTML, like Gecko) Chrome/120.0.0.0 Safari/537.36"
135.119.63.61 - - [02/Aug/2026:00:54:04 +0300] "GET /codemirror/about.php HTTP/1.1" 404 3299 "-" "Mozilla/5.0 (Windows NT 10.0; Win64; x64) AppleWebKit/537.36 (KHTML, like Gecko) Chrome/120.0.0.0 Safari/537.36"
135.119.63.61 - - [02/Aug/2026:00:54:04 +0300] "GET /colors/blue/info.php HTTP/1.1" 404 3299 "-" "Mozilla/5.0 (Windows NT 10.0; Win64; x64) AppleWebKit/537.36 (KHTML, like Gecko) Chrome/120.0.0.0 Safari/537.36"
135.119.63.61 - - [02/Aug/2026:00:54:04 +0300] "GET /colors/coffee/shells.php HTTP/1.1" 404 3299 "-" "Mozilla/5.0 (Windows NT 10.0; Win64; x64) AppleWebKit/537.36 (KHTML, like Gecko) Chrome/120.0.0.0 Safari/537.36"
135.119.63.61 - - [02/Aug/2026:00:54:04 +0300] "GET /colors/midnight/priv.php HTTP/1.1" 404 3299 "-" "Mozilla/5.0 (Windows NT 10.0; Win64; x64) AppleWebKit/537.36 (KHTML, like Gecko) Chrome/120.0.0.0 Safari/537.36"
135.119.63.61 - - [02/Aug/2026:00:54:04 +0300] "GET /content.php HTTP/1.1" 404 3299 "-" "Mozilla/5.0 (Windows NT 10.0; Win64; x64) AppleWebKit/537.36 (KHTML, like Gecko) Chrome/120.0.0.0 Safari/537.36"
135.119.63.61 - - [02/Aug/2026:00:54:04 +0300] "GET /css/wp-login.php HTTP/1.1" 404 3299 "-" "Mozilla/5.0 (Windows NT 10.0; Win64; x64) AppleWebKit/537.36 (KHTML, like Gecko) Chrome/120.0.0.0 Safari/537.36"
135.119.63.61 - - [02/Aug/2026:00:54:04 +0300] "GET /dex.php HTTP/1.1" 404 3299 "-" "Mozilla/5.0 (Windows NT 10.0; Win64; x64) AppleWebKit/537.36 (KHTML, like Gecko) Chrome/120.0.0.0 Safari/537.36"
135.119.63.61 - - [02/Aug/2026:00:54:04 +0300] "GET /docsbypass.php HTTP/1.1" 404 3299 "-" "Mozilla/5.0 (Windows NT 10.0; Win64; x64) AppleWebKit/537.36 (KHTML, like Gecko) Chrome/120.0.0.0 Safari/537.36"
135.119.63.61 - - [02/Aug/2026:00:54:05 +0300] "GET /dropdown.php HTTP/1.1" 404 3299 "-" "Mozilla/5.0 (Windows NT 10.0; Win64; x64) AppleWebKit/537.36 (KHTML, like Gecko) Chrome/120.0.0.0 Safari/537.36"
135.119.63.61 - - [02/Aug/2026:00:54:05 +0300] "GET /env.php HTTP/1.1" 404 3299 "-" "Mozilla/5.0 (Windows NT 10.0; Win64; x64) AppleWebKit/537.36 (KHTML, like Gecko) Chrome/120.0.0.0 Safari/537.36"
135.119.63.61 - - [02/Aug/2026:00:54:05 +0300] "GET /eror.php HTTP/1.1" 404 3299 "-" "Mozilla/5.0 (Windows NT 10.0; Win64; x64) AppleWebKit/537.36 (KHTML, like Gecko) Chrome/120.0.0.0 Safari/537.36"
135.119.63.61 - - [02/Aug/2026:00:54:05 +0300] "GET /file4.php HTTP/1.1" 404 3299 "-" "Mozilla/5.0 (Windows NT 10.0; Win64; x64) AppleWebKit/537.36 (KHTML, like Gecko) Chrome/120.0.0.0 Safari/537.36"
135.119.63.61 - - [02/Aug/2026:00:54:05 +0300] "GET /fm.php HTTP/1.1" 404 3299 "-" "Mozilla/5.0 (Windows NT 10.0; Win64; x64) AppleWebKit/537.36 (KHTML, like Gecko) Chrome/120.0.0.0 Safari/537.36"
135.119.63.61 - - [02/Aug/2026:00:54:05 +0300] "GET /form.php HTTP/1.1" 404 3299 "-" "Mozilla/5.0 (Windows NT 10.0; Win64; x64) AppleWebKit/537.36 (KHTML, like Gecko) Chrome/120.0.0.0 Safari/537.36"
43.163.206.70 - - [02/Aug/2026:00:54:15 +0300] "GET / HTTP/1.1" 301 162 "-" "Mozilla/5.0 (iPhone; CPU iPhone OS 13_2_3 like Mac OS X) AppleWebKit/605.1.15 (KHTML, like Gecko) Version/13.0.3 Mobile/15E148 Safari/604.1"
43.163.206.70 - - [02/Aug/2026:00:54:17 +0300] "GET / HTTP/1.1" 301 162 "http://www.ofisbulutta.tr" "Mozilla/5.0 (iPhone; CPU iPhone OS 13_2_3 like Mac OS X) AppleWebKit/605.1.15 (KHTML, like Gecko) Version/13.0.3 Mobile/15E148 Safari/604.1"
114.119.146.229 - - [02/Aug/2026:00:54:17 +0300] "GET /payid-pokies-otherwise-forest-go-finest-metropolitan-areas-to-bombs-away-slot-no-deposit-own-people-around-australia-2/ HTTP/1.1" 200 4772 "https://www.egekobi.com/payid-pokies-otherwise-forest-go-finest-metropolitan-areas-to-bombs-away-slot-no-deposit-own-people-around-australia-2/" "Mozilla/5.0 (Linux; Android 7.0;) AppleWebKit/537.36 (HTML, like Gecko) Mobile Safari/537.36 (compatible; PetalBot;+https://webmaster.petalsearch.com/site/petalbot)"
43.163.206.70 - - [02/Aug/2026:00:54:18 +0300] "GET / HTTP/1.1" 301 162 "https://www.ofisbulutta.tr/" "Mozilla/5.0 (iPhone; CPU iPhone OS 13_2_3 like Mac OS X) AppleWebKit/605.1.15 (KHTML, like Gecko) Version/13.0.3 Mobile/15E148 Safari/604.1"
43.163.206.70 - - [02/Aug/2026:00:54:20 +0300] "GET / HTTP/1.1" 200 5387 "https://www.ofisbulutta.com" "Mozilla/5.0 (iPhone; CPU iPhone OS 13_2_3 like Mac OS X) AppleWebKit/605.1.15 (KHTML, like Gecko) Version/13.0.3 Mobile/15E148 Safari/604.1"
185.29.11.57 - - [02/Aug/2026:00:54:29 +0300] "GET / HTTP/1.1" 502 150 "-" "Mozilla/5.0 (Windows NT 10.0; WOW64; rv:47.0) Gecko/20100101 Firefox/47.0"
185.29.11.57 - - [02/Aug/2026:00:54:29 +0300] "GET / HTTP/1.1" 301 162 "-" "Mozilla/5.0 (Windows NT 10.0; WOW64; rv:47.0) Gecko/20100101 Firefox/47.0"
185.29.11.57 - - [02/Aug/2026:00:54:29 +0300] "GET / HTTP/1.1" 502 150 "-" "Mozilla/5.0 (Windows NT 10.0; WOW64; rv:47.0) Gecko/20100101 Firefox/47.0"
85.208.96.204 - - [02/Aug/2026:00:54:34 +0300] "GET /jeux-de-video-poker-disponibles-sur-instant-casino/ HTTP/1.1" 200 4772 "-" "Mozilla/5.0 (compatible; SemrushBot/7~bl; +http://www.semrush.com/bot.html)"
57.141.0.28 - - [02/Aug/2026:00:54:38 +0300] "GET /better-blackjack-ballroom-casino-free-spins-100-percent-free-spins-bonuses-2026-no-deposit-uk-casinos/ HTTP/2.0" 200 4759 "-" "Mozilla/5.0 (Windows NT 10.0; Win64; x64) AppleWebKit/537.36 (KHTML, like Gecko) Chrome/145.0.0.0 Safari/537.36 (compatible; meta-externalagent/1.1 (+https://developers.facebook.com/docs/sharing/webmasters/crawler))"
85.208.96.206 - - [02/Aug/2026:00:54:45 +0300] "GET /products/corrivalship512600?id=922 HTTP/1.1" 404 10979 "-" "Mozilla/5.0 (compatible; SemrushBot/7~bl; +http://www.semrush.com/bot.html)"
85.208.96.209 - - [02/Aug/2026:00:54:46 +0300] "GET /diese-besten-verbunden-casinos-uber-gonzos-quest-slot-slot-freispielen-ohne-einzahlung-2026/ HTTP/1.1" 200 4772 "-" "Mozilla/5.0 (compatible; SemrushBot/7~bl; +http://www.semrush.com/bot.html)"
85.208.96.206 - - [02/Aug/2026:00:54:49 +0300] "GET /products/homoeopathician120123?id=813 HTTP/1.1" 404 10981 "-" "Mozilla/5.0 (compatible; SemrushBot/7~bl; +http://www.semrush.com/bot.html)"
185.191.171.19 - - [02/Aug/2026:00:55:02 +0300] "GET /best-20-totally-free-no-deposit-gambling-enterprises/ HTTP/1.1" 200 4772 "-" "Mozilla/5.0 (compatible; SemrushBot/7~bl; +http://www.semrush.com/bot.html)"
57.141.0.30 - - [02/Aug/2026:00:55:06 +0300] "GET /100-free-revolves-for-real-money-in-gambling-enterprise-benefits-2026/ HTTP/2.0" 200 4759 "-" "Mozilla/5.0 (Windows NT 10.0; Win64; x64) AppleWebKit/537.36 (KHTML, like Gecko) Chrome/145.0.0.0 Safari/537.36 (compatible; meta-externalagent/1.1 (+https://developers.facebook.com/docs/sharing/webmasters/crawler))"
20.226.90.242 - - [02/Aug/2026:00:55:16 +0300] "GET /wp-content/plugins/hellopress/wp_filemanager.php HTTP/1.1" 301 162 "-" "-"
185.191.171.8 - - [02/Aug/2026:00:55:18 +0300] "GET /products/karyosome568634?id=851 HTTP/1.1" 404 10978 "-" "Mozilla/5.0 (compatible; SemrushBot/7~bl; +http://www.semrush.com/bot.html)"
20.226.90.242 - - [02/Aug/2026:00:55:19 +0300] "GET /this_is_a_new_hello_world.php HTTP/1.1" 301 162 "-" "-"
20.226.90.242 - - [02/Aug/2026:00:55:20 +0300] "GET /inputs.php HTTP/1.1" 301 162 "-" "-"
20.226.90.242 - - [02/Aug/2026:00:55:20 +0300] "GET /admin.php HTTP/1.1" 301 162 "-" "-"
20.226.90.242 - - [02/Aug/2026:00:55:20 +0300] "GET /goods.php HTTP/1.1" 301 162 "-" "-"
20.226.90.242 - - [02/Aug/2026:00:55:21 +0300] "GET /file.php HTTP/1.1" 301 162 "-" "-"
20.226.90.242 - - [02/Aug/2026:00:55:22 +0300] "GET /adminfuns.php HTTP/1.1" 301 162 "-" "-"
57.141.0.62 - - [02/Aug/2026:00:55:22 +0300] "GET /acceptance-purple-stag-gambling-enterprise-moonshine-1-deposit-video-game-date-fever-37-100-percent-free-revolves-bonus-password/ HTTP/2.0" 200 4759 "-" "Mozilla/5.0 (Windows NT 10.0; Win64; x64) AppleWebKit/537.36 (KHTML, like Gecko) Chrome/145.0.0.0 Safari/537.36 (compatible; meta-externalagent/1.1 (+https://developers.facebook.com/docs/sharing/webmasters/crawler))"
20.226.90.242 - - [02/Aug/2026:00:55:23 +0300] "GET /404.php HTTP/1.1" 301 162 "-" "-"
57.141.0.16 - - [02/Aug/2026:00:55:23 +0300] "GET /jouez-et-gagnez-bien-au-meilleur-gambling-establishment-sites/ HTTP/2.0" 200 4759 "-" "Mozilla/5.0 (Windows NT 10.0; Win64; x64) AppleWebKit/537.36 (KHTML, like Gecko) Chrome/145.0.0.0 Safari/537.36 (compatible; meta-externalagent/1.1 (+https://developers.facebook.com/docs/sharing/webmasters/crawler))"
20.226.90.242 - - [02/Aug/2026:00:55:23 +0300] "GET /wk/index.php HTTP/1.1" 301 162 "-" "-"
20.226.90.242 - - [02/Aug/2026:00:55:23 +0300] "GET /about.php HTTP/1.1" 301 162 "-" "-"
20.226.90.242 - - [02/Aug/2026:00:55:24 +0300] "GET /term.php HTTP/1.1" 301 162 "-" "-"
57.141.0.38 - - [02/Aug/2026:00:55:24 +0300] "GET /arid-factory-spilleautomat-frakoblet-microgaming-i24slot-app-apk-nedlasting-anmeldelse-dans-online-gratis/ HTTP/2.0" 200 4759 "-" "Mozilla/5.0 (Windows NT 10.0; Win64; x64) AppleWebKit/537.36 (KHTML, like Gecko) Chrome/145.0.0.0 Safari/537.36 (compatible; meta-externalagent/1.1 (+https://developers.facebook.com/docs/sharing/webmasters/crawler))"
20.226.90.242 - - [02/Aug/2026:00:55:24 +0300] "GET /ioxi-o.php HTTP/1.1" 301 162 "-" "-"
20.226.90.242 - - [02/Aug/2026:00:55:25 +0300] "GET /1.php HTTP/1.1" 301 162 "-" "-"
20.226.90.242 - - [02/Aug/2026:00:55:25 +0300] "GET /alfa.php HTTP/1.1" 301 162 "-" "-"
20.226.90.242 - - [02/Aug/2026:00:55:27 +0300] "GET /edit.php HTTP/1.1" 301 162 "-" "-"
20.226.90.242 - - [02/Aug/2026:00:55:27 +0300] "GET /elp.php HTTP/1.1" 301 162 "-" "-"
20.226.90.242 - - [02/Aug/2026:00:55:28 +0300] "GET /classwithtostring.php HTTP/1.1" 301 162 "-" "-"
20.226.90.242 - - [02/Aug/2026:00:55:28 +0300] "GET /666.php HTTP/1.1" 301 162 "-" "-"
20.226.90.242 - - [02/Aug/2026:00:55:29 +0300] "GET /wp-admin/ HTTP/1.1" 301 162 "-" "-"
20.226.90.242 - - [02/Aug/2026:00:55:29 +0300] "GET /ws54.php HTTP/1.1" 301 162 "-" "-"
102.140.119.37 - - [02/Aug/2026:00:55:29 +0300] "GET / HTTP/1.1" 301 162 "-" "Mozilla/5.0 (Windows NT 10.0; Win64; x64) AppleWebKit/537.36 (KHTML, like Gecko) Chrome/120.0.0.0 Safari/537.36"
20.226.90.242 - - [02/Aug/2026:00:55:30 +0300] "GET /deepseek_d.php HTTP/1.1" 301 162 "-" "-"
20.226.90.242 - - [02/Aug/2026:00:55:31 +0300] "GET /function/function.php HTTP/1.1" 301 162 "-" "-"
20.226.90.242 - - [02/Aug/2026:00:55:31 +0300] "GET /nw.php HTTP/1.1" 301 162 "-" "-"
20.226.90.242 - - [02/Aug/2026:00:55:32 +0300] "GET /xleet.php HTTP/1.1" 301 162 "-" "-"
85.208.96.210 - - [02/Aug/2026:00:55:32 +0300] "GET /can-sa-flowers-rotiti-gratuite-dar-magazie-joci-spre-bani-slot-online-ghostbusters-reali-online-reguli-si-rtp/ HTTP/1.1" 200 4772 "-" "Mozilla/5.0 (compatible; SemrushBot/7~bl; +http://www.semrush.com/bot.html)"
20.226.90.242 - - [02/Aug/2026:00:55:32 +0300] "GET /wp.php HTTP/1.1" 301 162 "-" "-"
200.31.19.229 - - [02/Aug/2026:00:55:32 +0300] "GET / HTTP/1.1" 200 21136 "-" "Mozilla/5.0 (Windows NT 10.0; Win64; x64) AppleWebKit/537.36 (KHTML, like Gecko) Chrome/120.0.0.0 Safari/537.36"
20.226.90.242 - - [02/Aug/2026:00:55:33 +0300] "GET /155.php HTTP/1.1" 301 162 "-" "-"
20.226.90.242 - - [02/Aug/2026:00:55:33 +0300] "GET /96i.php HTTP/1.1" 301 162 "-" "-"
20.226.90.242 - - [02/Aug/2026:00:55:34 +0300] "GET /as.php HTTP/1.1" 301 162 "-" "-"
57.141.0.54 - - [02/Aug/2026:00:55:34 +0300] "GET /speel-voor-meer-dan-eur750-aan-welkomstbonussen-bij-playjonny-en/ HTTP/2.0" 200 4759 "-" "Mozilla/5.0 (X11; Linux x86_64) AppleWebKit/537.36 (KHTML, like Gecko) Chrome/145.0.0.0 Safari/537.36 (compatible; meta-externalagent/1.1 (+https://developers.facebook.com/docs/sharing/webmasters/crawler))"
20.226.90.242 - - [02/Aug/2026:00:55:34 +0300] "GET /min.php HTTP/1.1" 301 162 "-" "-"
20.226.90.242 - - [02/Aug/2026:00:55:35 +0300] "GET /.well-known/ HTTP/1.1" 301 162 "-" "-"
20.226.90.242 - - [02/Aug/2026:00:55:36 +0300] "GET /php8.php HTTP/1.1" 301 162 "-" "-"
20.226.90.242 - - [02/Aug/2026:00:55:36 +0300] "GET /wp-content/admin.php HTTP/1.1" 301 162 "-" "-"
185.191.171.19 - - [02/Aug/2026:00:55:36 +0300] "GET /doar-cum-sa-alegei-cele-va-primi-bune-pacanele-gratis-cu-site-ului-nostru/ HTTP/1.1" 200 4772 "-" "Mozilla/5.0 (compatible; SemrushBot/7~bl; +http://www.semrush.com/bot.html)"
20.226.90.242 - - [02/Aug/2026:00:55:37 +0300] "GET /222.php HTTP/1.1" 301 162 "-" "-"
20.226.90.242 - - [02/Aug/2026:00:55:38 +0300] "GET /wp-content/themes/pridmag/il.php HTTP/1.1" 301 162 "-" "-"
20.226.90.242 - - [02/Aug/2026:00:55:38 +0300] "GET /info.php HTTP/1.1" 301 162 "-" "-"
20.226.90.242 - - [02/Aug/2026:00:55:39 +0300] "GET /a.php HTTP/1.1" 301 162 "-" "-"
20.226.90.242 - - [02/Aug/2026:00:55:40 +0300] "GET /chosen.php HTTP/1.1" 301 162 "-" "-"
57.141.0.49 - - [02/Aug/2026:00:55:40 +0300] "GET /spielsaal-provision-ohne-einzahlung-2026-neue-grand-galore-casino-no-abschlagzahlung-boni/ HTTP/2.0" 200 4759 "-" "Mozilla/5.0 (Windows NT 10.0; Win64; x64) AppleWebKit/537.36 (KHTML, like Gecko) Chrome/145.0.0.0 Safari/537.36 (compatible; meta-externalagent/1.1 (+https://developers.facebook.com/docs/sharing/webmasters/crawler))"
20.226.90.242 - - [02/Aug/2026:00:55:40 +0300] "GET /wp-content/index.php HTTP/1.1" 301 162 "-" "-"
114.119.152.12 - - [02/Aug/2026:00:55:40 +0300] "GET /pay-because-deposit-1-get-20-of-the-cellular-boku-gambling-enterprise-internet-sites-2026/ HTTP/1.1" 200 4772 "https://www.egekobi.com/pay-because-deposit-1-get-20-of-the-cellular-boku-gambling-enterprise-internet-sites-2026/" "Mozilla/5.0 (Linux; Android 7.0;) AppleWebKit/537.36 (HTML, like Gecko) Mobile Safari/537.36 (compatible; PetalBot;+https://webmaster.petalsearch.com/site/petalbot)"
20.226.90.242 - - [02/Aug/2026:00:55:41 +0300] "GET /vx.php HTTP/1.1" 301 162 "-" "-"
20.226.90.242 - - [02/Aug/2026:00:55:42 +0300] "GET /admin/controller/extension/ HTTP/1.1" 301 162 "-" "-"
20.226.90.242 - - [02/Aug/2026:00:55:42 +0300] "GET /wap.php HTTP/1.1" 301 162 "-" "-"
20.226.90.242 - - [02/Aug/2026:00:55:42 +0300] "GET /wp-admin/wp.php HTTP/1.1" 301 162 "-" "-"
20.226.90.242 - - [02/Aug/2026:00:55:43 +0300] "GET /bgymj.php HTTP/1.1" 301 162 "-" "-"
20.226.90.242 - - [02/Aug/2026:00:55:43 +0300] "GET /aa.php HTTP/1.1" 301 162 "-" "-"
20.226.90.242 - - [02/Aug/2026:00:55:44 +0300] "GET /wp-mail.php HTTP/1.1" 301 162 "-" "-"
185.191.171.13 - - [02/Aug/2026:00:55:44 +0300] "GET /f0zqpk0h/toyota-2kd-problems.html HTTP/1.1" 404 10988 "-" "Mozilla/5.0 (compatible; SemrushBot/7~bl; +http://www.semrush.com/bot.html)"
20.226.90.242 - - [02/Aug/2026:00:55:45 +0300] "GET /bolt.php HTTP/1.1" 301 162 "-" "-"
20.226.90.242 - - [02/Aug/2026:00:55:46 +0300] "GET /bthil.php HTTP/1.1" 301 162 "-" "-"
20.226.90.242 - - [02/Aug/2026:00:55:46 +0300] "GET /cgi-bin/ HTTP/1.1" 301 162 "-" "-"
85.208.96.207 - - [02/Aug/2026:00:55:46 +0300] "GET /products/boatmanship710465?id=633 HTTP/1.1" 404 10979 "-" "Mozilla/5.0 (compatible; SemrushBot/7~bl; +http://www.semrush.com/bot.html)"
20.226.90.242 - - [02/Aug/2026:00:55:46 +0300] "GET /x.php HTTP/1.1" 301 162 "-" "-"
20.226.90.242 - - [02/Aug/2026:00:55:48 +0300] "GET /index/function.php HTTP/1.1" 301 162 "-" "-"
20.226.90.242 - - [02/Aug/2026:00:55:48 +0300] "GET /aaa.php HTTP/1.1" 301 162 "-" "-"
20.226.90.242 - - [02/Aug/2026:00:55:49 +0300] "GET /abcd.php HTTP/1.1" 301 162 "-" "-"
185.191.171.19 - - [02/Aug/2026:00:55:49 +0300] "GET /troll-hunters-tragamonedas-sobre-playn-go-unlimluck-juego-gratuito-asi-como-demo/ HTTP/1.1" 200 4772 "-" "Mozilla/5.0 (compatible; SemrushBot/7~bl; +http://www.semrush.com/bot.html)"
20.226.90.242 - - [02/Aug/2026:00:55:49 +0300] "GET /wp-good.php HTTP/1.1" 301 162 "-" "-"
20.226.90.242 - - [02/Aug/2026:00:55:49 +0300] "GET /simple.php HTTP/1.1" 301 162 "-" "-"
20.226.90.242 - - [02/Aug/2026:00:55:50 +0300] "GET /edit-tags.php HTTP/1.1" 301 162 "-" "-"
20.226.90.242 - - [02/Aug/2026:00:55:51 +0300] "GET /u.php HTTP/1.1" 301 162 "-" "-"
20.226.90.242 - - [02/Aug/2026:00:55:51 +0300] "GET /wp-content/themes/admin.php HTTP/1.1" 301 162 "-" "-"
20.226.90.242 - - [02/Aug/2026:00:55:51 +0300] "GET /h.php HTTP/1.1" 301 162 "-" "-"
20.226.90.242 - - [02/Aug/2026:00:55:52 +0300] "GET /ms-edit.php HTTP/1.1" 301 162 "-" "-"
20.226.90.242 - - [02/Aug/2026:00:55:52 +0300] "GET /a7.php HTTP/1.1" 301 162 "-" "-"
20.226.90.242 - - [02/Aug/2026:00:55:53 +0300] "GET /manager.php HTTP/1.1" 301 162 "-" "-"
20.226.90.242 - - [02/Aug/2026:00:55:53 +0300] "GET /w1.php HTTP/1.1" 301 162 "-" "-"
20.226.90.242 - - [02/Aug/2026:00:55:53 +0300] "GET /wp-includes/fonts/ HTTP/1.1" 301 162 "-" "-"
20.226.90.242 - - [02/Aug/2026:00:55:54 +0300] "GET /wp-login.php HTTP/1.1" 301 162 "-" "-"
20.226.90.242 - - [02/Aug/2026:00:55:54 +0300] "GET /default.php HTTP/1.1" 301 162 "-" "-"
20.226.90.242 - - [02/Aug/2026:00:55:55 +0300] "GET /i.php HTTP/1.1" 301 162 "-" "-"
20.226.90.242 - - [02/Aug/2026:00:55:55 +0300] "GET /wp-content/uploads/ HTTP/1.1" 301 162 "-" "-"
185.191.171.17 - - [02/Aug/2026:00:55:55 +0300] "GET /products/allagite517287?id=173 HTTP/1.1" 404 10976 "-" "Mozilla/5.0 (compatible; SemrushBot/7~bl; +http://www.semrush.com/bot.html)"
20.226.90.242 - - [02/Aug/2026:00:55:55 +0300] "GET /wp-includes/Requests/library/index.php HTTP/1.1" 301 162 "-" "-"
57.141.0.49 - - [02/Aug/2026:00:55:56 +0300] "GET /casino-bonuses-united-states-of-america-2025-finest-no-deposit-greeting-today-50-a-hundred-ivan-plus-the-immortal-queen-rtp-position-servers-per-cent-totally-slot-king-of-cards-free-revolves-for-the/ HTTP/2.0" 200 4759 "-" "Mozilla/5.0 (Macintosh; Intel Mac OS X 10_15_7) AppleWebKit/537.36 (KHTML, like Gecko) Chrome/145.0.0.0 Safari/537.36 (compatible; meta-externalagent/1.1 (+https://developers.facebook.com/docs/sharing/webmasters/crawler))"
20.226.90.242 - - [02/Aug/2026:00:55:56 +0300] "GET /wp-content/themes/index.php HTTP/1.1" 301 162 "-" "-"
52.167.144.19 - - [02/Aug/2026:00:55:57 +0300] "GET /notre-resolution-graphisme-encourage-le-authentique-assortiment-renforcant-tout-mon-autogestion-rapidement-distinguable-attachante/ HTTP/2.0" 200 4759 "-" "Mozilla/5.0 AppleWebKit/537.36 (KHTML, like Gecko; compatible; bingbot/2.0; +http://www.bing.com/bingbot.htm) Chrome/116.0.1938.76 Safari/537.36"
20.226.90.242 - - [02/Aug/2026:00:55:57 +0300] "GET /gecko-new.php HTTP/1.1" 301 162 "-" "-"
20.226.90.242 - - [02/Aug/2026:00:55:58 +0300] "GET /NewFile.php HTTP/1.1" 301 162 "-" "-"
20.226.90.242 - - [02/Aug/2026:00:55:59 +0300] "GET /wp-Blogs.php HTTP/1.1" 301 162 "-" "-"
57.141.0.10 - - [02/Aug/2026:00:55:59 +0300] "GET /play-siberian-violent-storm-free-reel-bonanza-casino-of-charge-complete-online-game-review/ HTTP/2.0" 200 4759 "-" "Mozilla/5.0 (Windows NT 10.0; Win64; x64) AppleWebKit/537.36 (KHTML, like Gecko) Chrome/145.0.0.0 Safari/537.36 (compatible; meta-externalagent/1.1 (+https://developers.facebook.com/docs/sharing/webmasters/crawler))"
20.226.90.242 - - [02/Aug/2026:00:55:59 +0300] "GET /wp-includes/fonts/index.php HTTP/1.1" 301 162 "-" "-"
20.226.90.242 - - [02/Aug/2026:00:56:00 +0300] "GET /themes.php HTTP/1.1" 301 162 "-" "-"
20.226.90.242 - - [02/Aug/2026:00:56:00 +0300] "GET /cv.php HTTP/1.1" 301 162 "-" "-"
20.226.90.242 - - [02/Aug/2026:00:56:01 +0300] "GET /wp-admin/js/ HTTP/1.1" 301 162 "-" "-"
20.226.90.242 - - [02/Aug/2026:00:56:03 +0300] "GET /wp-content/uploads/index.php HTTP/1.1" 301 162 "-" "-"
85.208.96.209 - - [02/Aug/2026:00:56:03 +0300] "GET /products/heliozoa964693?id=472 HTTP/1.1" 404 10978 "-" "Mozilla/5.0 (compatible; SemrushBot/7~bl; +http://www.semrush.com/bot.html)"
40.77.167.70 - - [02/Aug/2026:00:56:04 +0300] "GET /finest-casino-no-speed-cash-slot-deposit-bonus-codes-and-provides-to-own-march-2026/ HTTP/2.0" 200 4759 "-" "Mozilla/5.0 AppleWebKit/537.36 (KHTML, like Gecko; compatible; bingbot/2.0; +http://www.bing.com/bingbot.htm) Chrome/116.0.1938.76 Safari/537.36"
20.226.90.242 - - [02/Aug/2026:00:56:07 +0300] "GET /ws83.php HTTP/1.1" 301 162 "-" "-"
20.226.90.242 - - [02/Aug/2026:00:56:07 +0300] "GET /atex1.php HTTP/1.1" 301 162 "-" "-"
20.226.90.242 - - [02/Aug/2026:00:56:08 +0300] "GET /class-t.api.php HTTP/1.1" 301 162 "-" "-"
20.226.90.242 - - [02/Aug/2026:00:56:08 +0300] "GET /w.php HTTP/1.1" 301 162 "-" "-"
20.226.90.242 - - [02/Aug/2026:00:56:08 +0300] "GET /archive.php HTTP/1.1" 301 162 "-" "-"
85.208.96.209 - - [02/Aug/2026:00:56:09 +0300] "GET /products/dextrogyratory99080?id=183 HTTP/1.1" 404 10979 "-" "Mozilla/5.0 (compatible; SemrushBot/7~bl; +http://www.semrush.com/bot.html)"
20.226.90.242 - - [02/Aug/2026:00:56:09 +0300] "GET /bless.php HTTP/1.1" 301 162 "-" "-"
20.226.90.242 - - [02/Aug/2026:00:56:09 +0300] "GET /sagax1.php HTTP/1.1" 301 162 "-" "-"
20.226.90.242 - - [02/Aug/2026:00:56:10 +0300] "GET /wpc.php HTTP/1.1" 301 162 "-" "-"
20.226.90.242 - - [02/Aug/2026:00:56:10 +0300] "GET /fone1.php HTTP/1.1" 301 162 "-" "-"
20.226.90.242 - - [02/Aug/2026:00:56:11 +0300] "GET /ncx.php HTTP/1.1" 301 162 "-" "-"
20.226.90.242 - - [02/Aug/2026:00:56:12 +0300] "GET /wp-admin/js/index.php HTTP/1.1" 301 162 "-" "-"
20.226.90.242 - - [02/Aug/2026:00:56:12 +0300] "GET /wso.php HTTP/1.1" 301 162 "-" "-"
20.226.90.242 - - [02/Aug/2026:00:56:12 +0300] "GET /zup.php73 HTTP/1.1" 301 162 "-" "-"
20.226.90.242 - - [02/Aug/2026:00:56:13 +0300] "GET /k.php HTTP/1.1" 301 162 "-" "-"
20.226.90.242 - - [02/Aug/2026:00:56:15 +0300] "GET /wp-blink.php HTTP/1.1" 301 162 "-" "-"
20.226.90.242 - - [02/Aug/2026:00:56:15 +0300] "GET /randkeyword.PhP7 HTTP/1.1" 301 162 "-" "-"
57.141.0.13 - - [02/Aug/2026:00:56:15 +0300] "GET /casumo-bonus-kode-100-echtgeld-bekanntermasen-startguthaben-mercantile-office-systems-safari-heat-online-pvt-ltd/ HTTP/2.0" 200 4759 "-" "Mozilla/5.0 (Windows NT 10.0; Win64; x64) AppleWebKit/537.36 (KHTML, like Gecko) Chrome/145.0.0.0 Safari/537.36 (compatible; meta-externalagent/1.1 (+https://developers.facebook.com/docs/sharing/webmasters/crawler))"
20.226.90.242 - - [02/Aug/2026:00:56:15 +0300] "GET /wp-admin/css/colors/ectoplasm/ HTTP/1.1" 301 162 "-" "-"
20.226.90.242 - - [02/Aug/2026:00:56:16 +0300] "GET /wp-content/ HTTP/1.1" 301 162 "-" "-"
66.249.66.166 - - [02/Aug/2026:00:56:17 +0300] "GET /robots.txt HTTP/1.1" 200 85 "-" "Mozilla/5.0 (compatible; Googlebot/2.1; +http://www.google.com/bot.html)"
20.226.90.242 - - [02/Aug/2026:00:56:17 +0300] "GET /ww5.php HTTP/1.1" 301 162 "-" "-"
66.249.66.167 - - [02/Aug/2026:00:56:17 +0300] "GET /static/images/services/air-freight_sm-1.jpg HTTP/1.1" 304 0 "-" "Googlebot-Image/1.0"
20.226.90.242 - - [02/Aug/2026:00:56:17 +0300] "GET /2.php HTTP/1.1" 301 162 "-" "-"
20.226.90.242 - - [02/Aug/2026:00:56:19 +0300] "GET /wp-admin/classwithtostring.php HTTP/1.1" 301 162 "-" "-"
57.141.0.26 - - [02/Aug/2026:00:56:19 +0300] "GET /with-regards-to-las-vegas-igt-has-long-been-the-new-queen-off-ports-and-you-may-game/ HTTP/2.0" 200 4759 "-" "Mozilla/5.0 (Macintosh; Intel Mac OS X 10_15_7) AppleWebKit/537.36 (KHTML, like Gecko) Chrome/145.0.0.0 Safari/537.36 (compatible; meta-externalagent/1.1 (+https://developers.facebook.com/docs/sharing/webmasters/crawler))"
20.226.90.242 - - [02/Aug/2026:00:56:19 +0300] "GET /atomlib.php HTTP/1.1" 301 162 "-" "-"
20.226.90.242 - - [02/Aug/2026:00:56:20 +0300] "GET /rip.php HTTP/1.1" 301 162 "-" "-"
20.226.90.242 - - [02/Aug/2026:00:56:20 +0300] "GET /p.php HTTP/1.1" 301 162 "-" "-"
57.141.0.18 - - [02/Aug/2026:00:56:20 +0300] "GET /australian-no-deposit-added-bonus-rules-slot-machine-star-gems-2026/ HTTP/2.0" 200 4759 "-" "Mozilla/5.0 (Windows NT 10.0; Win64; x64) AppleWebKit/537.36 (KHTML, like Gecko) Chrome/145.0.0.0 Safari/537.36 (compatible; meta-externalagent/1.1 (+https://developers.facebook.com/docs/sharing/webmasters/crawler))"
20.226.90.242 - - [02/Aug/2026:00:56:20 +0300] "GET /php.php HTTP/1.1" 301 162 "-" "-"
185.191.171.3 - - [02/Aug/2026:00:56:21 +0300] "GET /products/leadable1208546?id=588 HTTP/1.1" 404 10977 "-" "Mozilla/5.0 (compatible; SemrushBot/7~bl; +http://www.semrush.com/bot.html)"
57.141.0.14 - - [02/Aug/2026:00:56:21 +0300] "GET /after-qualified-always-qualified-rule-401k-agreements/ HTTP/2.0" 200 4759 "-" "Mozilla/5.0 (Windows NT 10.0; Win64; x64) AppleWebKit/537.36 (KHTML, like Gecko) Chrome/145.0.0.0 Safari/537.36 (compatible; meta-externalagent/1.1 (+https://developers.facebook.com/docs/sharing/webmasters/crawler))"
147.185.132.162 - - [02/Aug/2026:00:56:23 +0300] "GET / HTTP/1.1" 301 162 "-" "Hello from Palo Alto Networks, find out more about our scans in https://docs-cortex.paloaltonetworks.com/r/1/Cortex-Xpanse/Scanning-activity"
85.208.96.208 - - [02/Aug/2026:00:56:24 +0300] "GET /products/appropriation1340930?id=511 HTTP/1.1" 404 10979 "-" "Mozilla/5.0 (compatible; SemrushBot/7~bl; +http://www.semrush.com/bot.html)"
85.208.96.210 - - [02/Aug/2026:00:56:28 +0300] "GET /products/biordinal158007?id=781 HTTP/1.1" 404 10977 "-" "Mozilla/5.0 (compatible; SemrushBot/7~bl; +http://www.semrush.com/bot.html)"
17.22.245.7 - - [02/Aug/2026:00:56:31 +0300] "GET /take-pleasure-in-internet-casino-funky-fruits-new-player-bonus-step-inside-canada/ HTTP/2.0" 200 4759 "-" "Mozilla/5.0 (Macintosh; Intel Mac OS X 10_15_7) AppleWebKit/605.1.15 (KHTML, like Gecko) Version/17.4 Safari/605.1.15 (Applebot/0.1; +http://www.apple.com/go/applebot)"
57.141.0.9 - - [02/Aug/2026:00:56:40 +0300] "GET /eye-of-horus-kostenlos-zum-tutti-fruity-online-slot-besten-geben-ohne-anmeldung-slot-von-merkur/ HTTP/2.0" 200 4759 "-" "Mozilla/5.0 (Windows NT 10.0; Win64; x64) AppleWebKit/537.36 (KHTML, like Gecko) Chrome/145.0.0.0 Safari/537.36 (compatible; meta-externalagent/1.1 (+https://developers.facebook.com/docs/sharing/webmasters/crawler))"
57.141.0.37 - - [02/Aug/2026:00:56:40 +0300] "GET /totally-free-spins-are-some-of-the-really-attractive-advertisements-for-brand-new-and-you-will-established-players/ HTTP/2.0" 200 4759 "-" "Mozilla/5.0 (Windows NT 10.0; Win64; x64) AppleWebKit/537.36 (KHTML, like Gecko) Chrome/145.0.0.0 Safari/537.36 (compatible; meta-externalagent/1.1 (+https://developers.facebook.com/docs/sharing/webmasters/crawler))"
57.141.0.69 - - [02/Aug/2026:00:56:45 +0300] "GET /newest-play-battle-of-the-atlantic-online-uk-no-deposit-bonus-requirements/ HTTP/2.0" 200 4759 "-" "Mozilla/5.0 (Windows NT 10.0; Win64; x64) AppleWebKit/537.36 (KHTML, like Gecko) Chrome/145.0.0.0 Safari/537.36 (compatible; meta-externalagent/1.1 (+https://developers.facebook.com/docs/sharing/webmasters/crawler))"
185.191.171.15 - - [02/Aug/2026:00:56:46 +0300] "GET /products/flippancy317649?id=963 HTTP/1.1" 404 10978 "-" "Mozilla/5.0 (compatible; SemrushBot/7~bl; +http://www.semrush.com/bot.html)"
57.141.0.68 - - [02/Aug/2026:00:56:48 +0300] "GET /spanningen-stiger-plinko-game-dar-varje-nedslapp/ HTTP/2.0" 200 4759 "-" "Mozilla/5.0 (Windows NT 10.0; Win64; x64) AppleWebKit/537.36 (KHTML, like Gecko) Chrome/145.0.0.0 Safari/537.36 (compatible; meta-externalagent/1.1 (+https://developers.facebook.com/docs/sharing/webmasters/crawler))"
85.208.96.208 - - [02/Aug/2026:00:56:49 +0300] "GET /products/kahikatea109830?id=279 HTTP/1.1" 404 10978 "-" "Mozilla/5.0 (compatible; SemrushBot/7~bl; +http://www.semrush.com/bot.html)"
57.141.0.32 - - [02/Aug/2026:00:56:50 +0300] "GET /blox-fresh-fruit-park-use-low-deposit-online-casino-from-the-burg-enjoyment/ HTTP/2.0" 200 4759 "-" "Mozilla/5.0 (Windows NT 10.0; Win64; x64) AppleWebKit/537.36 (KHTML, like Gecko) Chrome/145.0.0.0 Safari/537.36 (compatible; meta-externalagent/1.1 (+https://developers.facebook.com/docs/sharing/webmasters/crawler))"
57.141.0.64 - - [02/Aug/2026:00:56:53 +0300] "GET /gladiator-slot-game-opinion-incentives-also-provides-and-you-can-is-hertzbetz-legit-method/ HTTP/2.0" 200 4759 "-" "Mozilla/5.0 (Windows NT 10.0; Win64; x64) AppleWebKit/537.36 (KHTML, like Gecko) Chrome/145.0.0.0 Safari/537.36 (compatible; meta-externalagent/1.1 (+https://developers.facebook.com/docs/sharing/webmasters/crawler))"
65.21.31.180 - - [02/Aug/2026:00:56:58 +0300] "HEAD /wp-content/uploads/2023/07/c37.mp4 HTTP/2.0" 200 0 "-" "FindFiles.net/1.0 (compatible; +https://findfiles.net/bot)"
65.21.31.180 - - [02/Aug/2026:00:56:58 +0300] "HEAD /thegemstone/ HTTP/2.0" 200 0 "-" "FindFiles.net/1.0 (compatible; +https://findfiles.net/bot)"
114.119.132.103 - - [02/Aug/2026:00:57:04 +0300] "GET /pass-mehr-hilfreiche-hinweise-away-angeschlossen-casinos-angebot-50-freispiele-abzuglich-einzahlung-eingeschaltet/ HTTP/1.1" 200 4772 "https://www.egekobi.com/pass-mehr-hilfreiche-hinweise-away-angeschlossen-casinos-angebot-50-freispiele-abzuglich-einzahlung-eingeschaltet/" "Mozilla/5.0 (Linux; Android 7.0;) AppleWebKit/537.36 (HTML, like Gecko) Mobile Safari/537.36 (compatible; PetalBot;+https://webmaster.petalsearch.com/site/petalbot)"
