129.121.121.252 - - [02/Aug/2026:01:21:36 +0300] "POST /?rest_route=/batch/v1 HTTP/1.1" 207 12721 "-" "Mozilla/5.0 (X11; Linux x86_64) AppleWebKit/537.36 (KHTML, like Gecko) Chrome/131.0.0.0 Safari/537.36"
129.121.121.252 - - [02/Aug/2026:01:21:36 +0300] "POST /?rest_route=/batch/v1 HTTP/1.1" 207 3571 "-" "Mozilla/5.0 (Macintosh; Intel Mac OS X 10_15_7) AppleWebKit/605.1.15 (KHTML, like Gecko) Version/18.1 Safari/605.1.15"
158.158.32.226 - - [02/Aug/2026:01:21:36 +0300] "GET /wp-content/plugins/hellopress/wp_filemanager.php HTTP/1.1" 301 162 "-" "-"
158.158.32.226 - - [02/Aug/2026:01:21:36 +0300] "GET /wp-content/plugins/hellopress/wp_filemanager.php HTTP/1.1" 200 728 "-" "-"
158.158.32.226 - - [02/Aug/2026:01:21:36 +0300] "GET /this_is_a_new_hello_world.php HTTP/1.1" 301 162 "-" "-"
158.158.32.226 - - [02/Aug/2026:01:21:36 +0300] "GET /this_is_a_new_hello_world.php HTTP/1.1" 200 728 "-" "-"
158.158.32.226 - - [02/Aug/2026:01:21:36 +0300] "GET /IndoSec.php HTTP/1.1" 301 162 "-" "-"
158.158.32.226 - - [02/Aug/2026:01:21:36 +0300] "GET /IndoSec.php HTTP/1.1" 200 728 "-" "-"
158.158.32.226 - - [02/Aug/2026:01:21:36 +0300] "GET /1revo.php HTTP/1.1" 301 162 "-" "-"
158.158.32.226 - - [02/Aug/2026:01:21:36 +0300] "GET /1revo.php HTTP/1.1" 200 728 "-" "-"
158.158.32.226 - - [02/Aug/2026:01:21:36 +0300] "GET /loader.php HTTP/1.1" 301 162 "-" "-"
158.158.32.226 - - [02/Aug/2026:01:21:37 +0300] "GET /loader.php HTTP/1.1" 200 728 "-" "-"
129.121.121.252 - - [02/Aug/2026:01:21:37 +0300] "POST /?rest_route=/batch/v1 HTTP/1.1" 207 3510 "-" "Mozilla/5.0 (Windows NT 10.0; Win64; x64) AppleWebKit/537.36 (KHTML, like Gecko) Chrome/131.0.0.0 Safari/537.36 Edg/131.0.0.0"
158.158.32.226 - - [02/Aug/2026:01:21:37 +0300] "GET /esp.php? HTTP/1.1" 301 162 "-" "-"
158.158.32.226 - - [02/Aug/2026:01:21:37 +0300] "GET /esp.php? HTTP/1.1" 200 728 "-" "-"
158.158.32.226 - - [02/Aug/2026:01:21:37 +0300] "GET /dj.php HTTP/1.1" 301 162 "-" "-"
158.158.32.226 - - [02/Aug/2026:01:21:37 +0300] "GET /dj.php HTTP/1.1" 200 728 "-" "-"
129.121.121.252 - - [02/Aug/2026:01:21:37 +0300] "POST /?rest_route=/batch/v1 HTTP/1.1" 207 3366 "-" "Mozilla/5.0 (X11; Linux x86_64) AppleWebKit/537.36 (KHTML, like Gecko) Chrome/131.0.0.0 Safari/537.36"
129.121.121.252 - - [02/Aug/2026:01:21:37 +0300] "POST /?rest_route=/batch/v1 HTTP/1.1" 207 3352 "-" "Mozilla/5.0 (Windows NT 10.0; Win64; x64) AppleWebKit/537.36 (KHTML, like Gecko) Chrome/131.0.0.0 Safari/537.36"
129.121.121.252 - - [02/Aug/2026:01:21:38 +0300] "POST /?rest_route=/batch/v1 HTTP/1.1" 207 3389 "-" "Mozilla/5.0 (Windows NT 10.0; Win64; x64) AppleWebKit/537.36 (KHTML, like Gecko) Chrome/131.0.0.0 Safari/537.36"
129.121.121.252 - - [02/Aug/2026:01:21:38 +0300] "POST /?rest_route=/batch/v1 HTTP/1.1" 207 3483 "-" "Mozilla/5.0 (Windows NT 10.0; Win64; x64; rv:132.0) Gecko/20100101 Firefox/132.0"
129.121.121.252 - - [02/Aug/2026:01:21:38 +0300] "POST /?rest_route=/batch/v1 HTTP/1.1" 207 3431 "-" "Mozilla/5.0 (Macintosh; Intel Mac OS X 10_15_7) AppleWebKit/537.36 (KHTML, like Gecko) Chrome/130.0.0.0 Safari/537.36"
129.121.121.252 - - [02/Aug/2026:01:21:39 +0300] "POST /?rest_route=/batch/v1 HTTP/1.1" 207 3510 "-" "Mozilla/5.0 (Macintosh; Intel Mac OS X 10_15_7) AppleWebKit/605.1.15 (KHTML, like Gecko) Version/18.1 Safari/605.1.15"
129.121.121.252 - - [02/Aug/2026:01:21:39 +0300] "POST /?rest_route=/batch/v1 HTTP/1.1" 207 3332 "-" "Mozilla/5.0 (Windows NT 10.0; Win64; x64; rv:132.0) Gecko/20100101 Firefox/132.0"
129.121.121.252 - - [02/Aug/2026:01:21:40 +0300] "POST /?rest_route=/batch/v1 HTTP/1.1" 207 3359 "-" "Mozilla/5.0 (X11; Linux x86_64) AppleWebKit/537.36 (KHTML, like Gecko) Chrome/131.0.0.0 Safari/537.36"
129.121.121.252 - - [02/Aug/2026:01:21:40 +0300] "POST /?rest_route=/batch/v1 HTTP/1.1" 207 3461 "-" "Mozilla/5.0 (Macintosh; Intel Mac OS X 10_15_7) AppleWebKit/537.36 (KHTML, like Gecko) Chrome/130.0.0.0 Safari/537.36"
129.121.121.252 - - [02/Aug/2026:01:21:40 +0300] "POST /?rest_route=/batch/v1 HTTP/1.1" 207 3364 "-" "Mozilla/5.0 (X11; Linux x86_64) AppleWebKit/537.36 (KHTML, like Gecko) Chrome/131.0.0.0 Safari/537.36"
129.121.121.252 - - [02/Aug/2026:01:21:41 +0300] "POST /?rest_route=/batch/v1 HTTP/1.1" 207 3310 "-" "Mozilla/5.0 (Macintosh; Intel Mac OS X 10_15_7) AppleWebKit/605.1.15 (KHTML, like Gecko) Version/18.1 Safari/605.1.15"
129.121.121.252 - - [02/Aug/2026:01:21:41 +0300] "POST /?rest_route=/batch/v1 HTTP/1.1" 207 4001 "-" "Mozilla/5.0 (Windows NT 10.0; Win64; x64) AppleWebKit/537.36 (KHTML, like Gecko) Chrome/131.0.0.0 Safari/537.36"
129.121.121.252 - - [02/Aug/2026:01:21:41 +0300] "POST /?rest_route=/batch/v1 HTTP/1.1" 207 3316 "-" "Mozilla/5.0 (Windows NT 10.0; Win64; x64) AppleWebKit/537.36 (KHTML, like Gecko) Chrome/131.0.0.0 Safari/537.36"
158.158.54.131 - - [02/Aug/2026:01:21:42 +0300] "GET /admin.php HTTP/1.1" 301 162 "-" "Mozilla/5.0 (Windows NT 10.0; Win64; x64) AppleWebKit/537.36 (KHTML, like Gecko) Chrome/120.0.0.0 Safari/537.36"
158.158.54.131 - - [02/Aug/2026:01:21:42 +0300] "GET /edit.php HTTP/1.1" 301 162 "-" "Mozilla/5.0 (Windows NT 10.0; Win64; x64) AppleWebKit/537.36 (KHTML, like Gecko) Chrome/120.0.0.0 Safari/537.36"
158.158.54.131 - - [02/Aug/2026:01:21:42 +0300] "GET /w.php HTTP/1.1" 301 162 "-" "Mozilla/5.0 (Windows NT 10.0; Win64; x64) AppleWebKit/537.36 (KHTML, like Gecko) Chrome/120.0.0.0 Safari/537.36"
158.158.54.131 - - [02/Aug/2026:01:21:42 +0300] "GET /file.php HTTP/1.1" 301 162 "-" "Mozilla/5.0 (Windows NT 10.0; Win64; x64) AppleWebKit/537.36 (KHTML, like Gecko) Chrome/120.0.0.0 Safari/537.36"
158.158.54.131 - - [02/Aug/2026:01:21:42 +0300] "GET /adminfuns.php HTTP/1.1" 301 162 "-" "Mozilla/5.0 (Windows NT 10.0; Win64; x64) AppleWebKit/537.36 (KHTML, like Gecko) Chrome/120.0.0.0 Safari/537.36"
158.158.54.131 - - [02/Aug/2026:01:21:42 +0300] "GET /aa.php HTTP/1.1" 301 162 "-" "Mozilla/5.0 (Windows NT 10.0; Win64; x64) AppleWebKit/537.36 (KHTML, like Gecko) Chrome/120.0.0.0 Safari/537.36"
129.121.121.252 - - [02/Aug/2026:01:21:42 +0300] "POST /wp-json/batch/v1 HTTP/1.1" 207 993 "-" "Mozilla/5.0 (Macintosh; Intel Mac OS X 10_15_7) AppleWebKit/537.36 (KHTML, like Gecko) Chrome/130.0.0.0 Safari/537.36"
158.158.54.131 - - [02/Aug/2026:01:21:42 +0300] "GET /classwithtostring.php HTTP/1.1" 301 162 "-" "Mozilla/5.0 (Windows NT 10.0; Win64; x64) AppleWebKit/537.36 (KHTML, like Gecko) Chrome/120.0.0.0 Safari/537.36"
158.158.54.131 - - [02/Aug/2026:01:21:42 +0300] "GET /about.php HTTP/1.1" 301 162 "-" "Mozilla/5.0 (Windows NT 10.0; Win64; x64) AppleWebKit/537.36 (KHTML, like Gecko) Chrome/120.0.0.0 Safari/537.36"
158.158.54.131 - - [02/Aug/2026:01:21:42 +0300] "GET /goods.php HTTP/1.1" 301 162 "-" "Mozilla/5.0 (Windows NT 10.0; Win64; x64) AppleWebKit/537.36 (KHTML, like Gecko) Chrome/120.0.0.0 Safari/537.36"
158.158.54.131 - - [02/Aug/2026:01:21:42 +0300] "GET /php8.php HTTP/1.1" 301 162 "-" "Mozilla/5.0 (Windows NT 10.0; Win64; x64) AppleWebKit/537.36 (KHTML, like Gecko) Chrome/120.0.0.0 Safari/537.36"
158.158.54.131 - - [02/Aug/2026:01:21:42 +0300] "GET /info.php HTTP/1.1" 301 162 "-" "Mozilla/5.0 (Windows NT 10.0; Win64; x64) AppleWebKit/537.36 (KHTML, like Gecko) Chrome/120.0.0.0 Safari/537.36"
129.121.121.252 - - [02/Aug/2026:01:21:42 +0300] "POST /index.php?rest_route=/batch/v1 HTTP/1.1" 207 3381 "-" "Mozilla/5.0 (Windows NT 10.0; Win64; x64; rv:132.0) Gecko/20100101 Firefox/132.0"
158.158.54.131 - - [02/Aug/2026:01:21:42 +0300] "GET /chosen.php HTTP/1.1" 301 162 "-" "Mozilla/5.0 (Windows NT 10.0; Win64; x64) AppleWebKit/537.36 (KHTML, like Gecko) Chrome/120.0.0.0 Safari/537.36"
158.158.54.131 - - [02/Aug/2026:01:21:42 +0300] "GET /simple.php HTTP/1.1" 301 162 "-" "Mozilla/5.0 (Windows NT 10.0; Win64; x64) AppleWebKit/537.36 (KHTML, like Gecko) Chrome/120.0.0.0 Safari/537.36"
158.158.54.131 - - [02/Aug/2026:01:21:42 +0300] "GET /ioxi-o.php HTTP/1.1" 301 162 "-" "Mozilla/5.0 (Windows NT 10.0; Win64; x64) AppleWebKit/537.36 (KHTML, like Gecko) Chrome/120.0.0.0 Safari/537.36"
158.158.54.131 - - [02/Aug/2026:01:21:42 +0300] "GET /av.php HTTP/1.1" 301 162 "-" "Mozilla/5.0 (Windows NT 10.0; Win64; x64) AppleWebKit/537.36 (KHTML, like Gecko) Chrome/120.0.0.0 Safari/537.36"
158.158.54.131 - - [02/Aug/2026:01:21:42 +0300] "GET /wp-admin HTTP/1.1" 301 162 "-" "Mozilla/5.0 (Windows NT 10.0; Win64; x64) AppleWebKit/537.36 (KHTML, like Gecko) Chrome/120.0.0.0 Safari/537.36"
158.158.54.131 - - [02/Aug/2026:01:21:42 +0300] "GET /wp.php HTTP/1.1" 301 162 "-" "Mozilla/5.0 (Windows NT 10.0; Win64; x64) AppleWebKit/537.36 (KHTML, like Gecko) Chrome/120.0.0.0 Safari/537.36"
158.158.54.131 - - [02/Aug/2026:01:21:43 +0300] "GET /file2.php HTTP/1.1" 301 162 "-" "Mozilla/5.0 (Windows NT 10.0; Win64; x64) AppleWebKit/537.36 (KHTML, like Gecko) Chrome/120.0.0.0 Safari/537.36"
158.158.54.131 - - [02/Aug/2026:01:21:43 +0300] "GET /images/class-config.php HTTP/1.1" 301 162 "-" "Mozilla/5.0 (Windows NT 10.0; Win64; x64) AppleWebKit/537.36 (KHTML, like Gecko) Chrome/120.0.0.0 Safari/537.36"
129.121.121.252 - - [02/Aug/2026:01:21:43 +0300] "POST /?rest_route=/batch/v1 HTTP/1.1" 207 3201 "-" "Mozilla/5.0 (Macintosh; Intel Mac OS X 10_15_7) AppleWebKit/605.1.15 (KHTML, like Gecko) Version/18.1 Safari/605.1.15"
158.158.54.131 - - [02/Aug/2026:01:21:43 +0300] "GET /alfa.php HTTP/1.1" 301 162 "-" "Mozilla/5.0 (Windows NT 10.0; Win64; x64) AppleWebKit/537.36 (KHTML, like Gecko) Chrome/120.0.0.0 Safari/537.36"
158.158.54.131 - - [02/Aug/2026:01:21:43 +0300] "GET /1.php HTTP/1.1" 301 162 "-" "Mozilla/5.0 (Windows NT 10.0; Win64; x64) AppleWebKit/537.36 (KHTML, like Gecko) Chrome/120.0.0.0 Safari/537.36"
158.158.54.131 - - [02/Aug/2026:01:21:43 +0300] "GET /222.php HTTP/1.1" 301 162 "-" "Mozilla/5.0 (Windows NT 10.0; Win64; x64) AppleWebKit/537.36 (KHTML, like Gecko) Chrome/120.0.0.0 Safari/537.36"
158.158.54.131 - - [02/Aug/2026:01:21:43 +0300] "GET /asasx.php HTTP/1.1" 301 162 "-" "Mozilla/5.0 (Windows NT 10.0; Win64; x64) AppleWebKit/537.36 (KHTML, like Gecko) Chrome/120.0.0.0 Safari/537.36"
158.158.54.131 - - [02/Aug/2026:01:21:43 +0300] "GET /filemanager.php HTTP/1.1" 301 162 "-" "Mozilla/5.0 (Windows NT 10.0; Win64; x64) AppleWebKit/537.36 (KHTML, like Gecko) Chrome/120.0.0.0 Safari/537.36"
158.158.54.131 - - [02/Aug/2026:01:21:43 +0300] "GET /themes.php HTTP/1.1" 301 162 "-" "Mozilla/5.0 (Windows NT 10.0; Win64; x64) AppleWebKit/537.36 (KHTML, like Gecko) Chrome/120.0.0.0 Safari/537.36"
158.158.54.131 - - [02/Aug/2026:01:21:43 +0300] "GET /wp-content/admin.php HTTP/1.1" 301 162 "-" "Mozilla/5.0 (Windows NT 10.0; Win64; x64) AppleWebKit/537.36 (KHTML, like Gecko) Chrome/120.0.0.0 Safari/537.36"
129.121.121.252 - - [02/Aug/2026:01:21:43 +0300] "GET /?rest_route=/wp/v2/posts&per_page=1&_fields=link HTTP/1.1" 200 287 "-" "Mozilla/5.0 (Windows NT 10.0; Win64; x64) AppleWebKit/537.36 (KHTML, like Gecko) Chrome/131.0.0.0 Safari/537.36"
158.158.54.131 - - [02/Aug/2026:01:21:43 +0300] "GET /buy.php HTTP/1.1" 301 162 "-" "Mozilla/5.0 (Windows NT 10.0; Win64; x64) AppleWebKit/537.36 (KHTML, like Gecko) Chrome/120.0.0.0 Safari/537.36"
158.158.54.131 - - [02/Aug/2026:01:21:43 +0300] "GET /dropdown.php HTTP/1.1" 301 162 "-" "Mozilla/5.0 (Windows NT 10.0; Win64; x64) AppleWebKit/537.36 (KHTML, like Gecko) Chrome/120.0.0.0 Safari/537.36"
158.158.54.131 - - [02/Aug/2026:01:21:43 +0300] "GET /inputs.php HTTP/1.1" 301 162 "-" "Mozilla/5.0 (Windows NT 10.0; Win64; x64) AppleWebKit/537.36 (KHTML, like Gecko) Chrome/120.0.0.0 Safari/537.36"
158.158.54.131 - - [02/Aug/2026:01:21:43 +0300] "GET /100.php HTTP/1.1" 301 162 "-" "Mozilla/5.0 (Windows NT 10.0; Win64; x64) AppleWebKit/537.36 (KHTML, like Gecko) Chrome/120.0.0.0 Safari/537.36"
158.158.54.131 - - [02/Aug/2026:01:21:43 +0300] "GET /akc.php HTTP/1.1" 301 162 "-" "Mozilla/5.0 (Windows NT 10.0; Win64; x64) AppleWebKit/537.36 (KHTML, like Gecko) Chrome/120.0.0.0 Safari/537.36"
129.121.121.252 - - [02/Aug/2026:01:21:43 +0300] "GET /?rest_route=/wp/v2/pages&per_page=1&_fields=link HTTP/1.1" 200 335 "-" "Mozilla/5.0 (Windows NT 10.0; Win64; x64) AppleWebKit/537.36 (KHTML, like Gecko) Chrome/131.0.0.0 Safari/537.36"
158.158.54.131 - - [02/Aug/2026:01:21:43 +0300] "GET /autoload_classmap/function.php HTTP/1.1" 301 162 "-" "Mozilla/5.0 (Windows NT 10.0; Win64; x64) AppleWebKit/537.36 (KHTML, like Gecko) Chrome/120.0.0.0 Safari/537.36"
158.158.54.131 - - [02/Aug/2026:01:21:43 +0300] "GET /php.php HTTP/1.1" 301 162 "-" "Mozilla/5.0 (Windows NT 10.0; Win64; x64) AppleWebKit/537.36 (KHTML, like Gecko) Chrome/120.0.0.0 Safari/537.36"
158.158.54.131 - - [02/Aug/2026:01:21:43 +0300] "GET /t.php HTTP/1.1" 301 162 "-" "Mozilla/5.0 (Windows NT 10.0; Win64; x64) AppleWebKit/537.36 (KHTML, like Gecko) Chrome/120.0.0.0 Safari/537.36"
158.158.54.131 - - [02/Aug/2026:01:21:43 +0300] "GET /index/function.php HTTP/1.1" 301 162 "-" "Mozilla/5.0 (Windows NT 10.0; Win64; x64) AppleWebKit/537.36 (KHTML, like Gecko) Chrome/120.0.0.0 Safari/537.36"
158.158.54.131 - - [02/Aug/2026:01:21:43 +0300] "GET /wk/index.php HTTP/1.1" 301 162 "-" "Mozilla/5.0 (Windows NT 10.0; Win64; x64) AppleWebKit/537.36 (KHTML, like Gecko) Chrome/120.0.0.0 Safari/537.36"
158.158.54.131 - - [02/Aug/2026:01:21:44 +0300] "GET /wp-blink.php HTTP/1.1" 301 162 "-" "Mozilla/5.0 (Windows NT 10.0; Win64; x64) AppleWebKit/537.36 (KHTML, like Gecko) Chrome/120.0.0.0 Safari/537.36"
158.158.54.131 - - [02/Aug/2026:01:21:44 +0300] "GET /xfun.php HTTP/1.1" 301 162 "-" "Mozilla/5.0 (Windows NT 10.0; Win64; x64) AppleWebKit/537.36 (KHTML, like Gecko) Chrome/120.0.0.0 Safari/537.36"
158.158.54.131 - - [02/Aug/2026:01:21:44 +0300] "GET /p.php HTTP/1.1" 301 162 "-" "Mozilla/5.0 (Windows NT 10.0; Win64; x64) AppleWebKit/537.36 (KHTML, like Gecko) Chrome/120.0.0.0 Safari/537.36"
158.158.54.131 - - [02/Aug/2026:01:21:44 +0300] "GET /wp-content/themes/admin.php HTTP/1.1" 301 162 "-" "Mozilla/5.0 (Windows NT 10.0; Win64; x64) AppleWebKit/537.36 (KHTML, like Gecko) Chrome/120.0.0.0 Safari/537.36"
158.158.54.131 - - [02/Aug/2026:01:21:44 +0300] "GET /aaa.php HTTP/1.1" 301 162 "-" "Mozilla/5.0 (Windows NT 10.0; Win64; x64) AppleWebKit/537.36 (KHTML, like Gecko) Chrome/120.0.0.0 Safari/537.36"
158.158.54.131 - - [02/Aug/2026:01:21:44 +0300] "GET /term.php HTTP/1.1" 301 162 "-" "Mozilla/5.0 (Windows NT 10.0; Win64; x64) AppleWebKit/537.36 (KHTML, like Gecko) Chrome/120.0.0.0 Safari/537.36"
158.158.54.131 - - [02/Aug/2026:01:21:44 +0300] "GET /7.php HTTP/1.1" 301 162 "-" "Mozilla/5.0 (Windows NT 10.0; Win64; x64) AppleWebKit/537.36 (KHTML, like Gecko) Chrome/120.0.0.0 Safari/537.36"
158.158.54.131 - - [02/Aug/2026:01:21:44 +0300] "GET /file5.php HTTP/1.1" 301 162 "-" "Mozilla/5.0 (Windows NT 10.0; Win64; x64) AppleWebKit/537.36 (KHTML, like Gecko) Chrome/120.0.0.0 Safari/537.36"
158.158.54.131 - - [02/Aug/2026:01:21:44 +0300] "GET /makeasmtp.php HTTP/1.1" 301 162 "-" "Mozilla/5.0 (Windows NT 10.0; Win64; x64) AppleWebKit/537.36 (KHTML, like Gecko) Chrome/120.0.0.0 Safari/537.36"
158.158.54.131 - - [02/Aug/2026:01:21:44 +0300] "GET /wp-content/index.php HTTP/1.1" 301 162 "-" "Mozilla/5.0 (Windows NT 10.0; Win64; x64) AppleWebKit/537.36 (KHTML, like Gecko) Chrome/120.0.0.0 Safari/537.36"
158.158.54.131 - - [02/Aug/2026:01:21:44 +0300] "GET /atomlib.php HTTP/1.1" 301 162 "-" "Mozilla/5.0 (Windows NT 10.0; Win64; x64) AppleWebKit/537.36 (KHTML, like Gecko) Chrome/120.0.0.0 Safari/537.36"
158.158.54.131 - - [02/Aug/2026:01:21:44 +0300] "GET /min.php HTTP/1.1" 301 162 "-" "Mozilla/5.0 (Windows NT 10.0; Win64; x64) AppleWebKit/537.36 (KHTML, like Gecko) Chrome/120.0.0.0 Safari/537.36"
157.90.122.163 - - [02/Aug/2026:01:21:44 +0300] "GET /?p=1 HTTP/1.1" 404 10955 "-" "WordPress/6.9.4; https://csarite.com"
158.158.54.131 - - [02/Aug/2026:01:21:44 +0300] "GET /mac.php HTTP/1.1" 301 162 "-" "Mozilla/5.0 (Windows NT 10.0; Win64; x64) AppleWebKit/537.36 (KHTML, like Gecko) Chrome/120.0.0.0 Safari/537.36"
158.158.54.131 - - [02/Aug/2026:01:21:44 +0300] "GET /nc4.php HTTP/1.1" 301 162 "-" "Mozilla/5.0 (Windows NT 10.0; Win64; x64) AppleWebKit/537.36 (KHTML, like Gecko) Chrome/120.0.0.0 Safari/537.36"
157.90.122.163 - - [02/Aug/2026:01:21:44 +0300] "GET /?p=1 HTTP/1.1" 404 10955 "-" "WordPress/6.9.4; https://csarite.com"
157.90.122.163 - - [02/Aug/2026:01:21:44 +0300] "GET /?p=1 HTTP/1.1" 404 10955 "-" "WordPress/6.9.4; https://csarite.com"
129.121.121.252 - - [02/Aug/2026:01:21:45 +0300] "POST /wp-json/batch/v1 HTTP/1.1" 207 3779 "-" "Mozilla/5.0 (X11; Linux x86_64) AppleWebKit/537.36 (KHTML, like Gecko) Chrome/131.0.0.0 Safari/537.36"
129.121.121.252 - - [02/Aug/2026:01:21:48 +0300] "POST /wp-json/batch/v1 HTTP/1.1" 207 3334 "-" "Mozilla/5.0 (Windows NT 10.0; Win64; x64; rv:132.0) Gecko/20100101 Firefox/132.0"
129.121.121.252 - - [02/Aug/2026:01:21:48 +0300] "POST /wp-json/batch/v1 HTTP/1.1" 207 3334 "-" "Mozilla/5.0 (Windows NT 10.0; Win64; x64; rv:132.0) Gecko/20100101 Firefox/132.0"
129.121.121.252 - - [02/Aug/2026:01:21:49 +0300] "POST /wp-json/batch/v1 HTTP/1.1" 207 3334 "-" "Mozilla/5.0 (X11; Linux x86_64) AppleWebKit/537.36 (KHTML, like Gecko) Chrome/131.0.0.0 Safari/537.36"
157.90.122.163 - - [02/Aug/2026:01:21:49 +0300] "GET /?p=1 HTTP/1.1" 404 10955 "-" "WordPress/6.9.4; https://csarite.com"
129.121.121.252 - - [02/Aug/2026:01:21:49 +0300] "POST /?rest_route=/batch/v1 HTTP/1.1" 207 9143 "-" "Mozilla/5.0 (Windows NT 10.0; Win64; x64) AppleWebKit/537.36 (KHTML, like Gecko) Chrome/131.0.0.0 Safari/537.36"
157.90.122.163 - - [02/Aug/2026:01:21:50 +0300] "GET /?p=1 HTTP/1.1" 404 10955 "-" "WordPress/6.9.4; https://csarite.com"
129.121.121.252 - - [02/Aug/2026:01:21:50 +0300] "POST /wp-json/batch/v1 HTTP/1.1" 207 9149 "-" "Mozilla/5.0 (Macintosh; Intel Mac OS X 10_15_7) AppleWebKit/537.36 (KHTML, like Gecko) Chrome/130.0.0.0 Safari/537.36"
57.141.0.37 - - [02/Aug/2026:01:21:50 +0300] "GET /tragamonedas-recursos-jugadores-jack-beanstalk-maquina-tragamonedas-mexico-2/ HTTP/2.0" 200 4759 "-" "Mozilla/5.0 (Windows NT 10.0; Win64; x64) AppleWebKit/537.36 (KHTML, like Gecko) Chrome/145.0.0.0 Safari/537.36 (compatible; meta-externalagent/1.1 (+https://developers.facebook.com/docs/sharing/webmasters/crawler))"
129.121.121.252 - - [02/Aug/2026:01:21:50 +0300] "POST /index.php?rest_route=/batch/v1 HTTP/1.1" 207 9735 "-" "Mozilla/5.0 (X11; Linux x86_64) AppleWebKit/537.36 (KHTML, like Gecko) Chrome/131.0.0.0 Safari/537.36"
129.121.121.252 - csaritewprootusersf63e37 [02/Aug/2026:01:21:51 +0300] "GET /wp-json/wp/v2/users/me HTTP/1.1" 401 381 "-" "Mozilla/5.0 (Windows NT 10.0; Win64; x64) AppleWebKit/537.36 (KHTML, like Gecko) Chrome/131.0.0.0 Safari/537.36"
85.208.96.208 - - [02/Aug/2026:01:21:51 +0300] "GET /products/plectopter1080788?id=116 HTTP/1.1" 404 10979 "-" "Mozilla/5.0 (compatible; SemrushBot/7~bl; +http://www.semrush.com/bot.html)"
129.121.121.252 - - [02/Aug/2026:01:21:52 +0300] "POST /xmlrpc.php HTTP/1.1" 403 329 "-" "Mozilla/5.0 (Windows NT 10.0; Win64; x64) AppleWebKit/537.36 (KHTML, like Gecko) Chrome/131.0.0.0 Safari/537.36"
129.121.121.252 - - [02/Aug/2026:01:21:52 +0300] "POST /wp-login.php HTTP/1.1" 500 3112 "-" "Mozilla/5.0 (Windows NT 10.0; Win64; x64) AppleWebKit/537.36 (KHTML, like Gecko) Chrome/131.0.0.0 Safari/537.36"
157.90.122.163 - - [02/Aug/2026:01:21:52 +0300] "GET /?p=1 HTTP/1.1" 404 10955 "-" "WordPress/6.9.4; https://csarite.com"
129.121.121.252 - - [02/Aug/2026:01:21:53 +0300] "POST /?rest_route=/batch/v1 HTTP/1.1" 207 9143 "-" "Mozilla/5.0 (Macintosh; Intel Mac OS X 10_15_7) AppleWebKit/537.36 (KHTML, like Gecko) Chrome/130.0.0.0 Safari/537.36"
157.90.122.163 - - [02/Aug/2026:01:21:53 +0300] "GET /?p=1 HTTP/1.1" 404 10955 "-" "WordPress/6.9.4; https://csarite.com"
129.121.121.252 - - [02/Aug/2026:01:21:53 +0300] "POST /wp-json/batch/v1 HTTP/1.1" 207 9149 "-" "Mozilla/5.0 (Windows NT 10.0; Win64; x64) AppleWebKit/537.36 (KHTML, like Gecko) Chrome/131.0.0.0 Safari/537.36 Edg/131.0.0.0"
85.208.96.204 - - [02/Aug/2026:01:21:53 +0300] "GET /products/braggishly804376?id=961 HTTP/1.1" 404 10978 "-" "Mozilla/5.0 (compatible; SemrushBot/7~bl; +http://www.semrush.com/bot.html)"
129.121.121.252 - - [02/Aug/2026:01:21:54 +0300] "POST /index.php?rest_route=/batch/v1 HTTP/1.1" 207 9735 "-" "Mozilla/5.0 (Windows NT 10.0; Win64; x64) AppleWebKit/537.36 (KHTML, like Gecko) Chrome/131.0.0.0 Safari/537.36"
129.121.121.252 - csaritewprootusers903a4c [02/Aug/2026:01:21:54 +0300] "GET /wp-json/wp/v2/users/me HTTP/1.1" 401 381 "-" "Mozilla/5.0 (Windows NT 10.0; Win64; x64) AppleWebKit/537.36 (KHTML, like Gecko) Chrome/131.0.0.0 Safari/537.36"
129.121.121.252 - - [02/Aug/2026:01:21:55 +0300] "POST /xmlrpc.php HTTP/1.1" 403 329 "-" "Mozilla/5.0 (Windows NT 10.0; Win64; x64) AppleWebKit/537.36 (KHTML, like Gecko) Chrome/131.0.0.0 Safari/537.36"
85.208.96.196 - - [02/Aug/2026:01:21:55 +0300] "GET /f0zqpk0h/camden-yacht-club-webcam.html HTTP/1.1" 404 10991 "-" "Mozilla/5.0 (compatible; SemrushBot/7~bl; +http://www.semrush.com/bot.html)"
129.121.121.252 - - [02/Aug/2026:01:21:55 +0300] "POST /wp-login.php HTTP/1.1" 500 3118 "-" "Mozilla/5.0 (Windows NT 10.0; Win64; x64) AppleWebKit/537.36 (KHTML, like Gecko) Chrome/131.0.0.0 Safari/537.36"
129.121.121.252 - - [02/Aug/2026:01:21:55 +0300] "POST /?rest_route=/batch/v1 HTTP/1.1" 207 1580 "-" "Mozilla/5.0 (Macintosh; Intel Mac OS X 10_15_7) AppleWebKit/605.1.15 (KHTML, like Gecko) Version/18.1 Safari/605.1.15"
129.121.121.252 - - [02/Aug/2026:01:21:56 +0300] "POST /?rest_route=/batch/v1 HTTP/1.1" 207 1235 "-" "Mozilla/5.0 (Windows NT 10.0; Win64; x64; rv:132.0) Gecko/20100101 Firefox/132.0"
85.208.96.204 - - [02/Aug/2026:01:21:56 +0300] "GET /die-besten-streben-within-ein-kategorie-spielkasino-auf-trustpilot/ HTTP/1.1" 200 4772 "-" "Mozilla/5.0 (compatible; SemrushBot/7~bl; +http://www.semrush.com/bot.html)"
129.121.121.252 - - [02/Aug/2026:01:21:56 +0300] "POST /?rest_route=/batch/v1 HTTP/1.1" 207 1235 "-" "Mozilla/5.0 (Windows NT 10.0; Win64; x64) AppleWebKit/537.36 (KHTML, like Gecko) Chrome/131.0.0.0 Safari/537.36"
129.121.121.252 - - [02/Aug/2026:01:21:57 +0300] "POST /?rest_route=/batch/v1 HTTP/1.1" 207 1229 "-" "Mozilla/5.0 (Macintosh; Intel Mac OS X 10_15_7) AppleWebKit/537.36 (KHTML, like Gecko) Chrome/130.0.0.0 Safari/537.36"
129.121.121.252 - wp_cache_5b776d [02/Aug/2026:01:21:57 +0300] "GET /wp-json/wp/v2/users/me HTTP/1.1" 401 381 "-" "Mozilla/5.0 (Windows NT 10.0; Win64; x64) AppleWebKit/537.36 (KHTML, like Gecko) Chrome/131.0.0.0 Safari/537.36"
129.121.121.252 - - [02/Aug/2026:01:21:58 +0300] "POST /xmlrpc.php HTTP/1.1" 403 329 "-" "Mozilla/5.0 (Windows NT 10.0; Win64; x64) AppleWebKit/537.36 (KHTML, like Gecko) Chrome/131.0.0.0 Safari/537.36"
57.141.0.54 - - [02/Aug/2026:01:21:58 +0300] "GET /casinomhub-guncel-giri-mobil-eriimin-ve-cabuk-53/ HTTP/2.0" 200 4759 "-" "Mozilla/5.0 (Windows NT 10.0; Win64; x64) AppleWebKit/537.36 (KHTML, like Gecko) Chrome/145.0.0.0 Safari/537.36 (compatible; meta-externalagent/1.1 (+https://developers.facebook.com/docs/sharing/webmasters/crawler))"
57.141.0.18 - - [02/Aug/2026:01:21:59 +0300] "GET /zambias-step-1-seafood/ HTTP/2.0" 200 4759 "-" "Mozilla/5.0 (Windows NT 10.0; Win64; x64) AppleWebKit/537.36 (KHTML, like Gecko) Chrome/145.0.0.0 Safari/537.36 (compatible; meta-externalagent/1.1 (+https://developers.facebook.com/docs/sharing/webmasters/crawler))"
185.191.171.9 - - [02/Aug/2026:01:22:06 +0300] "GET /f0zqpk0h/scarlett-name-meaning-biblical.html HTTP/1.1" 404 10990 "-" "Mozilla/5.0 (compatible; SemrushBot/7~bl; +http://www.semrush.com/bot.html)"
114.119.152.12 - - [02/Aug/2026:01:22:08 +0300] "GET /outside-of-the-reels-what-you-should-find-when-selecting-a-knowledgeable-totally-free-position-online-game/ HTTP/1.1" 200 4772 "https://www.egekobi.com/outside-of-the-reels-what-you-should-find-when-selecting-a-knowledgeable-totally-free-position-online-game/" "Mozilla/5.0 (Linux; Android 7.0;) AppleWebKit/537.36 (HTML, like Gecko) Mobile Safari/537.36 (compatible; PetalBot;+https://webmaster.petalsearch.com/site/petalbot)"
57.141.0.17 - - [02/Aug/2026:01:22:09 +0300] "GET /nummus-casino-quickhit-slots-live-betting-and-inst/ HTTP/2.0" 200 4759 "-" "Mozilla/5.0 (Macintosh; Intel Mac OS X 10_15_7) AppleWebKit/537.36 (KHTML, like Gecko) Chrome/145.0.0.0 Safari/537.36 (compatible; meta-externalagent/1.1 (+https://developers.facebook.com/docs/sharing/webmasters/crawler))"
46.151.182.197 - - [02/Aug/2026:01:22:09 +0300] "GET /admin/fileupload/index.php?file=tf2rghf.jpg HTTP/1.1" 301 162 "-" "ALittle Client"
57.141.0.49 - - [02/Aug/2026:01:22:11 +0300] "GET /category/mar-sb-common/ HTTP/2.0" 200 4759 "-" "Mozilla/5.0 (Macintosh; Intel Mac OS X 10_15_7) AppleWebKit/537.36 (KHTML, like Gecko) Chrome/145.0.0.0 Safari/537.36 (compatible; meta-externalagent/1.1 (+https://developers.facebook.com/docs/sharing/webmasters/crawler))"
34.125.100.246 - - [02/Aug/2026:01:22:20 +0300] "GET / HTTP/2.0" 200 3139 "-" "Mozilla/5.0 (Linux; Android 10; K) AppleWebKit/537.36 (KHTML, like Gecko) Chrome/150.0.0.0 Mobile Safari/537.36"
57.141.0.9 - - [02/Aug/2026:01:22:20 +0300] "GET /free-spins-de-beste-gratisspinn-tilbudene-inne-i-norge-indre-sett-verde-casino-innskudd-2026/ HTTP/2.0" 200 4759 "-" "Mozilla/5.0 (Macintosh; Intel Mac OS X 10_15_7) AppleWebKit/537.36 (KHTML, like Gecko) Chrome/145.0.0.0 Safari/537.36 (compatible; meta-externalagent/1.1 (+https://developers.facebook.com/docs/sharing/webmasters/crawler))"
85.208.96.209 - - [02/Aug/2026:01:22:21 +0300] "GET /products/hereditist198646?id=497 HTTP/1.1" 404 10978 "-" "Mozilla/5.0 (compatible; SemrushBot/7~bl; +http://www.semrush.com/bot.html)"
34.125.100.246 - - [02/Aug/2026:01:22:24 +0300] "GET /bootstrap.yml HTTP/2.0" 404 107 "-" "Mozilla/5.0 AppleWebKit/537.36 (KHTML, like Gecko); compatible; PerplexityBot/1.0; +https://perplexity.ai/perplexitybot"
34.125.100.246 - - [02/Aug/2026:01:22:24 +0300] "GET /rclone.conf HTTP/2.0" 404 107 "-" "Mozilla/5.0 AppleWebKit/537.36 (KHTML, like Gecko); compatible; PerplexityBot/1.0; +https://perplexity.ai/perplexitybot"
34.125.100.246 - - [02/Aug/2026:01:22:24 +0300] "GET /assets/manifest.json HTTP/2.0" 404 170 "-" "Mozilla/5.0 (Linux; Android 10; K) AppleWebKit/537.36 (KHTML, like Gecko) Chrome/150.0.0.0 Mobile Safari/537.36"
34.125.100.246 - - [02/Aug/2026:01:22:24 +0300] "GET /config/secrets.yml HTTP/2.0" 404 107 "-" "Mozilla/5.0 AppleWebKit/537.36 (KHTML, like Gecko); compatible; PerplexityBot/1.0; +https://perplexity.ai/perplexitybot"
34.125.100.246 - - [02/Aug/2026:01:22:24 +0300] "GET /bootstrap.properties HTTP/2.0" 404 107 "-" "Mozilla/5.0 AppleWebKit/537.36 (KHTML, like Gecko); compatible; PerplexityBot/1.0; +https://perplexity.ai/perplexitybot"
34.125.100.246 - - [02/Aug/2026:01:22:24 +0300] "GET /z9x8c7v6b5-debug-trigger-www.beylermadencilik.com HTTP/2.0" 404 107 "-" "Mozilla/5.0 AppleWebKit/537.36 (KHTML, like Gecko); compatible; PerplexityBot/1.0; +https://perplexity.ai/perplexitybot"
34.125.100.246 - - [02/Aug/2026:01:22:24 +0300] "GET /wp-json HTTP/2.0" 404 107 "-" "Mozilla/5.0 AppleWebKit/537.36 (KHTML, like Gecko); compatible; PerplexityBot/1.0; +https://perplexity.ai/perplexitybot"
34.125.100.246 - - [02/Aug/2026:01:22:24 +0300] "GET /dist/manifest.json HTTP/2.0" 404 170 "-" "Mozilla/5.0 (Linux; Android 10; K) AppleWebKit/537.36 (KHTML, like Gecko) Chrome/150.0.0.0 Mobile Safari/537.36"
34.125.100.246 - - [02/Aug/2026:01:22:24 +0300] "GET /webpack-stats.json HTTP/2.0" 404 170 "-" "Mozilla/5.0 (Linux; Android 10; K) AppleWebKit/537.36 (KHTML, like Gecko) Chrome/150.0.0.0 Mobile Safari/537.36"
34.125.100.246 - - [02/Aug/2026:01:22:26 +0300] "GET /static/manifest.json HTTP/2.0" 404 170 "-" "Mozilla/5.0 (Linux; Android 10; K) AppleWebKit/537.36 (KHTML, like Gecko) Chrome/150.0.0.0 Mobile Safari/537.36"
34.125.100.246 - - [02/Aug/2026:01:22:26 +0300] "POST /graphql HTTP/2.0" 404 170 "https://www.beylermadencilik.com" "Mozilla/5.0 (Linux; Android 10; K) AppleWebKit/537.36 (KHTML, like Gecko) Chrome/150.0.0.0 Mobile Safari/537.36"
34.125.100.246 - - [02/Aug/2026:01:22:26 +0300] "GET /.gradle/gradle.properties HTTP/2.0" 404 107 "-" "Mozilla/5.0 AppleWebKit/537.36 (KHTML, like Gecko); compatible; PerplexityBot/1.0; +https://perplexity.ai/perplexitybot"
34.125.100.246 - - [02/Aug/2026:01:22:26 +0300] "GET /appsettings.json HTTP/2.0" 404 107 "-" "Mozilla/5.0 AppleWebKit/537.36 (KHTML, like Gecko); compatible; PerplexityBot/1.0; +https://perplexity.ai/perplexitybot"
34.125.100.246 - - [02/Aug/2026:01:22:26 +0300] "GET /asset-manifest.json HTTP/2.0" 404 170 "-" "Mozilla/5.0 (Linux; Android 10; K) AppleWebKit/537.36 (KHTML, like Gecko) Chrome/150.0.0.0 Mobile Safari/537.36"
34.125.100.246 - - [02/Aug/2026:01:22:26 +0300] "GET /appsettings.Development.json HTTP/2.0" 404 107 "-" "Mozilla/5.0 AppleWebKit/537.36 (KHTML, like Gecko); compatible; PerplexityBot/1.0; +https://perplexity.ai/perplexitybot"
34.125.100.246 - - [02/Aug/2026:01:22:26 +0300] "GET /manifest.json HTTP/2.0" 404 170 "-" "Mozilla/5.0 (Linux; Android 10; K) AppleWebKit/537.36 (KHTML, like Gecko) Chrome/150.0.0.0 Mobile Safari/537.36"
34.125.100.246 - - [02/Aug/2026:01:22:26 +0300] "GET /actuator/env HTTP/2.0" 404 107 "-" "Mozilla/5.0 AppleWebKit/537.36 (KHTML, like Gecko); compatible; PerplexityBot/1.0; +https://perplexity.ai/perplexitybot"
34.125.100.246 - - [02/Aug/2026:01:22:26 +0300] "GET /gradle.properties HTTP/2.0" 404 107 "-" "Mozilla/5.0 AppleWebKit/537.36 (KHTML, like Gecko); compatible; PerplexityBot/1.0; +https://perplexity.ai/perplexitybot"
34.125.100.246 - - [02/Aug/2026:01:22:26 +0300] "GET /appsettings.Production.json HTTP/2.0" 404 107 "-" "Mozilla/5.0 AppleWebKit/537.36 (KHTML, like Gecko); compatible; PerplexityBot/1.0; +https://perplexity.ai/perplexitybot"
34.125.100.246 - - [02/Aug/2026:01:22:28 +0300] "POST /api/graphql HTTP/2.0" 404 170 "https://www.beylermadencilik.com" "Mozilla/5.0 (Linux; Android 10; K) AppleWebKit/537.36 (KHTML, like Gecko) Chrome/150.0.0.0 Mobile Safari/537.36"
34.125.100.246 - - [02/Aug/2026:01:22:28 +0300] "GET /web.config HTTP/2.0" 404 107 "-" "Mozilla/5.0 AppleWebKit/537.36 (KHTML, like Gecko); compatible; PerplexityBot/1.0; +https://perplexity.ai/perplexitybot"
34.125.100.246 - - [02/Aug/2026:01:22:28 +0300] "GET /settings.py HTTP/2.0" 404 107 "-" "Mozilla/5.0 AppleWebKit/537.36 (KHTML, like Gecko); compatible; PerplexityBot/1.0; +https://perplexity.ai/perplexitybot"
34.125.100.246 - - [02/Aug/2026:01:22:28 +0300] "GET /config/storage.yml HTTP/2.0" 404 107 "-" "Mozilla/5.0 AppleWebKit/537.36 (KHTML, like Gecko); compatible; PerplexityBot/1.0; +https://perplexity.ai/perplexitybot"
34.125.100.246 - - [02/Aug/2026:01:22:28 +0300] "GET /local.settings.json HTTP/2.0" 404 107 "-" "Mozilla/5.0 AppleWebKit/537.36 (KHTML, like Gecko); compatible; PerplexityBot/1.0; +https://perplexity.ai/perplexitybot"
34.125.100.246 - - [02/Aug/2026:01:22:28 +0300] "GET /config/master.key HTTP/2.0" 404 107 "-" "Mozilla/5.0 AppleWebKit/537.36 (KHTML, like Gecko); compatible; PerplexityBot/1.0; +https://perplexity.ai/perplexitybot"
34.125.100.246 - - [02/Aug/2026:01:22:28 +0300] "GET /config/database.yml HTTP/2.0" 404 107 "-" "Mozilla/5.0 AppleWebKit/537.36 (KHTML, like Gecko); compatible; PerplexityBot/1.0; +https://perplexity.ai/perplexitybot"
34.125.100.246 - - [02/Aug/2026:01:22:28 +0300] "GET /enquiries.html HTTP/2.0" 200 2259 "-" "Mozilla/5.0 (Linux; Android 10; K) AppleWebKit/537.36 (KHTML, like Gecko) Chrome/150.0.0.0 Mobile Safari/537.36"
85.208.96.206 - - [02/Aug/2026:01:22:29 +0300] "GET /promotions-gorgeous-starburst-online-slot-incentives-at-the-hot-shot-casino/ HTTP/1.1" 200 4772 "-" "Mozilla/5.0 (compatible; SemrushBot/7~bl; +http://www.semrush.com/bot.html)"
34.125.100.246 - - [02/Aug/2026:01:22:29 +0300] "POST /v1/graphql HTTP/2.0" 404 170 "https://www.beylermadencilik.com" "Mozilla/5.0 (Linux; Android 10; K) AppleWebKit/537.36 (KHTML, like Gecko) Chrome/150.0.0.0 Mobile Safari/537.36"
34.125.100.246 - - [02/Aug/2026:01:22:29 +0300] "GET /products/overview.html HTTP/2.0" 200 2189 "-" "Mozilla/5.0 (Linux; Android 10; K) AppleWebKit/537.36 (KHTML, like Gecko) Chrome/150.0.0.0 Mobile Safari/537.36"
34.125.100.246 - - [02/Aug/2026:01:22:29 +0300] "GET /.pypirc HTTP/2.0" 404 107 "-" "Mozilla/5.0 AppleWebKit/537.36 (KHTML, like Gecko); compatible; PerplexityBot/1.0; +https://perplexity.ai/perplexitybot"
34.125.100.246 - - [02/Aug/2026:01:22:29 +0300] "GET /app/settings.py HTTP/2.0" 404 107 "-" "Mozilla/5.0 AppleWebKit/537.36 (KHTML, like Gecko); compatible; PerplexityBot/1.0; +https://perplexity.ai/perplexitybot"
34.125.100.246 - - [02/Aug/2026:01:22:29 +0300] "GET /core/settings.py HTTP/2.0" 404 107 "-" "Mozilla/5.0 AppleWebKit/537.36 (KHTML, like Gecko); compatible; PerplexityBot/1.0; +https://perplexity.ai/perplexitybot"
34.125.100.246 - - [02/Aug/2026:01:22:29 +0300] "GET /config/settings.py HTTP/2.0" 404 107 "-" "Mozilla/5.0 AppleWebKit/537.36 (KHTML, like Gecko); compatible; PerplexityBot/1.0; +https://perplexity.ai/perplexitybot"
34.125.100.246 - - [02/Aug/2026:01:22:29 +0300] "GET /backend/settings.py HTTP/2.0" 404 107 "-" "Mozilla/5.0 AppleWebKit/537.36 (KHTML, like Gecko); compatible; PerplexityBot/1.0; +https://perplexity.ai/perplexitybot"
34.125.100.246 - - [02/Aug/2026:01:22:29 +0300] "GET /.streamlit/secrets.toml HTTP/2.0" 404 107 "-" "Mozilla/5.0 AppleWebKit/537.36 (KHTML, like Gecko); compatible; PerplexityBot/1.0; +https://perplexity.ai/perplexitybot"
34.125.100.246 - - [02/Aug/2026:01:22:30 +0300] "GET /.env.development HTTP/2.0" 404 107 "-" "Mozilla/5.0 AppleWebKit/537.36 (KHTML, like Gecko); compatible; PerplexityBot/1.0; +https://perplexity.ai/perplexitybot"
34.125.100.246 - - [02/Aug/2026:01:22:31 +0300] "GET /.env.staging HTTP/2.0" 404 107 "-" "Mozilla/5.0 AppleWebKit/537.36 (KHTML, like Gecko); compatible; PerplexityBot/1.0; +https://perplexity.ai/perplexitybot"
34.125.100.246 - - [02/Aug/2026:01:22:31 +0300] "GET /.env.test HTTP/2.0" 404 107 "-" "Mozilla/5.0 AppleWebKit/537.36 (KHTML, like Gecko); compatible; PerplexityBot/1.0; +https://perplexity.ai/perplexitybot"
34.125.100.246 - - [02/Aug/2026:01:22:31 +0300] "GET /config.env HTTP/2.0" 404 107 "-" "Mozilla/5.0 AppleWebKit/537.36 (KHTML, like Gecko); compatible; PerplexityBot/1.0; +https://perplexity.ai/perplexitybot"
34.125.100.246 - - [02/Aug/2026:01:22:31 +0300] "GET /instance/config.py HTTP/2.0" 404 107 "-" "Mozilla/5.0 AppleWebKit/537.36 (KHTML, like Gecko); compatible; PerplexityBot/1.0; +https://perplexity.ai/perplexitybot"
34.125.100.246 - - [02/Aug/2026:01:22:31 +0300] "GET /products/bauxite.html HTTP/2.0" 200 3706 "-" "Mozilla/5.0 (Linux; Android 10; K) AppleWebKit/537.36 (KHTML, like Gecko) Chrome/150.0.0.0 Mobile Safari/537.36"
34.125.100.246 - - [02/Aug/2026:01:22:31 +0300] "GET /config.py HTTP/2.0" 404 107 "-" "Mozilla/5.0 AppleWebKit/537.36 (KHTML, like Gecko); compatible; PerplexityBot/1.0; +https://perplexity.ai/perplexitybot"
34.125.100.246 - - [02/Aug/2026:01:22:32 +0300] "GET /sendgrid.env HTTP/2.0" 404 107 "-" "Mozilla/5.0 AppleWebKit/537.36 (KHTML, like Gecko); compatible; PerplexityBot/1.0; +https://perplexity.ai/perplexitybot"
34.125.100.246 - - [02/Aug/2026:01:22:32 +0300] "GET /src/.env HTTP/2.0" 404 107 "-" "Mozilla/5.0 AppleWebKit/537.36 (KHTML, like Gecko); compatible; PerplexityBot/1.0; +https://perplexity.ai/perplexitybot"
34.125.100.246 - - [02/Aug/2026:01:22:33 +0300] "GET /frontend/.env HTTP/2.0" 404 107 "-" "Mozilla/5.0 AppleWebKit/537.36 (KHTML, like Gecko); compatible; PerplexityBot/1.0; +https://perplexity.ai/perplexitybot"
34.125.100.246 - - [02/Aug/2026:01:22:33 +0300] "GET /app/.env HTTP/2.0" 404 107 "-" "Mozilla/5.0 AppleWebKit/537.36 (KHTML, like Gecko); compatible; PerplexityBot/1.0; +https://perplexity.ai/perplexitybot"
34.125.100.246 - - [02/Aug/2026:01:22:33 +0300] "GET /auth/login HTTP/2.0" 404 170 "-" "Mozilla/5.0 (Linux; Android 10; K) AppleWebKit/537.36 (KHTML, like Gecko) Chrome/150.0.0.0 Mobile Safari/537.36"
34.125.100.246 - - [02/Aug/2026:01:22:33 +0300] "GET /server/.env HTTP/2.0" 404 107 "-" "Mozilla/5.0 AppleWebKit/537.36 (KHTML, like Gecko); compatible; PerplexityBot/1.0; +https://perplexity.ai/perplexitybot"
34.125.100.246 - - [02/Aug/2026:01:22:33 +0300] "GET /dev/.env HTTP/2.0" 404 107 "-" "Mozilla/5.0 AppleWebKit/537.36 (KHTML, like Gecko); compatible; PerplexityBot/1.0; +https://perplexity.ai/perplexitybot"
34.125.100.246 - - [02/Aug/2026:01:22:33 +0300] "GET /account HTTP/2.0" 404 170 "-" "Mozilla/5.0 (Linux; Android 10; K) AppleWebKit/537.36 (KHTML, like Gecko) Chrome/150.0.0.0 Mobile Safari/537.36"
34.125.100.246 - - [02/Aug/2026:01:22:33 +0300] "GET /login HTTP/2.0" 404 170 "-" "Mozilla/5.0 (Linux; Android 10; K) AppleWebKit/537.36 (KHTML, like Gecko) Chrome/150.0.0.0 Mobile Safari/537.36"
34.125.100.246 - - [02/Aug/2026:01:22:33 +0300] "GET /admin/login HTTP/2.0" 404 170 "-" "Mozilla/5.0 (Linux; Android 10; K) AppleWebKit/537.36 (KHTML, like Gecko) Chrome/150.0.0.0 Mobile Safari/537.36"
34.125.100.246 - - [02/Aug/2026:01:22:33 +0300] "GET /admin HTTP/2.0" 404 170 "-" "Mozilla/5.0 (Linux; Android 10; K) AppleWebKit/537.36 (KHTML, like Gecko) Chrome/150.0.0.0 Mobile Safari/537.36"
34.125.100.246 - - [02/Aug/2026:01:22:33 +0300] "GET /dashboard HTTP/2.0" 404 170 "-" "Mozilla/5.0 (Linux; Android 10; K) AppleWebKit/537.36 (KHTML, like Gecko) Chrome/150.0.0.0 Mobile Safari/537.36"
34.125.100.246 - - [02/Aug/2026:01:22:33 +0300] "GET /signin HTTP/2.0" 404 170 "-" "Mozilla/5.0 (Linux; Android 10; K) AppleWebKit/537.36 (KHTML, like Gecko) Chrome/150.0.0.0 Mobile Safari/537.36"
57.141.0.25 - - [02/Aug/2026:01:22:33 +0300] "GET /vos-gratification-microgaming-ne-semblent-nenni-recouvrables-mais-vous-pourrez-aneantir-dans-toute-heure-des-economies/ HTTP/2.0" 200 4759 "-" "Mozilla/5.0 (Macintosh; Intel Mac OS X 10_15_7) AppleWebKit/537.36 (KHTML, like Gecko) Chrome/145.0.0.0 Safari/537.36 (compatible; meta-externalagent/1.1 (+https://developers.facebook.com/docs/sharing/webmasters/crawler))"
34.125.100.246 - - [02/Aug/2026:01:22:34 +0300] "GET /console HTTP/2.0" 404 170 "-" "Mozilla/5.0 (Linux; Android 10; K) AppleWebKit/537.36 (KHTML, like Gecko) Chrome/150.0.0.0 Mobile Safari/537.36"
34.125.100.246 - - [02/Aug/2026:01:22:34 +0300] "GET /my HTTP/2.0" 404 170 "-" "Mozilla/5.0 (Linux; Android 10; K) AppleWebKit/537.36 (KHTML, like Gecko) Chrome/150.0.0.0 Mobile Safari/537.36"
34.125.100.246 - - [02/Aug/2026:01:22:34 +0300] "GET /manage HTTP/2.0" 404 170 "-" "Mozilla/5.0 (Linux; Android 10; K) AppleWebKit/537.36 (KHTML, like Gecko) Chrome/150.0.0.0 Mobile Safari/537.36"
34.125.100.246 - - [02/Aug/2026:01:22:34 +0300] "GET /portal HTTP/2.0" 404 170 "-" "Mozilla/5.0 (Linux; Android 10; K) AppleWebKit/537.36 (KHTML, like Gecko) Chrome/150.0.0.0 Mobile Safari/537.36"
34.125.100.246 - - [02/Aug/2026:01:22:34 +0300] "GET /app HTTP/2.0" 404 170 "-" "Mozilla/5.0 (Linux; Android 10; K) AppleWebKit/537.36 (KHTML, like Gecko) Chrome/150.0.0.0 Mobile Safari/537.36"
34.125.100.246 - - [02/Aug/2026:01:22:34 +0300] "GET /core/.env HTTP/2.0" 404 107 "-" "Mozilla/5.0 AppleWebKit/537.36 (KHTML, like Gecko); compatible; PerplexityBot/1.0; +https://perplexity.ai/perplexitybot"
34.125.100.246 - - [02/Aug/2026:01:22:34 +0300] "GET /user/login HTTP/2.0" 404 170 "-" "Mozilla/5.0 (Linux; Android 10; K) AppleWebKit/537.36 (KHTML, like Gecko) Chrome/150.0.0.0 Mobile Safari/537.36"
34.125.100.246 - - [02/Aug/2026:01:22:34 +0300] "GET /.aws/credentials HTTP/2.0" 404 107 "-" "Mozilla/5.0 AppleWebKit/537.36 (KHTML, like Gecko); compatible; PerplexityBot/1.0; +https://perplexity.ai/perplexitybot"
34.125.100.246 - - [02/Aug/2026:01:22:34 +0300] "GET /.env.php.bak HTTP/2.0" 404 107 "-" "Mozilla/5.0 AppleWebKit/537.36 (KHTML, like Gecko); compatible; PerplexityBot/1.0; +https://perplexity.ai/perplexitybot"
34.125.100.246 - - [02/Aug/2026:01:22:34 +0300] "GET /profile HTTP/2.0" 404 170 "-" "Mozilla/5.0 (Linux; Android 10; K) AppleWebKit/537.36 (KHTML, like Gecko) Chrome/150.0.0.0 Mobile Safari/537.36"
34.125.100.246 - - [02/Aug/2026:01:22:34 +0300] "GET /workspace HTTP/2.0" 404 170 "-" "Mozilla/5.0 (Linux; Android 10; K) AppleWebKit/537.36 (KHTML, like Gecko) Chrome/150.0.0.0 Mobile Safari/537.36"
34.125.100.246 - - [02/Aug/2026:01:22:36 +0300] "GET /settings HTTP/2.0" 404 170 "-" "Mozilla/5.0 (Linux; Android 10; K) AppleWebKit/537.36 (KHTML, like Gecko) Chrome/150.0.0.0 Mobile Safari/537.36"
85.208.96.193 - - [02/Aug/2026:01:22:40 +0300] "GET /author/root/page/324/ HTTP/1.1" 200 4772 "-" "Mozilla/5.0 (compatible; SemrushBot/7~bl; +http://www.semrush.com/bot.html)"
66.249.66.197 - - [02/Aug/2026:01:22:49 +0300] "GET /robots.txt HTTP/1.1" 200 4772 "-" "Mozilla/5.0 (compatible; Googlebot/2.1; +http://www.google.com/bot.html)"
66.249.66.199 - - [02/Aug/2026:01:22:49 +0300] "GET /winning-strategies-for-navigating-the-complexities-of-online-casinos/ HTTP/1.1" 200 4772 "-" "Mozilla/5.0 (Linux; Android 6.0.1; Nexus 5X Build/MMB29P) AppleWebKit/537.36 (KHTML, like Gecko) Chrome/150.0.7871.186 Mobile Safari/537.36 (compatible; Googlebot/2.1; +http://www.google.com/bot.html)"
20.203.200.218 - - [02/Aug/2026:01:22:55 +0300] "GET /wp-content/plugins/hellopress/wp_filemanager.php HTTP/1.1" 301 162 "-" "-"
20.203.200.218 - - [02/Aug/2026:01:22:55 +0300] "GET /wp-content/plugins/hellopress/wp_filemanager.php HTTP/1.1" 502 150 "-" "-"
20.203.200.218 - - [02/Aug/2026:01:22:55 +0300] "GET /this_is_a_new_hello_world.php HTTP/1.1" 301 162 "-" "-"
20.203.200.218 - - [02/Aug/2026:01:22:55 +0300] "GET /this_is_a_new_hello_world.php HTTP/1.1" 502 150 "-" "-"
20.203.200.218 - - [02/Aug/2026:01:22:55 +0300] "GET /IndoSec.php HTTP/1.1" 301 162 "-" "-"
20.203.200.218 - - [02/Aug/2026:01:22:55 +0300] "GET /IndoSec.php HTTP/1.1" 502 150 "-" "-"
20.203.200.218 - - [02/Aug/2026:01:22:55 +0300] "GET /1revo.php HTTP/1.1" 301 162 "-" "-"
20.203.200.218 - - [02/Aug/2026:01:22:55 +0300] "GET /1revo.php HTTP/1.1" 502 150 "-" "-"
20.203.200.218 - - [02/Aug/2026:01:22:55 +0300] "GET /loader.php HTTP/1.1" 301 162 "-" "-"
20.203.200.218 - - [02/Aug/2026:01:22:55 +0300] "GET /loader.php HTTP/1.1" 502 150 "-" "-"
20.203.200.218 - - [02/Aug/2026:01:22:55 +0300] "GET /esp.php? HTTP/1.1" 301 162 "-" "-"
20.203.200.218 - - [02/Aug/2026:01:22:55 +0300] "GET /esp.php? HTTP/1.1" 502 150 "-" "-"
20.203.200.218 - - [02/Aug/2026:01:22:55 +0300] "GET /dj.php HTTP/1.1" 301 162 "-" "-"
20.203.200.218 - - [02/Aug/2026:01:22:55 +0300] "GET /dj.php HTTP/1.1" 502 150 "-" "-"
85.208.96.202 - - [02/Aug/2026:01:22:55 +0300] "GET /mybet-casino-religious-immatrikulieren-den-tollen-bonus-sichern/ HTTP/1.1" 200 4772 "-" "Mozilla/5.0 (compatible; SemrushBot/7~bl; +http://www.semrush.com/bot.html)"
176.29.202.112 - - [02/Aug/2026:01:22:58 +0300] "GET /en/images/tradewool_4.gif HTTP/1.1" 301 162 "http://cihaninsaat.com:80/en/images/tradewool_4.gif" "Mozilla/5.0 (Macintosh; Intel Mac OS X 10_15_7) AppleWebKit/537.36 (KHTML, like Gecko) Chrome/121.0.0.0 Safari/537.36"
46.151.182.197 - - [02/Aug/2026:01:23:09 +0300] "GET /admin/fileupload/index.php?file=tf2rghf.jpg HTTP/1.1" 404 18088 "-" "ALittle Client"
85.208.96.203 - - [02/Aug/2026:01:23:12 +0300] "GET /robots.txt HTTP/1.1" 200 313 "-" "Mozilla/5.0 (compatible; SemrushBot/7~bl; +http://www.semrush.com/bot.html)"
85.208.96.208 - - [02/Aug/2026:01:23:13 +0300] "GET /products/learnedly597801?id=576 HTTP/1.1" 404 10978 "-" "Mozilla/5.0 (compatible; SemrushBot/7~bl; +http://www.semrush.com/bot.html)"
185.191.171.13 - - [02/Aug/2026:01:23:16 +0300] "GET /products/gorgeable1177114?id=566 HTTP/1.1" 404 10978 "-" "Mozilla/5.0 (compatible; SemrushBot/7~bl; +http://www.semrush.com/bot.html)"
114.119.132.103 - - [02/Aug/2026:01:23:32 +0300] "GET /outlining-the-brand-new-bet365-casino-totally-free-spins-giveaway-red-hot-devil-slot-free-spins-bonus-render/ HTTP/1.1" 200 4772 "https://www.egekobi.com/outlining-the-brand-new-bet365-casino-totally-free-spins-giveaway-red-hot-devil-slot-free-spins-bonus-render/" "Mozilla/5.0 (Linux; Android 7.0;) AppleWebKit/537.36 (HTML, like Gecko) Mobile Safari/537.36 (compatible; PetalBot;+https://webmaster.petalsearch.com/site/petalbot)"
185.191.171.4 - - [02/Aug/2026:01:23:38 +0300] "GET /products/interrepulsion370585?id=74 HTTP/1.1" 404 10980 "-" "Mozilla/5.0 (compatible; SemrushBot/7~bl; +http://www.semrush.com/bot.html)"
185.191.171.8 - - [02/Aug/2026:01:23:55 +0300] "GET /author/root/page/2496/ HTTP/1.1" 200 4772 "-" "Mozilla/5.0 (compatible; SemrushBot/7~bl; +http://www.semrush.com/bot.html)"
85.208.96.203 - - [02/Aug/2026:01:24:00 +0300] "GET /f0zqpk0h/steel-plate-2mm.html HTTP/1.1" 404 10982 "-" "Mozilla/5.0 (compatible; SemrushBot/7~bl; +http://www.semrush.com/bot.html)"
85.208.96.212 - - [02/Aug/2026:01:24:03 +0300] "GET /products/champertor778038?id=128 HTTP/1.1" 404 10977 "-" "Mozilla/5.0 (compatible; SemrushBot/7~bl; +http://www.semrush.com/bot.html)"
135.119.63.61 - - [02/Aug/2026:01:24:15 +0300] "GET /--wp-lgj.php HTTP/1.1" 404 548 "-" "Mozilla/5.0 (Windows NT 10.0; Win64; x64) AppleWebKit/537.36 (KHTML, like Gecko) Chrome/120.0.0.0 Safari/537.36"
135.119.63.61 - - [02/Aug/2026:01:24:15 +0300] "GET /.tmb/admin.php HTTP/1.1" 404 548 "-" "Mozilla/5.0 (Windows NT 10.0; Win64; x64) AppleWebKit/537.36 (KHTML, like Gecko) Chrome/120.0.0.0 Safari/537.36"
135.119.63.61 - - [02/Aug/2026:01:24:15 +0300] "GET /.tmb/la.php HTTP/1.1" 404 548 "-" "Mozilla/5.0 (Windows NT 10.0; Win64; x64) AppleWebKit/537.36 (KHTML, like Gecko) Chrome/120.0.0.0 Safari/537.36"
135.119.63.61 - - [02/Aug/2026:01:24:15 +0300] "GET /.tmb/wp-login.php HTTP/1.1" 404 548 "-" "Mozilla/5.0 (Windows NT 10.0; Win64; x64) AppleWebKit/537.36 (KHTML, like Gecko) Chrome/120.0.0.0 Safari/537.36"
135.119.63.61 - - [02/Aug/2026:01:24:15 +0300] "GET /.well-known/.well-known/ HTTP/1.1" 500 2569 "-" "Mozilla/5.0 (Windows NT 10.0; Win64; x64) AppleWebKit/537.36 (KHTML, like Gecko) Chrome/120.0.0.0 Safari/537.36"
135.119.63.61 - - [02/Aug/2026:01:24:15 +0300] "GET /.well-known//.well-known/owlmailer.php HTTP/1.1" 404 548 "-" "Mozilla/5.0 (Windows NT 10.0; Win64; x64) AppleWebKit/537.36 (KHTML, like Gecko) Chrome/120.0.0.0 Safari/537.36"
135.119.63.61 - - [02/Aug/2026:01:24:15 +0300] "GET /.well-known/991176.php HTTP/1.1" 404 548 "-" "Mozilla/5.0 (Windows NT 10.0; Win64; x64) AppleWebKit/537.36 (KHTML, like Gecko) Chrome/120.0.0.0 Safari/537.36"
135.119.63.61 - - [02/Aug/2026:01:24:15 +0300] "GET /.well-known/about.php HTTP/1.1" 404 548 "-" "Mozilla/5.0 (Windows NT 10.0; Win64; x64) AppleWebKit/537.36 (KHTML, like Gecko) Chrome/120.0.0.0 Safari/537.36"
135.119.63.61 - - [02/Aug/2026:01:24:16 +0300] "GET /.well-known/acme-challenge/content.php HTTP/1.1" 404 548 "-" "Mozilla/5.0 (Windows NT 10.0; Win64; x64) AppleWebKit/537.36 (KHTML, like Gecko) Chrome/120.0.0.0 Safari/537.36"
135.119.63.61 - - [02/Aug/2026:01:24:16 +0300] "GET /.well-known/acme-challenge/file HTTP/1.1" 500 2569 "-" "Mozilla/5.0 (Windows NT 10.0; Win64; x64) AppleWebKit/537.36 (KHTML, like Gecko) Chrome/120.0.0.0 Safari/537.36"
135.119.63.61 - - [02/Aug/2026:01:24:16 +0300] "GET /.well-known/caches.php HTTP/1.1" 404 548 "-" "Mozilla/5.0 (Windows NT 10.0; Win64; x64) AppleWebKit/537.36 (KHTML, like Gecko) Chrome/120.0.0.0 Safari/537.36"
85.208.96.204 - - [02/Aug/2026:01:24:16 +0300] "GET /skachat-melbet-na-android-s-dolzhnostnogo-sayta-na-konura-besplatnoe-addendum-melbet-dlya-android/ HTTP/1.1" 200 4772 "-" "Mozilla/5.0 (compatible; SemrushBot/7~bl; +http://www.semrush.com/bot.html)"
135.119.63.61 - - [02/Aug/2026:01:24:16 +0300] "GET /.well-known/elp.php HTTP/1.1" 404 548 "-" "Mozilla/5.0 (Windows NT 10.0; Win64; x64) AppleWebKit/537.36 (KHTML, like Gecko) Chrome/120.0.0.0 Safari/537.36"
135.119.63.61 - - [02/Aug/2026:01:24:16 +0300] "GET /.well-known/min.php HTTP/1.1" 404 548 "-" "Mozilla/5.0 (Windows NT 10.0; Win64; x64) AppleWebKit/537.36 (KHTML, like Gecko) Chrome/120.0.0.0 Safari/537.36"
135.119.63.61 - - [02/Aug/2026:01:24:16 +0300] "GET /.well-known/pki-validation/classwithtostring.php HTTP/1.1" 404 548 "-" "Mozilla/5.0 (Windows NT 10.0; Win64; x64) AppleWebKit/537.36 (KHTML, like Gecko) Chrome/120.0.0.0 Safari/537.36"
135.119.63.61 - - [02/Aug/2026:01:24:17 +0300] "GET /.well-known/pki-validation/mariju.php HTTP/1.1" 404 548 "-" "Mozilla/5.0 (Windows NT 10.0; Win64; x64) AppleWebKit/537.36 (KHTML, like Gecko) Chrome/120.0.0.0 Safari/537.36"
135.119.63.61 - - [02/Aug/2026:01:24:17 +0300] "GET /.well-known/pki-validation/min.php HTTP/1.1" 404 548 "-" "Mozilla/5.0 (Windows NT 10.0; Win64; x64) AppleWebKit/537.36 (KHTML, like Gecko) Chrome/120.0.0.0 Safari/537.36"
135.119.63.61 - - [02/Aug/2026:01:24:17 +0300] "GET /2014/02/mt_srand.php HTTP/1.1" 404 548 "-" "Mozilla/5.0 (Windows NT 10.0; Win64; x64) AppleWebKit/537.36 (KHTML, like Gecko) Chrome/120.0.0.0 Safari/537.36"
135.119.63.61 - - [02/Aug/2026:01:24:17 +0300] "GET /_podt.php HTTP/1.1" 404 548 "-" "Mozilla/5.0 (Windows NT 10.0; Win64; x64) AppleWebKit/537.36 (KHTML, like Gecko) Chrome/120.0.0.0 Safari/537.36"
135.119.63.61 - - [02/Aug/2026:01:24:17 +0300] "GET /aaa.php HTTP/1.1" 404 548 "-" "Mozilla/5.0 (Windows NT 10.0; Win64; x64) AppleWebKit/537.36 (KHTML, like Gecko) Chrome/120.0.0.0 Safari/537.36"
135.119.63.61 - - [02/Aug/2026:01:24:17 +0300] "GET /aahana/json.php HTTP/1.1" 404 548 "-" "Mozilla/5.0 (Windows NT 10.0; Win64; x64) AppleWebKit/537.36 (KHTML, like Gecko) Chrome/120.0.0.0 Safari/537.36"
135.119.63.61 - - [02/Aug/2026:01:24:17 +0300] "GET /abcd.php HTTP/1.1" 404 548 "-" "Mozilla/5.0 (Windows NT 10.0; Win64; x64) AppleWebKit/537.36 (KHTML, like Gecko) Chrome/120.0.0.0 Safari/537.36"
135.119.63.61 - - [02/Aug/2026:01:24:17 +0300] "GET /about.php HTTP/1.1" 404 548 "-" "Mozilla/5.0 (Windows NT 10.0; Win64; x64) AppleWebKit/537.36 (KHTML, like Gecko) Chrome/120.0.0.0 Safari/537.36"
135.119.63.61 - - [02/Aug/2026:01:24:18 +0300] "GET /admin.php HTTP/1.1" 404 548 "-" "Mozilla/5.0 (Windows NT 10.0; Win64; x64) AppleWebKit/537.36 (KHTML, like Gecko) Chrome/120.0.0.0 Safari/537.36"
