\x89PNG\r\n\x1a\n\x00\x00\x00\x0DIHDR\x00\x00\x00\x01\x00 \x00\x00\x01\x08\x06\x00\x00\x00\x1F\x15\xC4\x89\x00\x00\x00 \x0AIDATx\x9Ccb\x00\x00\x00\x06\x00\x03\x1A\x05\x9D\x00\x00 \x00\x00IEND\xAE\x42\x60\x82
| Path : /var/log/nginx/ |
B-Con CMD Config cPanel C-Rdp D-Log Info Jump Mass Ransom Symlink vHost Zone-H |
| Current File : /var/log/nginx/access.log.1 |
185.191.171.6 - - [02/Aug/2026:00:00:07 +0300] "GET /120-totally-free-revolves-for-real-currency-no-deposit-incentives-2026-2/ HTTP/1.1" 200 4772 "-" "Mozilla/5.0 (compatible; SemrushBot/7~bl; +http://www.semrush.com/bot.html)"
45.8.19.44 - - [02/Aug/2026:00:00:10 +0300] "GET /wp-includes/js/codemirror/ HTTP/1.1" 301 162 "-" "Mozilla/5.0 (Windows NT 10.0; Win64; x64) AppleWebKit/537.36 (KHTML, like Gecko) Chrome/120.0.0.0 Safari/537.36"
45.8.19.44 - - [02/Aug/2026:00:00:13 +0300] "GET /wp-includes/js/plupload/ HTTP/1.1" 301 162 "-" "Mozilla/5.0 (Windows NT 10.0; Win64; x64) AppleWebKit/537.36 (KHTML, like Gecko) Chrome/120.0.0.0 Safari/537.36"
85.208.96.195 - - [02/Aug/2026:00:00:17 +0300] "GET /products/insistently111707?id=800 HTTP/1.1" 404 10977 "-" "Mozilla/5.0 (compatible; SemrushBot/7~bl; +http://www.semrush.com/bot.html)"
52.203.246.32 - - [02/Aug/2026:00:00:20 +0300] "GET /robots.txt HTTP/1.1" 404 146 "-" "Mozilla/5.0 (Macintosh; Intel Mac OS X 10_10_1) AppleWebKit/600.2.5 (KHTML, like Gecko) Version/8.0.2 Safari/600.2.5 (Gort)"
45.8.19.44 - - [02/Aug/2026:00:00:21 +0300] "GET /wp-includes/widgets/ HTTP/1.1" 301 162 "-" "Mozilla/5.0 (Windows NT 10.0; Win64; x64) AppleWebKit/537.36 (KHTML, like Gecko) Chrome/120.0.0.0 Safari/537.36"
85.208.96.212 - - [02/Aug/2026:00:00:26 +0300] "GET /hypogene-or-no-1-mineralization-happen-on-various-customization-areas-of-gambling-establishment-put/ HTTP/1.1" 200 4772 "-" "Mozilla/5.0 (compatible; SemrushBot/7~bl; +http://www.semrush.com/bot.html)"
45.8.19.59 - - [02/Aug/2026:00:00:27 +0300] "GET /wp-includes/widgets/ HTTP/1.1" 403 548 "-" "Mozilla/5.0 (Windows NT 10.0; Win64; x64) AppleWebKit/537.36 (KHTML, like Gecko) Chrome/120.0.0.0 Safari/537.36"
45.8.19.44 - - [02/Aug/2026:00:00:29 +0300] "GET /wp-content/ HTTP/1.1" 301 162 "-" "Mozilla/5.0 (Windows NT 10.0; Win64; x64) AppleWebKit/537.36 (KHTML, like Gecko) Chrome/120.0.0.0 Safari/537.36"
185.191.171.6 - - [02/Aug/2026:00:00:30 +0300] "GET /we-believe-forty-50x-wagering-on-the-put-or-30-35x-on-the-deposit-and-extra-is-appropriate/ HTTP/1.1" 200 4772 "-" "Mozilla/5.0 (compatible; SemrushBot/7~bl; +http://www.semrush.com/bot.html)"
45.8.19.47 - - [02/Aug/2026:00:00:32 +0300] "GET /wp-content/ HTTP/1.1" 200 31 "-" "Mozilla/5.0 (Windows NT 10.0; Win64; x64) AppleWebKit/537.36 (KHTML, like Gecko) Chrome/120.0.0.0 Safari/537.36"
57.141.0.22 - - [02/Aug/2026:00:00:34 +0300] "GET /wolf-work-at-slots-real-cash-video-slot-100-percent-free-play-magic-fruits-81-slot-machines-demonstration/ HTTP/2.0" 200 4759 "-" "Mozilla/5.0 (Windows NT 10.0; Win64; x64) AppleWebKit/537.36 (KHTML, like Gecko) Chrome/145.0.0.0 Safari/537.36 (compatible; meta-externalagent/1.1 (+https://developers.facebook.com/docs/sharing/webmasters/crawler))"
45.8.19.44 - - [02/Aug/2026:00:00:35 +0300] "GET /wp-content/languages/ HTTP/1.1" 301 162 "-" "Mozilla/5.0 (Windows NT 10.0; Win64; x64) AppleWebKit/537.36 (KHTML, like Gecko) Chrome/120.0.0.0 Safari/537.36"
45.8.19.47 - - [02/Aug/2026:00:00:36 +0300] "GET /wp-content/languages/ HTTP/1.1" 403 548 "-" "Mozilla/5.0 (Windows NT 10.0; Win64; x64) AppleWebKit/537.36 (KHTML, like Gecko) Chrome/120.0.0.0 Safari/537.36"
45.8.19.44 - - [02/Aug/2026:00:00:36 +0300] "GET /wp-content/IXR/ HTTP/1.1" 301 162 "-" "Mozilla/5.0 (Windows NT 10.0; Win64; x64) AppleWebKit/537.36 (KHTML, like Gecko) Chrome/120.0.0.0 Safari/537.36"
57.141.0.67 - - [02/Aug/2026:00:00:38 +0300] "GET /gamblejoe-boomerang-bonanza-online-slot-freispiele-blos-einzahlung-gremium-unter-einsatz-von-bonus-threads/ HTTP/2.0" 200 4759 "-" "Mozilla/5.0 (Windows NT 10.0; Win64; x64) AppleWebKit/537.36 (KHTML, like Gecko) Chrome/144.0.0.0 Safari/537.36 Edg/144.0.0.0 (compatible; meta-externalagent/1.1 (+https://developers.facebook.com/docs/sharing/webmasters/crawler))"
45.8.19.47 - - [02/Aug/2026:00:00:39 +0300] "GET /wp-content/IXR/ HTTP/1.1" 404 14181 "-" "Mozilla/5.0 (Windows NT 10.0; Win64; x64) AppleWebKit/537.36 (KHTML, like Gecko) Chrome/120.0.0.0 Safari/537.36"
57.141.0.31 - - [02/Aug/2026:00:00:44 +0300] "GET /fur-nusse-zum-besten-geben-inoffizieller-mitarbeiter-mr-bet-casino-25-kostenlose-spins-keine-einzahlung-browser/ HTTP/2.0" 200 4759 "-" "Mozilla/5.0 (X11; Linux x86_64) AppleWebKit/537.36 (KHTML, like Gecko) Chrome/145.0.0.0 Safari/537.36 (compatible; meta-externalagent/1.1 (+https://developers.facebook.com/docs/sharing/webmasters/crawler))"
57.141.0.52 - - [02/Aug/2026:00:00:50 +0300] "GET /betfair-gambling-establishment-shines-for-a-few-factors-so-its-an-enticing-choice-for-online-bettors/ HTTP/2.0" 200 4759 "-" "Mozilla/5.0 (Macintosh; Intel Mac OS X 10_15_7) AppleWebKit/537.36 (KHTML, like Gecko) Chrome/145.0.0.0 Safari/537.36 (compatible; meta-externalagent/1.1 (+https://developers.facebook.com/docs/sharing/webmasters/crawler))"
45.8.19.44 - - [02/Aug/2026:00:00:51 +0300] "GET /wp-content/uploads/ HTTP/1.1" 301 162 "-" "Mozilla/5.0 (Windows NT 10.0; Win64; x64) AppleWebKit/537.36 (KHTML, like Gecko) Chrome/120.0.0.0 Safari/537.36"
185.191.171.9 - - [02/Aug/2026:00:00:52 +0300] "GET /products/klavern46651?id=606 HTTP/1.1" 404 10976 "-" "Mozilla/5.0 (compatible; SemrushBot/7~bl; +http://www.semrush.com/bot.html)"
62.197.45.116 - - [02/Aug/2026:00:00:57 +0300] "GET / HTTP/1.0" 200 137607 "https://softech.com.tr/" "Mozilla/5.0 (Windows NT 10.0; Win64; x64) AppleWebKit/537.36 (KHTML, like Gecko) Chrome/130.0.0.0 Safari/537.36"
62.197.45.116 - - [02/Aug/2026:00:00:57 +0300] "POST /wp-admin/admin-ajax.php HTTP/1.0" 200 111 "https://softech.com.tr/" "Mozilla/5.0 (Windows NT 10.0; Win64; x64) AppleWebKit/537.36 (KHTML, like Gecko) Chrome/130.0.0.0 Safari/537.36"
45.8.19.44 - - [02/Aug/2026:00:00:58 +0300] "GET /wp-content/upgrade/ HTTP/1.1" 301 162 "-" "Mozilla/5.0 (Windows NT 10.0; Win64; x64) AppleWebKit/537.36 (KHTML, like Gecko) Chrome/120.0.0.0 Safari/537.36"
85.208.96.194 - - [02/Aug/2026:00:00:59 +0300] "GET /products/calcified14284?id=775 HTTP/1.1" 404 10975 "-" "Mozilla/5.0 (compatible; SemrushBot/7~bl; +http://www.semrush.com/bot.html)"
216.73.160.121 - - [02/Aug/2026:00:01:02 +0300] "GET /wp-content/upgrade/ HTTP/1.1" 403 548 "-" "Mozilla/5.0 (Windows NT 10.0; Win64; x64) AppleWebKit/537.36 (KHTML, like Gecko) Chrome/120.0.0.0 Safari/537.36"
57.141.0.37 - - [02/Aug/2026:00:01:05 +0300] "GET /100-percent-free-ports-on-the-internet-gamble-dos450-online-slots-enjoyment-during-the-slotorama/ HTTP/2.0" 200 4759 "-" "Mozilla/5.0 (Windows NT 10.0; Win64; x64) AppleWebKit/537.36 (KHTML, like Gecko) Chrome/145.0.0.0 Safari/537.36 (compatible; meta-externalagent/1.1 (+https://developers.facebook.com/docs/sharing/webmasters/crawler))"
57.141.0.1 - - [02/Aug/2026:00:01:05 +0300] "GET /taschentelefon-casino-echtgeld-bonus-ohne-einzahlung-2026/ HTTP/2.0" 200 4759 "-" "Mozilla/5.0 (Windows NT 10.0; Win64; x64) AppleWebKit/537.36 (KHTML, like Gecko) Chrome/145.0.0.0 Safari/537.36 (compatible; meta-externalagent/1.1 (+https://developers.facebook.com/docs/sharing/webmasters/crawler))"
45.8.19.47 - - [02/Aug/2026:00:01:08 +0300] "GET /wp-content/plugins/ HTTP/1.1" 301 162 "-" "Mozilla/5.0 (Windows NT 10.0; Win64; x64) AppleWebKit/537.36 (KHTML, like Gecko) Chrome/120.0.0.0 Safari/537.36"
85.208.96.197 - - [02/Aug/2026:00:01:12 +0300] "GET /ai-driven-driver-suitable/ HTTP/1.1" 200 4772 "-" "Mozilla/5.0 (compatible; SemrushBot/7~bl; +http://www.semrush.com/bot.html)"
45.8.19.47 - - [02/Aug/2026:00:01:15 +0300] "GET /wp-content/themes/ HTTP/1.1" 301 162 "-" "Mozilla/5.0 (Windows NT 10.0; Win64; x64) AppleWebKit/537.36 (KHTML, like Gecko) Chrome/120.0.0.0 Safari/537.36"
43.130.37.243 - - [02/Aug/2026:00:01:15 +0300] "GET / HTTP/1.1" 301 162 "-" "Mozilla/5.0 (iPhone; CPU iPhone OS 13_2_3 like Mac OS X) AppleWebKit/605.1.15 (KHTML, like Gecko) Version/13.0.3 Mobile/15E148 Safari/604.1"
43.130.37.243 - - [02/Aug/2026:00:01:16 +0300] "GET / HTTP/1.1" 301 162 "http://ofisbulutta.tr" "Mozilla/5.0 (iPhone; CPU iPhone OS 13_2_3 like Mac OS X) AppleWebKit/605.1.15 (KHTML, like Gecko) Version/13.0.3 Mobile/15E148 Safari/604.1"
185.191.171.1 - - [02/Aug/2026:00:01:17 +0300] "GET /products/metempirics1370512?id=373 HTTP/1.1" 404 10979 "-" "Mozilla/5.0 (compatible; SemrushBot/7~bl; +http://www.semrush.com/bot.html)"
43.130.37.243 - - [02/Aug/2026:00:01:17 +0300] "GET / HTTP/1.1" 301 162 "https://ofisbulutta.tr/" "Mozilla/5.0 (iPhone; CPU iPhone OS 13_2_3 like Mac OS X) AppleWebKit/605.1.15 (KHTML, like Gecko) Version/13.0.3 Mobile/15E148 Safari/604.1"
43.130.37.243 - - [02/Aug/2026:00:01:18 +0300] "GET / HTTP/1.1" 200 5387 "https://www.ofisbulutta.com" "Mozilla/5.0 (iPhone; CPU iPhone OS 13_2_3 like Mac OS X) AppleWebKit/605.1.15 (KHTML, like Gecko) Version/13.0.3 Mobile/15E148 Safari/604.1"
45.8.19.66 - - [02/Aug/2026:00:01:21 +0300] "GET /wp-content/themes/ HTTP/1.1" 200 31 "-" "Mozilla/5.0 (Windows NT 10.0; Win64; x64) AppleWebKit/537.36 (KHTML, like Gecko) Chrome/120.0.0.0 Safari/537.36"
45.8.19.47 - - [02/Aug/2026:00:01:21 +0300] "GET /.well-known/ HTTP/1.1" 301 162 "-" "Mozilla/5.0 (Windows NT 10.0; Win64; x64) AppleWebKit/537.36 (KHTML, like Gecko) Chrome/120.0.0.0 Safari/537.36"
114.119.132.103 - - [02/Aug/2026:00:01:23 +0300] "GET /pro-assist-assistance-and-you-can-hot-shot-casino-questions/ HTTP/1.1" 200 4772 "https://www.egekobi.com/pro-assist-assistance-and-you-can-hot-shot-casino-questions/" "Mozilla/5.0 (Linux; Android 7.0;) AppleWebKit/537.36 (HTML, like Gecko) Mobile Safari/537.36 (compatible; PetalBot;+https://webmaster.petalsearch.com/site/petalbot)"
45.8.19.57 - - [02/Aug/2026:00:01:24 +0300] "GET /.well-known/ HTTP/1.1" 404 14181 "-" "Mozilla/5.0 (Windows NT 10.0; Win64; x64) AppleWebKit/537.36 (KHTML, like Gecko) Chrome/120.0.0.0 Safari/537.36"
43.156.232.154 - - [02/Aug/2026:00:01:25 +0300] "GET / HTTP/1.1" 404 118 "-" "Mozilla/5.0 (iPhone; CPU iPhone OS 13_2_3 like Mac OS X) AppleWebKit/605.1.15 (KHTML, like Gecko) Version/13.0.3 Mobile/15E148 Safari/604.1"
51.68.247.196 - - [02/Aug/2026:00:01:30 +0300] "GET /%D8%A2%D9%84%D9%87%D8%A9-%D8%B1%D8%A7%D8%A6%D8%B9%D8%A9-%D8%B9%D9%84%D9%89-%D8%A7%D9%84%D8%A5%D9%86%D8%AA%D8%B1%D9%86%D8%AA-%D8%A7%D9%84%D9%85%D9%88%D9%82%D9%81-%D9%82%D9%8A%D9%85%D8%A9-%D8%A7%D9%84/feed/ HTTP/2.0" 304 0 "-" "Mozilla/5.0 (compatible; AhrefsBot/7.0; +http://ahrefs.com/robot/)"
185.191.171.1 - - [02/Aug/2026:00:01:39 +0300] "GET /products/dysluite1254327?id=609 HTTP/1.1" 404 10978 "-" "Mozilla/5.0 (compatible; SemrushBot/7~bl; +http://www.semrush.com/bot.html)"
57.141.0.46 - - [02/Aug/2026:00:01:44 +0300] "GET /greatest-free-spins-no-deposit-bonus-also-offers-inside-the-nomini-casino-online-casinos-2026/ HTTP/2.0" 200 4759 "-" "Mozilla/5.0 (Windows NT 10.0; Win64; x64) AppleWebKit/537.36 (KHTML, like Gecko) Chrome/145.0.0.0 Safari/537.36 (compatible; meta-externalagent/1.1 (+https://developers.facebook.com/docs/sharing/webmasters/crawler))"
216.73.160.129 - - [02/Aug/2026:00:01:45 +0300] "GET /uploads/ HTTP/1.1" 301 162 "-" "Mozilla/5.0 (Windows NT 10.0; Win64; x64) AppleWebKit/537.36 (KHTML, like Gecko) Chrome/120.0.0.0 Safari/537.36"
216.73.160.129 - - [02/Aug/2026:00:01:47 +0300] "GET /files/ HTTP/1.1" 301 162 "-" "Mozilla/5.0 (Windows NT 10.0; Win64; x64) AppleWebKit/537.36 (KHTML, like Gecko) Chrome/120.0.0.0 Safari/537.36"
216.73.161.250 - - [02/Aug/2026:00:01:49 +0300] "GET /files/ HTTP/1.1" 404 14181 "-" "Mozilla/5.0 (Windows NT 10.0; Win64; x64) AppleWebKit/537.36 (KHTML, like Gecko) Chrome/120.0.0.0 Safari/537.36"
216.73.160.129 - - [02/Aug/2026:00:01:51 +0300] "GET /file/ HTTP/1.1" 301 162 "-" "Mozilla/5.0 (Windows NT 10.0; Win64; x64) AppleWebKit/537.36 (KHTML, like Gecko) Chrome/120.0.0.0 Safari/537.36"
216.73.161.250 - - [02/Aug/2026:00:01:54 +0300] "GET /file/ HTTP/1.1" 404 14181 "-" "Mozilla/5.0 (Windows NT 10.0; Win64; x64) AppleWebKit/537.36 (KHTML, like Gecko) Chrome/120.0.0.0 Safari/537.36"
216.73.160.129 - - [02/Aug/2026:00:01:55 +0300] "GET /images/ HTTP/1.1" 301 162 "-" "Mozilla/5.0 (Windows NT 10.0; Win64; x64) AppleWebKit/537.36 (KHTML, like Gecko) Chrome/120.0.0.0 Safari/537.36"
216.73.161.250 - - [02/Aug/2026:00:01:56 +0300] "GET /images/ HTTP/1.1" 404 14181 "-" "Mozilla/5.0 (Windows NT 10.0; Win64; x64) AppleWebKit/537.36 (KHTML, like Gecko) Chrome/120.0.0.0 Safari/537.36"
216.73.160.129 - - [02/Aug/2026:00:01:59 +0300] "GET /admin/ HTTP/1.1" 301 162 "-" "Mozilla/5.0 (Windows NT 10.0; Win64; x64) AppleWebKit/537.36 (KHTML, like Gecko) Chrome/120.0.0.0 Safari/537.36"
216.73.161.250 - - [02/Aug/2026:00:02:01 +0300] "GET /admin/ HTTP/1.1" 302 5 "-" "Mozilla/5.0 (Windows NT 10.0; Win64; x64) AppleWebKit/537.36 (KHTML, like Gecko) Chrome/120.0.0.0 Safari/537.36"
57.141.0.56 - - [02/Aug/2026:00:02:10 +0300] "GET /greedy-50-free-spins-chain-mail-servants-position-on-the-spinomenal-100percent-free-for-the-nativecasinos/ HTTP/2.0" 200 4759 "-" "Mozilla/5.0 (Windows NT 10.0; Win64; x64) AppleWebKit/537.36 (KHTML, like Gecko) Chrome/144.0.0.0 Safari/537.36 Edg/144.0.0.0 (compatible; meta-externalagent/1.1 (+https://developers.facebook.com/docs/sharing/webmasters/crawler))"
45.8.19.41 - - [02/Aug/2026:00:02:11 +0300] "GET /cgi-bin/ HTTP/1.1" 301 162 "-" "Mozilla/5.0 (Windows NT 10.0; Win64; x64) AppleWebKit/537.36 (KHTML, like Gecko) Chrome/120.0.0.0 Safari/537.36"
85.208.96.197 - - [02/Aug/2026:00:02:13 +0300] "GET /products/archegoniatae595991?id=896 HTTP/1.1" 404 10980 "-" "Mozilla/5.0 (compatible; SemrushBot/7~bl; +http://www.semrush.com/bot.html)"
45.8.19.41 - - [02/Aug/2026:00:02:14 +0300] "GET /.tmb/ HTTP/1.1" 301 162 "-" "Mozilla/5.0 (Windows NT 10.0; Win64; x64) AppleWebKit/537.36 (KHTML, like Gecko) Chrome/120.0.0.0 Safari/537.36"
85.208.96.209 - - [02/Aug/2026:00:02:16 +0300] "GET /products/episcotister543727?id=828 HTTP/1.1" 404 10979 "-" "Mozilla/5.0 (compatible; SemrushBot/7~bl; +http://www.semrush.com/bot.html)"
57.141.0.67 - - [02/Aug/2026:00:02:24 +0300] "GET /best-on-the-internet-wagering-5-deposit-casino-dark-thirst-web-sites-in-america-2025/ HTTP/2.0" 200 4759 "-" "Mozilla/5.0 (Macintosh; Intel Mac OS X 10_15_7) AppleWebKit/537.36 (KHTML, like Gecko) Chrome/145.0.0.0 Safari/537.36 (compatible; meta-externalagent/1.1 (+https://developers.facebook.com/docs/sharing/webmasters/crawler))"
57.141.0.34 - - [02/Aug/2026:00:02:40 +0300] "GET /how-nba-write-lottery-work-for-every-teams-odds-of-minimum-1-deposit-casino-profitable-the-fresh-zero-step-150-chance-bonanza-step-1-see-inside-2025-participants-delivering-chosen/ HTTP/2.0" 200 4759 "-" "Mozilla/5.0 (Windows NT 10.0; Win64; x64) AppleWebKit/537.36 (KHTML, like Gecko) Chrome/145.0.0.0 Safari/537.36 (compatible; meta-externalagent/1.1 (+https://developers.facebook.com/docs/sharing/webmasters/crawler))"
57.141.0.46 - - [02/Aug/2026:00:02:41 +0300] "GET /gamble-sphinx-crazy-position-by-igt-play-starlight-kiss-online/ HTTP/2.0" 200 4759 "-" "Mozilla/5.0 (Windows NT 10.0; Win64; x64) AppleWebKit/537.36 (KHTML, like Gecko) Chrome/145.0.0.0 Safari/537.36 (compatible; meta-externalagent/1.1 (+https://developers.facebook.com/docs/sharing/webmasters/crawler))"
185.191.171.5 - - [02/Aug/2026:00:02:45 +0300] "GET /products/cincholoipon1125512?id=263 HTTP/1.1" 404 10980 "-" "Mozilla/5.0 (compatible; SemrushBot/7~bl; +http://www.semrush.com/bot.html)"
85.208.96.203 - - [02/Aug/2026:00:02:47 +0300] "GET /products/circumflexion856560?id=437 HTTP/1.1" 404 10980 "-" "Mozilla/5.0 (compatible; SemrushBot/7~bl; +http://www.semrush.com/bot.html)"
114.119.153.237 - - [02/Aug/2026:00:02:47 +0300] "GET /primaplay-roulettino-per-i-casino-online-nessun-deposito-confusione-gratifica-roulette-live-per-giocatori-italiani/ HTTP/1.1" 200 4772 "https://www.egekobi.com/primaplay-roulettino-per-i-casino-online-nessun-deposito-confusione-gratifica-roulette-live-per-giocatori-italiani/" "Mozilla/5.0 (Linux; Android 7.0;) AppleWebKit/537.36 (HTML, like Gecko) Mobile Safari/537.36 (compatible; PetalBot;+https://webmaster.petalsearch.com/site/petalbot)"
185.191.171.8 - - [02/Aug/2026:00:02:48 +0300] "GET /products/flowable1288255?id=238 HTTP/1.1" 404 10977 "-" "Mozilla/5.0 (compatible; SemrushBot/7~bl; +http://www.semrush.com/bot.html)"
57.141.0.45 - - [02/Aug/2026:00:02:53 +0300] "GET /successo-al-casino-che-procedere-per-il-finanza/ HTTP/2.0" 200 4759 "-" "Mozilla/5.0 (Macintosh; Intel Mac OS X 10_15_7) AppleWebKit/537.36 (KHTML, like Gecko) Chrome/145.0.0.0 Safari/537.36 (compatible; meta-externalagent/1.1 (+https://developers.facebook.com/docs/sharing/webmasters/crawler))"
85.208.96.209 - - [02/Aug/2026:00:02:58 +0300] "GET /blog/page/5879/ HTTP/1.1" 200 4772 "-" "Mozilla/5.0 (compatible; SemrushBot/7~bl; +http://www.semrush.com/bot.html)"
94.23.188.192 - - [02/Aug/2026:00:02:58 +0300] "GET /1xbet-geliostaty-%D2%9Baz%D1%96r-zh%D2%B1mys-%D1%96steyd%D1%96-k%D1%96ru-%D2%AFsh%D1%96n-zharamdy/feed/ HTTP/2.0" 304 0 "-" "Mozilla/5.0 (compatible; AhrefsBot/7.0; +http://ahrefs.com/robot/)"
185.191.171.11 - - [02/Aug/2026:00:03:00 +0300] "GET /products/balsamically111971?id=77 HTTP/1.1" 404 10979 "-" "Mozilla/5.0 (compatible; SemrushBot/7~bl; +http://www.semrush.com/bot.html)"
85.208.96.196 - - [02/Aug/2026:00:03:03 +0300] "GET /products/cashkeeper1128449?id=607 HTTP/1.1" 404 10978 "-" "Mozilla/5.0 (compatible; SemrushBot/7~bl; +http://www.semrush.com/bot.html)"
85.208.96.206 - - [02/Aug/2026:00:03:10 +0300] "GET /products/laryngeally413716?id=540 HTTP/1.1" 404 10980 "-" "Mozilla/5.0 (compatible; SemrushBot/7~bl; +http://www.semrush.com/bot.html)"
85.208.96.203 - - [02/Aug/2026:00:03:10 +0300] "GET /partnerskaya-ay-si-kyu-dlya-stavok-vozmite-aviasport-kazino-a-takzhe-pokera/ HTTP/1.1" 200 4772 "-" "Mozilla/5.0 (compatible; SemrushBot/7~bl; +http://www.semrush.com/bot.html)"
185.191.171.7 - - [02/Aug/2026:00:03:16 +0300] "GET /products/discutable19066?id=869 HTTP/1.1" 404 10977 "-" "Mozilla/5.0 (compatible; SemrushBot/7~bl; +http://www.semrush.com/bot.html)"
57.141.0.30 - - [02/Aug/2026:00:03:18 +0300] "GET /pinko-casino-ofitsialnyy-zhurnal-pinko-onlayn-igornyy-dom/ HTTP/2.0" 200 4759 "-" "Mozilla/5.0 (X11; Linux x86_64) AppleWebKit/537.36 (KHTML, like Gecko) Chrome/145.0.0.0 Safari/537.36 (compatible; meta-externalagent/1.1 (+https://developers.facebook.com/docs/sharing/webmasters/crawler))"
85.208.96.211 - - [02/Aug/2026:00:03:18 +0300] "GET /products/margarodite1021175?id=818 HTTP/1.1" 404 10978 "-" "Mozilla/5.0 (compatible; SemrushBot/7~bl; +http://www.semrush.com/bot.html)"
185.191.171.6 - - [02/Aug/2026:00:03:22 +0300] "GET /category/faaliyetlerimiz/page/927/ HTTP/1.1" 200 4772 "-" "Mozilla/5.0 (compatible; SemrushBot/7~bl; +http://www.semrush.com/bot.html)"
185.191.171.18 - - [02/Aug/2026:00:03:24 +0300] "GET /products/centrality1388939?id=595 HTTP/1.1" 404 10977 "-" "Mozilla/5.0 (compatible; SemrushBot/7~bl; +http://www.semrush.com/bot.html)"
57.141.0.70 - - [02/Aug/2026:00:03:27 +0300] "GET /below-are-a-few-honest-fred-heart-of-venice-video-slot-gambling-establishment-incentive-codes-incentives-march-2026/ HTTP/2.0" 200 4759 "-" "Mozilla/5.0 (X11; Linux x86_64) AppleWebKit/537.36 (KHTML, like Gecko) Chrome/145.0.0.0 Safari/537.36 (compatible; meta-externalagent/1.1 (+https://developers.facebook.com/docs/sharing/webmasters/crawler))"
57.141.0.70 - - [02/Aug/2026:00:03:28 +0300] "GET /diese-besten-100-kostenlose-spins-keine-einzahlung-lucky-angler-spielsaal-freispiele-abzuglich-einzahlung-im-hornung-2026/ HTTP/2.0" 200 4759 "-" "Mozilla/5.0 (Macintosh; Intel Mac OS X 10_15_7) AppleWebKit/537.36 (KHTML, like Gecko) Chrome/145.0.0.0 Safari/537.36 (compatible; meta-externalagent/1.1 (+https://developers.facebook.com/docs/sharing/webmasters/crawler))"
85.208.96.204 - - [02/Aug/2026:00:03:28 +0300] "GET /products/embryophagous258815?id=948 HTTP/1.1" 404 10981 "-" "Mozilla/5.0 (compatible; SemrushBot/7~bl; +http://www.semrush.com/bot.html)"
185.191.171.15 - - [02/Aug/2026:00:03:29 +0300] "GET /aurum-star-casino-test-1-500-slots-pramie-solange-bis-1000-100-mbtc-100-freispiele/ HTTP/1.1" 200 4772 "-" "Mozilla/5.0 (compatible; SemrushBot/7~bl; +http://www.semrush.com/bot.html)"
57.141.0.67 - - [02/Aug/2026:00:03:37 +0300] "GET /ghostbusters-pokie-wager-totally-free-understand-review/ HTTP/2.0" 200 4759 "-" "Mozilla/5.0 (Macintosh; Intel Mac OS X 10_15_7) AppleWebKit/537.36 (KHTML, like Gecko) Chrome/145.0.0.0 Safari/537.36 (compatible; meta-externalagent/1.1 (+https://developers.facebook.com/docs/sharing/webmasters/crawler))"
4.223.65.51 - - [02/Aug/2026:00:03:38 +0300] "GET /.__info.php HTTP/1.1" 404 3571 "-" "Mozilla/5.0 (Windows NT 10.0; Win64; x64) AppleWebKit/537.36 (KHTML, like Gecko) Chrome/120.0.0.0 Safari/537.36"
4.223.65.51 - - [02/Aug/2026:00:03:38 +0300] "GET /.alf.php HTTP/1.1" 404 3568 "-" "Mozilla/5.0 (Windows NT 10.0; Win64; x64) AppleWebKit/537.36 (KHTML, like Gecko) Chrome/120.0.0.0 Safari/537.36"
4.223.65.51 - - [02/Aug/2026:00:03:38 +0300] "GET /.env.php HTTP/1.1" 404 3568 "-" "Mozilla/5.0 (Windows NT 10.0; Win64; x64) AppleWebKit/537.36 (KHTML, like Gecko) Chrome/120.0.0.0 Safari/537.36"
4.223.65.51 - - [02/Aug/2026:00:03:38 +0300] "GET /.env.sample.php HTTP/1.1" 404 3571 "-" "Mozilla/5.0 (Windows NT 10.0; Win64; x64) AppleWebKit/537.36 (KHTML, like Gecko) Chrome/120.0.0.0 Safari/537.36"
4.223.65.51 - - [02/Aug/2026:00:03:38 +0300] "GET /.fk.php HTTP/1.1" 404 3567 "-" "Mozilla/5.0 (Windows NT 10.0; Win64; x64) AppleWebKit/537.36 (KHTML, like Gecko) Chrome/120.0.0.0 Safari/537.36"
4.223.65.51 - - [02/Aug/2026:00:03:38 +0300] "GET /.htaccess.php HTTP/1.1" 404 3571 "-" "Mozilla/5.0 (Windows NT 10.0; Win64; x64) AppleWebKit/537.36 (KHTML, like Gecko) Chrome/120.0.0.0 Safari/537.36"
4.223.65.51 - - [02/Aug/2026:00:03:38 +0300] "GET /.qiodetme.php HTTP/1.1" 404 3572 "-" "Mozilla/5.0 (Windows NT 10.0; Win64; x64) AppleWebKit/537.36 (KHTML, like Gecko) Chrome/120.0.0.0 Safari/537.36"
4.223.65.51 - - [02/Aug/2026:00:03:38 +0300] "GET /.tmbadmin.php HTTP/1.1" 404 3571 "-" "Mozilla/5.0 (Windows NT 10.0; Win64; x64) AppleWebKit/537.36 (KHTML, like Gecko) Chrome/120.0.0.0 Safari/537.36"
4.223.65.51 - - [02/Aug/2026:00:03:38 +0300] "GET /.tmbalfa.php HTTP/1.1" 404 3571 "-" "Mozilla/5.0 (Windows NT 10.0; Win64; x64) AppleWebKit/537.36 (KHTML, like Gecko) Chrome/120.0.0.0 Safari/537.36"
4.223.65.51 - - [02/Aug/2026:00:03:38 +0300] "GET /.tmbbypass.php HTTP/1.1" 404 3573 "-" "Mozilla/5.0 (Windows NT 10.0; Win64; x64) AppleWebKit/537.36 (KHTML, like Gecko) Chrome/120.0.0.0 Safari/537.36"
4.223.65.51 - - [02/Aug/2026:00:03:38 +0300] "GET /.tmbk.php HTTP/1.1" 404 3569 "-" "Mozilla/5.0 (Windows NT 10.0; Win64; x64) AppleWebKit/537.36 (KHTML, like Gecko) Chrome/120.0.0.0 Safari/537.36"
4.223.65.51 - - [02/Aug/2026:00:03:38 +0300] "GET /.tmbwp.php HTTP/1.1" 404 3570 "-" "Mozilla/5.0 (Windows NT 10.0; Win64; x64) AppleWebKit/537.36 (KHTML, like Gecko) Chrome/120.0.0.0 Safari/537.36"
4.223.65.51 - - [02/Aug/2026:00:03:38 +0300] "GET /.well-known/acme-challenge/zkotynva.php HTTP/1.1" 404 3592 "-" "Mozilla/5.0 (Windows NT 10.0; Win64; x64) AppleWebKit/537.36 (KHTML, like Gecko) Chrome/120.0.0.0 Safari/537.36"
4.223.65.51 - - [02/Aug/2026:00:03:38 +0300] "GET /.well-known/pki-validation/xmrlpc.php HTTP/1.1" 404 3590 "-" "Mozilla/5.0 (Windows NT 10.0; Win64; x64) AppleWebKit/537.36 (KHTML, like Gecko) Chrome/120.0.0.0 Safari/537.36"
4.223.65.51 - - [02/Aug/2026:00:03:38 +0300] "GET /.well-knownadmin.php HTTP/1.1" 404 3576 "-" "Mozilla/5.0 (Windows NT 10.0; Win64; x64) AppleWebKit/537.36 (KHTML, like Gecko) Chrome/120.0.0.0 Safari/537.36"
4.223.65.51 - - [02/Aug/2026:00:03:38 +0300] "GET /.well-knownalfa.php HTTP/1.1" 404 3576 "-" "Mozilla/5.0 (Windows NT 10.0; Win64; x64) AppleWebKit/537.36 (KHTML, like Gecko) Chrome/120.0.0.0 Safari/537.36"
4.223.65.51 - - [02/Aug/2026:00:03:38 +0300] "GET /.well-knownbypass.php HTTP/1.1" 404 3578 "-" "Mozilla/5.0 (Windows NT 10.0; Win64; x64) AppleWebKit/537.36 (KHTML, like Gecko) Chrome/120.0.0.0 Safari/537.36"
4.223.65.51 - - [02/Aug/2026:00:03:38 +0300] "GET /.well-knownk.php HTTP/1.1" 404 3573 "-" "Mozilla/5.0 (Windows NT 10.0; Win64; x64) AppleWebKit/537.36 (KHTML, like Gecko) Chrome/120.0.0.0 Safari/537.36"
4.223.65.51 - - [02/Aug/2026:00:03:38 +0300] "GET /.well-knownwp.php HTTP/1.1" 404 3574 "-" "Mozilla/5.0 (Windows NT 10.0; Win64; x64) AppleWebKit/537.36 (KHTML, like Gecko) Chrome/120.0.0.0 Safari/537.36"
4.223.65.51 - - [02/Aug/2026:00:03:38 +0300] "GET /0.php HTTP/1.1" 404 3565 "-" "Mozilla/5.0 (Windows NT 10.0; Win64; x64) AppleWebKit/537.36 (KHTML, like Gecko) Chrome/120.0.0.0 Safari/537.36"
4.223.65.51 - - [02/Aug/2026:00:03:39 +0300] "GET /00.php HTTP/1.1" 404 3566 "-" "Mozilla/5.0 (Windows NT 10.0; Win64; x64) AppleWebKit/537.36 (KHTML, like Gecko) Chrome/120.0.0.0 Safari/537.36"
4.223.65.51 - - [02/Aug/2026:00:03:39 +0300] "GET /01.php HTTP/1.1" 404 3566 "-" "Mozilla/5.0 (Windows NT 10.0; Win64; x64) AppleWebKit/537.36 (KHTML, like Gecko) Chrome/120.0.0.0 Safari/537.36"
4.223.65.51 - - [02/Aug/2026:00:03:39 +0300] "GET /02.php HTTP/1.1" 404 3566 "-" "Mozilla/5.0 (Windows NT 10.0; Win64; x64) AppleWebKit/537.36 (KHTML, like Gecko) Chrome/120.0.0.0 Safari/537.36"
4.223.65.51 - - [02/Aug/2026:00:03:39 +0300] "GET /07.php HTTP/1.1" 404 3566 "-" "Mozilla/5.0 (Windows NT 10.0; Win64; x64) AppleWebKit/537.36 (KHTML, like Gecko) Chrome/120.0.0.0 Safari/537.36"
4.223.65.51 - - [02/Aug/2026:00:03:39 +0300] "GET /098.php HTTP/1.1" 404 3567 "-" "Mozilla/5.0 (Windows NT 10.0; Win64; x64) AppleWebKit/537.36 (KHTML, like Gecko) Chrome/120.0.0.0 Safari/537.36"
4.223.65.51 - - [02/Aug/2026:00:03:39 +0300] "GET /0byte.php HTTP/1.1" 404 3569 "-" "Mozilla/5.0 (Windows NT 10.0; Win64; x64) AppleWebKit/537.36 (KHTML, like Gecko) Chrome/120.0.0.0 Safari/537.36"
4.223.65.51 - - [02/Aug/2026:00:03:39 +0300] "GET /0o.php HTTP/1.1" 404 3566 "-" "Mozilla/5.0 (Windows NT 10.0; Win64; x64) AppleWebKit/537.36 (KHTML, like Gecko) Chrome/120.0.0.0 Safari/537.36"
4.223.65.51 - - [02/Aug/2026:00:03:39 +0300] "GET /0x.php HTTP/1.1" 404 3566 "-" "Mozilla/5.0 (Windows NT 10.0; Win64; x64) AppleWebKit/537.36 (KHTML, like Gecko) Chrome/120.0.0.0 Safari/537.36"
4.223.65.51 - - [02/Aug/2026:00:03:39 +0300] "GET /0x0.php HTTP/1.1" 404 3567 "-" "Mozilla/5.0 (Windows NT 10.0; Win64; x64) AppleWebKit/537.36 (KHTML, like Gecko) Chrome/120.0.0.0 Safari/537.36"
4.223.65.51 - - [02/Aug/2026:00:03:39 +0300] "GET /0x1.php HTTP/1.1" 404 3568 "-" "Mozilla/5.0 (Windows NT 10.0; Win64; x64) AppleWebKit/537.36 (KHTML, like Gecko) Chrome/120.0.0.0 Safari/537.36"
4.223.65.51 - - [02/Aug/2026:00:03:39 +0300] "GET /1.php HTTP/1.1" 404 3565 "-" "Mozilla/5.0 (Windows NT 10.0; Win64; x64) AppleWebKit/537.36 (KHTML, like Gecko) Chrome/120.0.0.0 Safari/537.36"
4.223.65.51 - - [02/Aug/2026:00:03:39 +0300] "GET /10.php HTTP/1.1" 404 3566 "-" "Mozilla/5.0 (Windows NT 10.0; Win64; x64) AppleWebKit/537.36 (KHTML, like Gecko) Chrome/120.0.0.0 Safari/537.36"
4.223.65.51 - - [02/Aug/2026:00:03:39 +0300] "GET /100.php HTTP/1.1" 404 3567 "-" "Mozilla/5.0 (Windows NT 10.0; Win64; x64) AppleWebKit/537.36 (KHTML, like Gecko) Chrome/120.0.0.0 Safari/537.36"
4.223.65.51 - - [02/Aug/2026:00:03:39 +0300] "GET /11.php HTTP/1.1" 404 3566 "-" "Mozilla/5.0 (Windows NT 10.0; Win64; x64) AppleWebKit/537.36 (KHTML, like Gecko) Chrome/120.0.0.0 Safari/537.36"
4.223.65.51 - - [02/Aug/2026:00:03:39 +0300] "GET /11index.php HTTP/1.1" 404 3569 "-" "Mozilla/5.0 (Windows NT 10.0; Win64; x64) AppleWebKit/537.36 (KHTML, like Gecko) Chrome/120.0.0.0 Safari/537.36"
4.223.65.51 - - [02/Aug/2026:00:03:39 +0300] "GET /12.php HTTP/1.1" 404 3566 "-" "Mozilla/5.0 (Windows NT 10.0; Win64; x64) AppleWebKit/537.36 (KHTML, like Gecko) Chrome/120.0.0.0 Safari/537.36"
4.223.65.51 - - [02/Aug/2026:00:03:40 +0300] "GET /120f9.php HTTP/1.1" 404 3570 "-" "Mozilla/5.0 (Windows NT 10.0; Win64; x64) AppleWebKit/537.36 (KHTML, like Gecko) Chrome/120.0.0.0 Safari/537.36"
4.223.65.51 - - [02/Aug/2026:00:03:40 +0300] "GET /123.php HTTP/1.1" 404 3568 "-" "Mozilla/5.0 (Windows NT 10.0; Win64; x64) AppleWebKit/537.36 (KHTML, like Gecko) Chrome/120.0.0.0 Safari/537.36"
4.223.65.51 - - [02/Aug/2026:00:03:40 +0300] "GET /1234.php HTTP/1.1" 404 3569 "-" "Mozilla/5.0 (Windows NT 10.0; Win64; x64) AppleWebKit/537.36 (KHTML, like Gecko) Chrome/120.0.0.0 Safari/537.36"
4.223.65.51 - - [02/Aug/2026:00:03:40 +0300] "GET /12r4jd.php HTTP/1.1" 404 3570 "-" "Mozilla/5.0 (Windows NT 10.0; Win64; x64) AppleWebKit/537.36 (KHTML, like Gecko) Chrome/120.0.0.0 Safari/537.36"
4.223.65.51 - - [02/Aug/2026:00:03:40 +0300] "GET /13.php HTTP/1.1" 404 3567 "-" "Mozilla/5.0 (Windows NT 10.0; Win64; x64) AppleWebKit/537.36 (KHTML, like Gecko) Chrome/120.0.0.0 Safari/537.36"
4.223.65.51 - - [02/Aug/2026:00:03:40 +0300] "GET /1337.php HTTP/1.1" 404 3569 "-" "Mozilla/5.0 (Windows NT 10.0; Win64; x64) AppleWebKit/537.36 (KHTML, like Gecko) Chrome/120.0.0.0 Safari/537.36"
4.223.65.51 - - [02/Aug/2026:00:03:40 +0300] "GET /13k.php HTTP/1.1" 404 3567 "-" "Mozilla/5.0 (Windows NT 10.0; Win64; x64) AppleWebKit/537.36 (KHTML, like Gecko) Chrome/120.0.0.0 Safari/537.36"
4.223.65.51 - - [02/Aug/2026:00:03:40 +0300] "GET /15.php HTTP/1.1" 404 3566 "-" "Mozilla/5.0 (Windows NT 10.0; Win64; x64) AppleWebKit/537.36 (KHTML, like Gecko) Chrome/120.0.0.0 Safari/537.36"
4.223.65.51 - - [02/Aug/2026:00:03:40 +0300] "GET /1945.php HTTP/1.1" 404 3569 "-" "Mozilla/5.0 (Windows NT 10.0; Win64; x64) AppleWebKit/537.36 (KHTML, like Gecko) Chrome/120.0.0.0 Safari/537.36"
85.208.96.197 - - [02/Aug/2026:00:03:46 +0300] "GET /products/duel972190?id=451 HTTP/1.1" 404 10974 "-" "Mozilla/5.0 (compatible; SemrushBot/7~bl; +http://www.semrush.com/bot.html)"
43.161.251.162 - - [02/Aug/2026:00:03:47 +0300] "GET /wp-content/uploads/2023/07/c27-2048x1367.webp HTTP/1.1" 200 304778 "-" "Mozilla/5.0 (iPhone; CPU iPhone OS 13_2_3 like Mac OS X) AppleWebKit/605.1.15 (KHTML, like Gecko) Version/13.0.3 Mobile/15E148 Safari/604.1"
85.208.96.199 - - [02/Aug/2026:00:03:50 +0300] "GET /products/intracephalic1009868?id=360 HTTP/1.1" 404 10981 "-" "Mozilla/5.0 (compatible; SemrushBot/7~bl; +http://www.semrush.com/bot.html)"
57.141.0.15 - - [02/Aug/2026:00:03:51 +0300] "GET /wp-sitemap-posts-post-38.xml HTTP/2.0" 200 4759 "-" "Mozilla/5.0 (X11; Linux x86_64) AppleWebKit/537.36 (KHTML, like Gecko) Chrome/145.0.0.0 Safari/537.36 (compatible; meta-externalagent/1.1 (+https://developers.facebook.com/docs/sharing/webmasters/crawler))"
185.191.171.3 - - [02/Aug/2026:00:03:51 +0300] "GET /0u8yk/ring-doorbell-transformer.html HTTP/1.1" 404 10982 "-" "Mozilla/5.0 (compatible; SemrushBot/7~bl; +http://www.semrush.com/bot.html)"
47.86.33.52 - - [02/Aug/2026:00:04:00 +0300] "GET /wp-login.php HTTP/2.0" 200 2643 "-" "Mozilla/5.0 (Windows NT 10.0; Win64; x64) AppleWebKit/537.36 (KHTML, like Gecko) Chrome/150.0.0.0 Safari/537.36"
47.86.33.52 - - [02/Aug/2026:00:04:01 +0300] "POST /wp-login.php HTTP/2.0" 200 2728 "https://softech.com.tr/wp-login.php" "Mozilla/5.0 (Windows NT 10.0; Win64; x64) AppleWebKit/537.36 (KHTML, like Gecko) Chrome/150.0.0.0 Safari/537.36"
16.58.56.214 - - [02/Aug/2026:00:04:06 +0300] "" 400 0 "-" "-"
185.191.171.15 - - [02/Aug/2026:00:04:08 +0300] "GET /%E5%8F%AF%E8%83%BD%E6%80%A7%E3%81%8B%E3%82%89%E7%94%9F%E3%81%BE%E3%82%8C%E3%81%9F%E5%A4%A9%E6%89%8D-%E3%82%AA%E3%83%B3%E3%83%A9%E3%82%A4%E3%83%B3%E3%82%AB%E3%82%B8%E3%83%8E%E3%81%A8%E3%82%AA%E3%83%B3/ HTTP/1.1" 200 4772 "-" "Mozilla/5.0 (compatible; SemrushBot/7~bl; +http://www.semrush.com/bot.html)"
114.119.151.103 - - [02/Aug/2026:00:04:11 +0300] "GET /prepared-to-twist-sparta-slot-the-best-online-slots-inside-the-canada/ HTTP/1.1" 200 4772 "https://www.egekobi.com/prepared-to-twist-sparta-slot-the-best-online-slots-inside-the-canada/" "Mozilla/5.0 (Linux; Android 7.0;) AppleWebKit/537.36 (HTML, like Gecko) Mobile Safari/537.36 (compatible; PetalBot;+https://webmaster.petalsearch.com/site/petalbot)"
185.191.171.6 - - [02/Aug/2026:00:04:25 +0300] "GET /blog/page/6946/ HTTP/1.1" 200 4772 "-" "Mozilla/5.0 (compatible; SemrushBot/7~bl; +http://www.semrush.com/bot.html)"
51.75.236.135 - - [02/Aug/2026:00:04:26 +0300] "GET /creature-slot-machines-immortal-romance-pokies-play-enjoy-creature-slot-video-game-free-and-no-down-load/feed/ HTTP/2.0" 304 0 "-" "Mozilla/5.0 (compatible; AhrefsBot/7.0; +http://ahrefs.com/robot/)"
85.208.96.210 - - [02/Aug/2026:00:04:31 +0300] "GET /products/chirotonsory1409184?id=749 HTTP/1.1" 404 10980 "-" "Mozilla/5.0 (compatible; SemrushBot/7~bl; +http://www.semrush.com/bot.html)"
185.191.171.5 - - [02/Aug/2026:00:04:33 +0300] "GET /casino-inte-med-konto-2026-treasure-island-plats-jamfor-casinon-inte-med-registrering/ HTTP/1.1" 200 4772 "-" "Mozilla/5.0 (compatible; SemrushBot/7~bl; +http://www.semrush.com/bot.html)"
185.191.171.7 - - [02/Aug/2026:00:04:37 +0300] "GET /30-giros-de-balde-carente-deposito-abertura-marilyn-monroe-mas-grandes-bonos-2025/ HTTP/1.1" 200 4772 "-" "Mozilla/5.0 (compatible; SemrushBot/7~bl; +http://www.semrush.com/bot.html)"
85.208.96.200 - - [02/Aug/2026:00:04:39 +0300] "GET /author/root/page/3760/ HTTP/1.1" 200 4772 "-" "Mozilla/5.0 (compatible; SemrushBot/7~bl; +http://www.semrush.com/bot.html)"
16.58.56.214 - - [02/Aug/2026:00:04:41 +0300] "GET / HTTP/1.1" 400 650 "-" "visionheight.com/scan Mozilla/5.0 (Macintosh; Intel Mac OS X 10_15_7) Chrome/126.0.0.0 Safari/537.36"
185.191.171.4 - - [02/Aug/2026:00:04:42 +0300] "GET /thunderstruck-stormchaser-slot-taking-canadian-anyone-%EF%BF%BD-comment-lightning-link-paypal-one-hundred-free-demo-take-pleasure-in-keller-williams/ HTTP/1.1" 200 4772 "-" "Mozilla/5.0 (compatible; SemrushBot/7~bl; +http://www.semrush.com/bot.html)"
185.191.171.7 - - [02/Aug/2026:00:04:51 +0300] "GET /online-casino-lastschrift-via-lastschrift-begleichen-2021/ HTTP/1.1" 200 4772 "-" "Mozilla/5.0 (compatible; SemrushBot/7~bl; +http://www.semrush.com/bot.html)"
57.141.0.54 - - [02/Aug/2026:00:04:57 +0300] "GET /playtech-melhores-cassinos-que-jogos-sobre-2026/ HTTP/2.0" 200 4759 "-" "Mozilla/5.0 (X11; Linux x86_64) AppleWebKit/537.36 (KHTML, like Gecko) Chrome/145.0.0.0 Safari/537.36 (compatible; meta-externalagent/1.1 (+https://developers.facebook.com/docs/sharing/webmasters/crawler))"
57.141.0.10 - - [02/Aug/2026:00:05:03 +0300] "GET /free-spins-online-danske-kasino-idraet-fr-brise-rigtige-gysser/ HTTP/2.0" 200 4759 "-" "Mozilla/5.0 (Macintosh; Intel Mac OS X 10_15_7) AppleWebKit/537.36 (KHTML, like Gecko) Chrome/145.0.0.0 Safari/537.36 (compatible; meta-externalagent/1.1 (+https://developers.facebook.com/docs/sharing/webmasters/crawler))"
57.141.0.60 - - [02/Aug/2026:00:05:14 +0300] "GET /better-paysafecard-web-based-casinos-to-play-betsoft-android-slots-inside-the-february-2026/ HTTP/2.0" 200 4759 "-" "Mozilla/5.0 (Windows NT 10.0; Win64; x64) AppleWebKit/537.36 (KHTML, like Gecko) Chrome/145.0.0.0 Safari/537.36 Edg/145.0.0.0 (compatible; meta-externalagent/1.1 (+https://developers.facebook.com/docs/sharing/webmasters/crawler))"
185.191.171.4 - - [02/Aug/2026:00:05:20 +0300] "GET /products/leiotriches1026359?id=909 HTTP/1.1" 404 10980 "-" "Mozilla/5.0 (compatible; SemrushBot/7~bl; +http://www.semrush.com/bot.html)"
57.141.0.36 - - [02/Aug/2026:00:05:22 +0300] "GET /diese-besten-echtgeld-casinos-im-erreichbar-spielbank-via-echtgeld-auffuhren/ HTTP/2.0" 200 4759 "-" "Mozilla/5.0 (Windows NT 10.0; Win64; x64) AppleWebKit/537.36 (KHTML, like Gecko) Chrome/145.0.0.0 Safari/537.36 (compatible; meta-externalagent/1.1 (+https://developers.facebook.com/docs/sharing/webmasters/crawler))"
185.191.171.4 - - [02/Aug/2026:00:05:24 +0300] "GET /kasino-apps-inoffizieller-mitarbeiter-untersuchung-2026-online-casino-mit-sofortiger-auszahlung-unser-besten-8-fur-jedes-android-ios/ HTTP/1.1" 200 4772 "-" "Mozilla/5.0 (compatible; SemrushBot/7~bl; +http://www.semrush.com/bot.html)"
57.141.0.52 - - [02/Aug/2026:00:05:32 +0300] "GET /whats-the-difference-between-nuclear-spin-and-you-will-isospin/ HTTP/2.0" 200 4759 "-" "Mozilla/5.0 (Windows NT 10.0; Win64; x64) AppleWebKit/537.36 (KHTML, like Gecko) Chrome/145.0.0.0 Safari/537.36 Edg/145.0.0.0 (compatible; meta-externalagent/1.1 (+https://developers.facebook.com/docs/sharing/webmasters/crawler))"
114.119.155.185 - - [02/Aug/2026:00:05:34 +0300] "GET /prepare-se-para-a-correria-estrategias-e-segredos/ HTTP/1.1" 200 4772 "https://www.egekobi.com/prepare-se-para-a-correria-estrategias-e-segredos/" "Mozilla/5.0 (Linux; Android 7.0;) AppleWebKit/537.36 (HTML, like Gecko) Mobile Safari/537.36 (compatible; PetalBot;+https://webmaster.petalsearch.com/site/petalbot)"
185.191.171.19 - - [02/Aug/2026:00:05:40 +0300] "GET /products/dothideacea1302866?id=969 HTTP/1.1" 404 10979 "-" "Mozilla/5.0 (compatible; SemrushBot/7~bl; +http://www.semrush.com/bot.html)"
57.141.0.28 - - [02/Aug/2026:00:05:44 +0300] "GET /break-out-slot-play-slots-free-online-remark-enjoy-which-hockey-inspired-game-on-line/ HTTP/2.0" 200 4759 "-" "Mozilla/5.0 (X11; Linux x86_64) AppleWebKit/537.36 (KHTML, like Gecko) Chrome/145.0.0.0 Safari/537.36 (compatible; meta-externalagent/1.1 (+https://developers.facebook.com/docs/sharing/webmasters/crawler))"
65.19.141.118 - - [02/Aug/2026:00:05:45 +0300] "GET /robots.txt HTTP/1.1" 200 85 "-" "Mozilla/5.0 (Windows NT 10.0; Win64; x64) AppleWebKit/537.36 (KHTML, like Gecko) Chrome/150.0.7871.125 Safari/537.36"
65.19.141.118 - - [02/Aug/2026:00:05:46 +0300] "GET /news HTTP/1.1" 200 6802 "-" "Mozilla/5.0 (Windows NT 10.0; Win64; x64) AppleWebKit/537.36 (KHTML, like Gecko) Chrome/150.0.7871.125 Safari/537.36"
65.19.141.118 - - [02/Aug/2026:00:05:48 +0300] "GET /robots.txt HTTP/1.1" 200 85 "-" "Mozilla/5.0 (Windows NT 10.0; Win64; x64) AppleWebKit/537.36 (KHTML, like Gecko) Chrome/150.0.7871.125 Safari/537.36"
65.19.141.118 - - [02/Aug/2026:00:05:49 +0300] "GET /news HTTP/1.1" 200 6802 "-" "Mozilla/5.0 (Windows NT 10.0; Win64; x64) AppleWebKit/537.36 (KHTML, like Gecko) Chrome/150.0.7871.125 Safari/537.36"
85.208.96.205 - - [02/Aug/2026:00:05:54 +0300] "GET /products/clockroom541135?id=981 HTTP/1.1" 404 10977 "-" "Mozilla/5.0 (compatible; SemrushBot/7~bl; +http://www.semrush.com/bot.html)"
74.7.175.157 - - [02/Aug/2026:00:05:54 +0300] "GET /robots.txt HTTP/2.0" 200 2215 "-" "Mozilla/5.0 (Macintosh; Intel Mac OS X 10_15_7) AppleWebKit/537.36 (KHTML, like Gecko) Chrome/131.0.0.0 Safari/537.36; compatible; OAI-SearchBot/1.4; robots.txt; +https://openai.com/searchbot"
185.191.171.15 - - [02/Aug/2026:00:05:56 +0300] "GET /products/cambrian832624?id=584 HTTP/1.1" 404 10976 "-" "Mozilla/5.0 (compatible; SemrushBot/7~bl; +http://www.semrush.com/bot.html)"
158.158.105.63 - - [02/Aug/2026:00:06:06 +0300] "GET /wp-content/plugins/hellopress/wp_filemanager.php HTTP/1.1" 301 162 "-" "-"
158.158.105.63 - - [02/Aug/2026:00:06:07 +0300] "GET /wp-content/plugins/hellopress/wp_filemanager.php HTTP/1.1" 502 150 "-" "-"
158.158.105.63 - - [02/Aug/2026:00:06:07 +0300] "GET /this_is_a_new_hello_world.php HTTP/1.1" 301 162 "-" "-"
158.158.105.63 - - [02/Aug/2026:00:06:07 +0300] "GET /this_is_a_new_hello_world.php HTTP/1.1" 502 150 "-" "-"
158.158.105.63 - - [02/Aug/2026:00:06:07 +0300] "GET /err.php HTTP/1.1" 301 162 "-" "-"
158.158.105.63 - - [02/Aug/2026:00:06:07 +0300] "GET /err.php HTTP/1.1" 502 150 "-" "-"
158.158.105.63 - - [02/Aug/2026:00:06:07 +0300] "GET /img.php HTTP/1.1" 301 162 "-" "-"
158.158.105.63 - - [02/Aug/2026:00:06:07 +0300] "GET /img.php HTTP/1.1" 502 150 "-" "-"
158.158.105.63 - - [02/Aug/2026:00:06:07 +0300] "GET //aa.php HTTP/1.1" 301 162 "-" "-"
158.158.105.63 - - [02/Aug/2026:00:06:07 +0300] "GET //aa.php HTTP/1.1" 502 150 "-" "-"
158.158.105.63 - - [02/Aug/2026:00:06:07 +0300] "GET //av.php HTTP/1.1" 301 162 "-" "-"
158.158.105.63 - - [02/Aug/2026:00:06:07 +0300] "GET //av.php HTTP/1.1" 502 150 "-" "-"
158.158.105.63 - - [02/Aug/2026:00:06:07 +0300] "GET /xa.php HTTP/1.1" 301 162 "-" "-"
158.158.105.63 - - [02/Aug/2026:00:06:08 +0300] "GET /xa.php HTTP/1.1" 502 150 "-" "-"
158.158.105.63 - - [02/Aug/2026:00:06:08 +0300] "GET /media.php HTTP/1.1" 301 162 "-" "-"
158.158.105.63 - - [02/Aug/2026:00:06:08 +0300] "GET /media.php HTTP/1.1" 502 150 "-" "-"
158.158.105.63 - - [02/Aug/2026:00:06:08 +0300] "GET /images.php HTTP/1.1" 301 162 "-" "-"
158.158.105.63 - - [02/Aug/2026:00:06:08 +0300] "GET /images.php HTTP/1.1" 502 150 "-" "-"
158.158.105.63 - - [02/Aug/2026:00:06:08 +0300] "GET /xp.php HTTP/1.1" 301 162 "-" "-"
158.158.105.63 - - [02/Aug/2026:00:06:08 +0300] "GET /xp.php HTTP/1.1" 502 150 "-" "-"
158.158.105.63 - - [02/Aug/2026:00:06:08 +0300] "GET /admin.php HTTP/1.1" 301 162 "-" "-"
158.158.105.63 - - [02/Aug/2026:00:06:08 +0300] "GET /admin.php HTTP/1.1" 502 150 "-" "-"
158.158.105.63 - - [02/Aug/2026:00:06:08 +0300] "GET /222.php HTTP/1.1" 301 162 "-" "-"
158.158.105.63 - - [02/Aug/2026:00:06:08 +0300] "GET /222.php HTTP/1.1" 502 150 "-" "-"
158.158.105.63 - - [02/Aug/2026:00:06:08 +0300] "GET /mac.php HTTP/1.1" 301 162 "-" "-"
158.158.105.63 - - [02/Aug/2026:00:06:08 +0300] "GET /mac.php HTTP/1.1" 502 150 "-" "-"
158.158.105.63 - - [02/Aug/2026:00:06:08 +0300] "GET /ops.php HTTP/1.1" 301 162 "-" "-"
158.158.105.63 - - [02/Aug/2026:00:06:08 +0300] "GET /ops.php HTTP/1.1" 502 150 "-" "-"
158.158.105.63 - - [02/Aug/2026:00:06:08 +0300] "GET /8.php HTTP/1.1" 301 162 "-" "-"
158.158.105.63 - - [02/Aug/2026:00:06:08 +0300] "GET /8.php HTTP/1.1" 502 150 "-" "-"
158.158.105.63 - - [02/Aug/2026:00:06:08 +0300] "GET /biufile.php HTTP/1.1" 301 162 "-" "-"
158.158.105.63 - - [02/Aug/2026:00:06:08 +0300] "GET /biufile.php HTTP/1.1" 502 150 "-" "-"
158.158.105.63 - - [02/Aug/2026:00:06:08 +0300] "GET /coffexium.php HTTP/1.1" 301 162 "-" "-"
158.158.105.63 - - [02/Aug/2026:00:06:08 +0300] "GET /coffexium.php HTTP/1.1" 502 150 "-" "-"
158.158.105.63 - - [02/Aug/2026:00:06:09 +0300] "GET /dex.php HTTP/1.1" 301 162 "-" "-"
158.158.105.63 - - [02/Aug/2026:00:06:09 +0300] "GET /dex.php HTTP/1.1" 502 150 "-" "-"
158.158.105.63 - - [02/Aug/2026:00:06:09 +0300] "GET /1.php HTTP/1.1" 301 162 "-" "-"
158.158.105.63 - - [02/Aug/2026:00:06:09 +0300] "GET /1.php HTTP/1.1" 502 150 "-" "-"
158.158.105.63 - - [02/Aug/2026:00:06:09 +0300] "GET /coffee.php HTTP/1.1" 301 162 "-" "-"
158.158.105.63 - - [02/Aug/2026:00:06:09 +0300] "GET /coffee.php HTTP/1.1" 502 150 "-" "-"
158.158.105.63 - - [02/Aug/2026:00:06:09 +0300] "GET /classwithtostring.php?p= HTTP/1.1" 301 162 "-" "-"
158.158.105.63 - - [02/Aug/2026:00:06:09 +0300] "GET /classwithtostring.php?p= HTTP/1.1" 502 150 "-" "-"
158.158.105.63 - - [02/Aug/2026:00:06:09 +0300] "GET /wp-ws68.php?p= HTTP/1.1" 301 162 "-" "-"
158.158.105.63 - - [02/Aug/2026:00:06:09 +0300] "GET /wp-ws68.php?p= HTTP/1.1" 502 150 "-" "-"
158.158.105.63 - - [02/Aug/2026:00:06:09 +0300] "GET /mgrr.php HTTP/1.1" 301 162 "-" "-"
158.158.105.63 - - [02/Aug/2026:00:06:09 +0300] "GET /mgrr.php HTTP/1.1" 502 150 "-" "-"
158.158.105.63 - - [02/Aug/2026:00:06:09 +0300] "GET /55.php?p= HTTP/1.1" 301 162 "-" "-"
158.158.105.63 - - [02/Aug/2026:00:06:10 +0300] "GET /55.php?p= HTTP/1.1" 502 150 "-" "-"
158.158.105.63 - - [02/Aug/2026:00:06:10 +0300] "GET /ajax.php HTTP/1.1" 301 162 "-" "-"
158.158.105.63 - - [02/Aug/2026:00:06:10 +0300] "GET /ajax.php HTTP/1.1" 502 150 "-" "-"
158.158.105.63 - - [02/Aug/2026:00:06:10 +0300] "GET /yj09.php HTTP/1.1" 301 162 "-" "-"
158.158.105.63 - - [02/Aug/2026:00:06:10 +0300] "GET /yj09.php HTTP/1.1" 502 150 "-" "-"
158.158.105.63 - - [02/Aug/2026:00:06:10 +0300] "GET /ora.php HTTP/1.1" 301 162 "-" "-"
158.158.105.63 - - [02/Aug/2026:00:06:10 +0300] "GET /ora.php HTTP/1.1" 502 150 "-" "-"
158.158.105.63 - - [02/Aug/2026:00:06:10 +0300] "GET /scxy.php HTTP/1.1" 301 162 "-" "-"
158.158.105.63 - - [02/Aug/2026:00:06:10 +0300] "GET /scxy.php HTTP/1.1" 502 150 "-" "-"
158.158.105.63 - - [02/Aug/2026:00:06:11 +0300] "GET /ws13.php?p= HTTP/1.1" 301 162 "-" "-"
158.158.105.63 - - [02/Aug/2026:00:06:11 +0300] "GET /ws13.php?p= HTTP/1.1" 502 150 "-" "-"
158.158.105.63 - - [02/Aug/2026:00:06:11 +0300] "GET /btx25.php HTTP/1.1" 301 162 "-" "-"
158.158.105.63 - - [02/Aug/2026:00:06:11 +0300] "GET /btx25.php HTTP/1.1" 502 150 "-" "-"
158.158.105.63 - - [02/Aug/2026:00:06:11 +0300] "GET //xpohywjo.php HTTP/1.1" 301 162 "-" "-"
158.158.105.63 - - [02/Aug/2026:00:06:11 +0300] "GET //xpohywjo.php HTTP/1.1" 502 150 "-" "-"
158.158.105.63 - - [02/Aug/2026:00:06:11 +0300] "GET /ecvvhlei.php HTTP/1.1" 301 162 "-" "-"
158.158.105.63 - - [02/Aug/2026:00:06:11 +0300] "GET /ecvvhlei.php HTTP/1.1" 502 150 "-" "-"
158.158.105.63 - - [02/Aug/2026:00:06:11 +0300] "GET /SDsadqwrf.php HTTP/1.1" 301 162 "-" "-"
158.158.105.63 - - [02/Aug/2026:00:06:12 +0300] "GET /SDsadqwrf.php HTTP/1.1" 502 150 "-" "-"
158.158.105.63 - - [02/Aug/2026:00:06:12 +0300] "GET /ssjpxze.php HTTP/1.1" 301 162 "-" "-"
158.158.105.63 - - [02/Aug/2026:00:06:12 +0300] "GET /ssjpxze.php HTTP/1.1" 502 150 "-" "-"
158.158.105.63 - - [02/Aug/2026:00:06:12 +0300] "GET /ors32envu.php HTTP/1.1" 301 162 "-" "-"
158.158.105.63 - - [02/Aug/2026:00:06:12 +0300] "GET /ors32envu.php HTTP/1.1" 502 150 "-" "-"
158.158.105.63 - - [02/Aug/2026:00:06:12 +0300] "GET /3PJcpMFsD8B.php HTTP/1.1" 301 162 "-" "-"
158.158.105.63 - - [02/Aug/2026:00:06:12 +0300] "GET /3PJcpMFsD8B.php HTTP/1.1" 502 150 "-" "-"
158.158.105.63 - - [02/Aug/2026:00:06:12 +0300] "GET /BDKR28WP.php HTTP/1.1" 301 162 "-" "-"
158.158.105.63 - - [02/Aug/2026:00:06:12 +0300] "GET /BDKR28WP.php HTTP/1.1" 502 150 "-" "-"
85.208.96.209 - - [02/Aug/2026:00:06:19 +0300] "GET /instant-casino-nederland-jouw-toegang-naar-instant/ HTTP/1.1" 200 4772 "-" "Mozilla/5.0 (compatible; SemrushBot/7~bl; +http://www.semrush.com/bot.html)"
74.7.227.177 - - [02/Aug/2026:00:06:20 +0300] "GET / HTTP/2.0" 200 2215 "http://8pw.ru" "Mozilla/5.0 AppleWebKit/537.36 (KHTML, like Gecko; compatible; GPTBot/1.4; +https://openai.com/gptbot)"
66.249.66.192 - - [02/Aug/2026:00:06:30 +0300] "GET /img/galery/maden.webp HTTP/1.1" 200 23014 "-" "Googlebot-Image/1.0"
185.191.171.6 - - [02/Aug/2026:00:06:32 +0300] "GET /products/noctograph279798?id=427 HTTP/1.1" 404 10978 "-" "Mozilla/5.0 (compatible; SemrushBot/7~bl; +http://www.semrush.com/bot.html)"
85.208.96.203 - - [02/Aug/2026:00:06:34 +0300] "GET /products/lank401401?id=809 HTTP/1.1" 404 10973 "-" "Mozilla/5.0 (compatible; SemrushBot/7~bl; +http://www.semrush.com/bot.html)"
57.141.0.50 - - [02/Aug/2026:00:06:45 +0300] "GET /cincuenta-tiradas-sin-cargo-falto-tanque-sobre-de-cualquier-revision-del-juego-de-tragamonedas-cats-parte-del-mundo-enero-2026/ HTTP/2.0" 200 4759 "-" "Mozilla/5.0 (Macintosh; Intel Mac OS X 10_15_7) AppleWebKit/537.36 (KHTML, like Gecko) Chrome/145.0.0.0 Safari/537.36 (compatible; meta-externalagent/1.1 (+https://developers.facebook.com/docs/sharing/webmasters/crawler))"
185.191.171.7 - - [02/Aug/2026:00:06:56 +0300] "GET /products/ichthyolatry708252?id=275 HTTP/1.1" 404 10981 "-" "Mozilla/5.0 (compatible; SemrushBot/7~bl; +http://www.semrush.com/bot.html)"
114.119.152.12 - - [02/Aug/2026:00:06:57 +0300] "GET /pregled-na-khazartnoto-zavedenie-crazy-fox-za-2026-g-igrayte-s-dobaven-bonus-100-ice-casino-vlizane-mobilno-protsenta-bezplatni-revolves/ HTTP/1.1" 200 4772 "https://www.egekobi.com/pregled-na-khazartnoto-zavedenie-crazy-fox-za-2026-g-igrayte-s-dobaven-bonus-100-ice-casino-vlizane-mobilno-protsenta-bezplatni-revolves/" "Mozilla/5.0 (Linux; Android 7.0;) AppleWebKit/537.36 (HTML, like Gecko) Mobile Safari/537.36 (compatible; PetalBot;+https://webmaster.petalsearch.com/site/petalbot)"
17.241.219.170 - - [02/Aug/2026:00:06:58 +0300] "GET /unlocking-secrets-the-psychology-of-winning-at-casinos/ HTTP/2.0" 200 4759 "-" "Mozilla/5.0 (Macintosh; Intel Mac OS X 10_15_7) AppleWebKit/605.1.15 (KHTML, like Gecko) Version/17.4 Safari/605.1.15 (Applebot/0.1; +http://www.apple.com/go/applebot)"
43.166.130.123 - - [02/Aug/2026:00:07:01 +0300] "GET / HTTP/1.1" 301 162 "-" "Mozilla/5.0 (iPhone; CPU iPhone OS 13_2_3 like Mac OS X) AppleWebKit/605.1.15 (KHTML, like Gecko) Version/13.0.3 Mobile/15E148 Safari/604.1"
185.191.171.14 - - [02/Aug/2026:00:07:02 +0300] "GET /products/beflannel326041?id=50 HTTP/1.1" 404 10977 "-" "Mozilla/5.0 (compatible; SemrushBot/7~bl; +http://www.semrush.com/bot.html)"
85.208.96.200 - - [02/Aug/2026:00:07:05 +0300] "GET /products/cuttoo269328?id=717 HTTP/1.1" 404 10974 "-" "Mozilla/5.0 (compatible; SemrushBot/7~bl; +http://www.semrush.com/bot.html)"
85.208.96.210 - - [02/Aug/2026:00:07:06 +0300] "GET /atmosfera-da-brivido-guida-alle-slot-halloween-su-destinazionemarche/ HTTP/1.1" 200 4772 "-" "Mozilla/5.0 (compatible; SemrushBot/7~bl; +http://www.semrush.com/bot.html)"
57.141.0.67 - - [02/Aug/2026:00:07:09 +0300] "GET /bevegelse-power-plant-1-bidrag-og-casino-thebes-free-spins-sign-up-bonus-las-vegas-as-well-as-beste-casinobonuser-hvordan-fals-du-addisjon-inni-bruce-choice-inni-norge-2025/ HTTP/2.0" 200 4759 "-" "Mozilla/5.0 (Windows NT 10.0; Win64; x64) AppleWebKit/537.36 (KHTML, like Gecko) Chrome/145.0.0.0 Safari/537.36 (compatible; meta-externalagent/1.1 (+https://developers.facebook.com/docs/sharing/webmasters/crawler))"
85.208.96.200 - - [02/Aug/2026:00:07:09 +0300] "GET /products/eocarboniferous1241688?id=920 HTTP/1.1" 404 10983 "-" "Mozilla/5.0 (compatible; SemrushBot/7~bl; +http://www.semrush.com/bot.html)"
85.208.96.207 - - [02/Aug/2026:00:07:15 +0300] "GET /products/monogenous1003686?id=765 HTTP/1.1" 404 10979 "-" "Mozilla/5.0 (compatible; SemrushBot/7~bl; +http://www.semrush.com/bot.html)"
57.141.0.46 - - [02/Aug/2026:00:07:18 +0300] "GET /eye-of-horus-jetzt-eye-of-horus-angeschlossen-auffuhren-within-aztec-goldt-kostenlose-80-spins-sunmaker/ HTTP/2.0" 200 4759 "-" "Mozilla/5.0 (Windows NT 10.0; Win64; x64) AppleWebKit/537.36 (KHTML, like Gecko) Chrome/145.0.0.0 Safari/537.36 (compatible; meta-externalagent/1.1 (+https://developers.facebook.com/docs/sharing/webmasters/crawler))"
